{"id":3888936,"date":"2026-04-04T00:49:35","date_gmt":"2026-04-03T22:49:35","guid":{"rendered":"https:\/\/streetmarkets.fr\/app\/produit\/rapha-maillot-pro-team-training-black\/"},"modified":"2026-05-16T00:49:35","modified_gmt":"2026-05-15T22:49:35","slug":"rapha-maillot-pro-team-training-black","status":"publish","type":"product","link":"https:\/\/streetmarkets.fr\/app\/produit\/rapha-maillot-pro-team-training-black\/","title":{"rendered":"Rapha Maillot Pro Team Training Black"},"content":{"rendered":"<p>Il s&#8217;agit l\u00e0 l&#8217;<span>excellence m\u00eame du maillot cycliste, pour vos sorties d\u2019entra\u00eenement, mais un juste cran au-dessus. Lorsque qu&#8217;un maillot est d\u00e9velopp\u00e9 avec les coureurs Pro de l&#8217;\u00e9quipe EF, \u00e7a ne rigole plus.<\/span><\/p>\n<p><span>Le Rapha Maillot Pro Team Training Violet Black est enti\u00e8rement r\u00e9actualis\u00e9, pour lui donner cet aspect moderne et structur\u00e9. Un relooking dont on appr\u00e9cie le style, mais o\u00f9 ses caract\u00e9ristiques techniques jouent un r\u00f4le essentiel tant dans sa respirabilit\u00e9, son confort et ses performances.\u00a0\u00a0<\/span><\/p>\n<p><span>A porter lors de temp\u00e9ratures douces et chaudes (18-32\u00b0c).<br \/>Pensez \u00e0 l&#8217;accompagner d&#8217;un maillot de corps \u00e0 manche courte ou sans manche.<\/span><\/p>\n","protected":false},"excerpt":{"rendered":"<p>Il s&#8217;agit l\u00e0 l&#8217;excellence m\u00eame du maillot cycliste, pour vos sorties d\u2019entra\u00eenement, mais un juste cran au-dessus. Lorsque qu&#8217;un maillot est d\u00e9velopp\u00e9 avec les coureurs Pro de l&#8217;\u00e9quipe EF, \u00e7a ne rigole plus. Le Rapha Maillot Pro Team Training Violet Black est enti\u00e8rement r\u00e9actualis\u00e9, pour lui donner cet aspect moderne et structur\u00e9. Un relooking dont [&hellip;]<\/p>\n","protected":false},"featured_media":3888937,"comment_status":"open","ping_status":"closed","template":"","meta":[],"product_brand":[],"product_cat":[],"product_tag":[],"acf":[],"_links":{"self":[{"href":"https:\/\/streetmarkets.fr\/app\/wp-json\/wp\/v2\/product\/3888936"}],"collection":[{"href":"https:\/\/streetmarkets.fr\/app\/wp-json\/wp\/v2\/product"}],"about":[{"href":"https:\/\/streetmarkets.fr\/app\/wp-json\/wp\/v2\/types\/product"}],"replies":[{"embeddable":true,"href":"https:\/\/streetmarkets.fr\/app\/wp-json\/wp\/v2\/comments?post=3888936"}],"wp:featuredmedia":[{"embeddable":true,"href":"https:\/\/streetmarkets.fr\/app\/wp-json\/wp\/v2\/media\/3888937"}],"wp:attachment":[{"href":"https:\/\/streetmarkets.fr\/app\/wp-json\/wp\/v2\/media?parent=3888936"}],"wp:term":[{"taxonomy":"product_brand","embeddable":true,"href":"https:\/\/streetmarkets.fr\/app\/wp-json\/wp\/v2\/product_brand?post=3888936"},{"taxonomy":"product_cat","embeddable":true,"href":"https:\/\/streetmarkets.fr\/app\/wp-json\/wp\/v2\/product_cat?post=3888936"},{"taxonomy":"product_tag","embeddable":true,"href":"https:\/\/streetmarkets.fr\/app\/wp-json\/wp\/v2\/product_tag?post=3888936"}],"curies":[{"name":"wp","href":"https:\/\/api.w.org\/{rel}","templated":true}]}}