{"id":3888931,"date":"2026-04-04T00:49:35","date_gmt":"2026-04-03T22:49:35","guid":{"rendered":"https:\/\/streetmarkets.fr\/app\/produit\/rapha-maillot-pro-team-long-sleeve-lightweight-titan-carbon\/"},"modified":"2026-05-13T00:49:30","modified_gmt":"2026-05-12T22:49:30","slug":"rapha-maillot-pro-team-long-sleeve-lightweight-titan-carbon","status":"publish","type":"product","link":"https:\/\/streetmarkets.fr\/app\/produit\/rapha-maillot-pro-team-long-sleeve-lightweight-titan-carbon\/","title":{"rendered":"Rapha Maillot Pro Team Long Sleeve Lightweight Titan Carbon"},"content":{"rendered":"<p>Le Rapha Maillot Pro Team Long Sleeve Lightweight Titan Carbon a \u00e9t\u00e9 con\u00e7u pour \u00eatre polyvalent et adapt\u00e9 aux superpositions en toute saison, ce maillot d\u2019entra\u00eenement est le choix privil\u00e9gi\u00e9 des athl\u00e8tes et \u00e9quipes de haut niveau chez Rapha.<span><\/p>\n<p>Le tissu italien tr\u00e8s extensible offre un ajustement optimal en position cycliste.\u00a0La conception bi-mati\u00e8re offre une protection l\u00e9g\u00e8re et une grande respirabilit\u00e9.<\/p>\n<p> il incarne l\u2019excellence sur chaque sortie.<br \/><\/span><\/p>\n","protected":false},"excerpt":{"rendered":"<p>Le Rapha Maillot Pro Team Long Sleeve Lightweight Titan Carbon a \u00e9t\u00e9 con\u00e7u pour \u00eatre polyvalent et adapt\u00e9 aux superpositions en toute saison, ce maillot d\u2019entra\u00eenement est le choix privil\u00e9gi\u00e9 des athl\u00e8tes et \u00e9quipes de haut niveau chez Rapha. Le tissu italien tr\u00e8s extensible offre un ajustement optimal en position cycliste.\u00a0La conception bi-mati\u00e8re offre une [&hellip;]<\/p>\n","protected":false},"featured_media":3888932,"comment_status":"open","ping_status":"closed","template":"","meta":[],"product_brand":[],"product_cat":[],"product_tag":[],"acf":[],"_links":{"self":[{"href":"https:\/\/streetmarkets.fr\/app\/wp-json\/wp\/v2\/product\/3888931"}],"collection":[{"href":"https:\/\/streetmarkets.fr\/app\/wp-json\/wp\/v2\/product"}],"about":[{"href":"https:\/\/streetmarkets.fr\/app\/wp-json\/wp\/v2\/types\/product"}],"replies":[{"embeddable":true,"href":"https:\/\/streetmarkets.fr\/app\/wp-json\/wp\/v2\/comments?post=3888931"}],"wp:featuredmedia":[{"embeddable":true,"href":"https:\/\/streetmarkets.fr\/app\/wp-json\/wp\/v2\/media\/3888932"}],"wp:attachment":[{"href":"https:\/\/streetmarkets.fr\/app\/wp-json\/wp\/v2\/media?parent=3888931"}],"wp:term":[{"taxonomy":"product_brand","embeddable":true,"href":"https:\/\/streetmarkets.fr\/app\/wp-json\/wp\/v2\/product_brand?post=3888931"},{"taxonomy":"product_cat","embeddable":true,"href":"https:\/\/streetmarkets.fr\/app\/wp-json\/wp\/v2\/product_cat?post=3888931"},{"taxonomy":"product_tag","embeddable":true,"href":"https:\/\/streetmarkets.fr\/app\/wp-json\/wp\/v2\/product_tag?post=3888931"}],"curies":[{"name":"wp","href":"https:\/\/api.w.org\/{rel}","templated":true}]}}