{"id":3888777,"date":"2026-04-04T00:49:13","date_gmt":"2026-04-03T22:49:13","guid":{"rendered":"https:\/\/streetmarkets.fr\/app\/produit\/vans-t-shirt-flying-v-powder-pink-fille\/"},"modified":"2026-05-06T00:49:12","modified_gmt":"2026-05-05T22:49:12","slug":"vans-t-shirt-flying-v-powder-pink-fille","status":"publish","type":"product","link":"https:\/\/streetmarkets.fr\/app\/produit\/vans-t-shirt-flying-v-powder-pink-fille\/","title":{"rendered":"Vans t-shirt Flying V Powder Pink fille"},"content":{"rendered":"<p>Le Vans t-shirt Flying V Powder Pink enfant est un mod\u00e8le pour fille en jersey 100% coton l\u00e9ger. Il est dot\u00e9 d\u2019un col ras du cou et du logo Vans classique \u00e0 l\u2019avant.<\/p>\n","protected":false},"excerpt":{"rendered":"<p>Le Vans t-shirt Flying V Powder Pink enfant est un mod\u00e8le pour fille en jersey 100% coton l\u00e9ger. Il est dot\u00e9 d\u2019un col ras du cou et du logo Vans classique \u00e0 l\u2019avant.<\/p>\n","protected":false},"featured_media":3888778,"comment_status":"open","ping_status":"closed","template":"","meta":[],"product_brand":[7138],"product_cat":[],"product_tag":[],"acf":[],"_links":{"self":[{"href":"https:\/\/streetmarkets.fr\/app\/wp-json\/wp\/v2\/product\/3888777"}],"collection":[{"href":"https:\/\/streetmarkets.fr\/app\/wp-json\/wp\/v2\/product"}],"about":[{"href":"https:\/\/streetmarkets.fr\/app\/wp-json\/wp\/v2\/types\/product"}],"replies":[{"embeddable":true,"href":"https:\/\/streetmarkets.fr\/app\/wp-json\/wp\/v2\/comments?post=3888777"}],"wp:featuredmedia":[{"embeddable":true,"href":"https:\/\/streetmarkets.fr\/app\/wp-json\/wp\/v2\/media\/3888778"}],"wp:attachment":[{"href":"https:\/\/streetmarkets.fr\/app\/wp-json\/wp\/v2\/media?parent=3888777"}],"wp:term":[{"taxonomy":"product_brand","embeddable":true,"href":"https:\/\/streetmarkets.fr\/app\/wp-json\/wp\/v2\/product_brand?post=3888777"},{"taxonomy":"product_cat","embeddable":true,"href":"https:\/\/streetmarkets.fr\/app\/wp-json\/wp\/v2\/product_cat?post=3888777"},{"taxonomy":"product_tag","embeddable":true,"href":"https:\/\/streetmarkets.fr\/app\/wp-json\/wp\/v2\/product_tag?post=3888777"}],"curies":[{"name":"wp","href":"https:\/\/api.w.org\/{rel}","templated":true}]}}