{"id":3888668,"date":"2026-04-04T00:48:44","date_gmt":"2026-04-03T22:48:44","guid":{"rendered":"https:\/\/streetmarkets.fr\/app\/produit\/izipizi-cordon-a-lunettes-sport\/"},"modified":"2026-05-16T00:48:52","modified_gmt":"2026-05-15T22:48:52","slug":"izipizi-cordon-a-lunettes-sport","status":"publish","type":"product","link":"https:\/\/streetmarkets.fr\/app\/produit\/izipizi-cordon-a-lunettes-sport\/","title":{"rendered":"Izipizi Cordon \u00e0 Lunettes Sport"},"content":{"rendered":"<p>Le Izipizi Cordon \u00e0 Lunettes Sport est un cordon pour vos lunettes de sport, <span>ajustable assurant le maintien de vos lunettes pendant l\u2019effort et apr\u00e8s. <\/span><\/p>\n<p><span>Fabriqu\u00e9 en biopr\u00e8ne (By So\u00f6ruz) \u00e0 65% \u00e0 base de plastique biosourc\u00e9.<\/span><\/p>\n","protected":false},"excerpt":{"rendered":"<p>Le Izipizi Cordon \u00e0 Lunettes Sport est un cordon pour vos lunettes de sport, ajustable assurant le maintien de vos lunettes pendant l\u2019effort et apr\u00e8s. Fabriqu\u00e9 en biopr\u00e8ne (By So\u00f6ruz) \u00e0 65% \u00e0 base de plastique biosourc\u00e9.<\/p>\n","protected":false},"featured_media":3888669,"comment_status":"open","ping_status":"closed","template":"","meta":[],"product_brand":[7129],"product_cat":[],"product_tag":[],"acf":[],"_links":{"self":[{"href":"https:\/\/streetmarkets.fr\/app\/wp-json\/wp\/v2\/product\/3888668"}],"collection":[{"href":"https:\/\/streetmarkets.fr\/app\/wp-json\/wp\/v2\/product"}],"about":[{"href":"https:\/\/streetmarkets.fr\/app\/wp-json\/wp\/v2\/types\/product"}],"replies":[{"embeddable":true,"href":"https:\/\/streetmarkets.fr\/app\/wp-json\/wp\/v2\/comments?post=3888668"}],"wp:featuredmedia":[{"embeddable":true,"href":"https:\/\/streetmarkets.fr\/app\/wp-json\/wp\/v2\/media\/3888669"}],"wp:attachment":[{"href":"https:\/\/streetmarkets.fr\/app\/wp-json\/wp\/v2\/media?parent=3888668"}],"wp:term":[{"taxonomy":"product_brand","embeddable":true,"href":"https:\/\/streetmarkets.fr\/app\/wp-json\/wp\/v2\/product_brand?post=3888668"},{"taxonomy":"product_cat","embeddable":true,"href":"https:\/\/streetmarkets.fr\/app\/wp-json\/wp\/v2\/product_cat?post=3888668"},{"taxonomy":"product_tag","embeddable":true,"href":"https:\/\/streetmarkets.fr\/app\/wp-json\/wp\/v2\/product_tag?post=3888668"}],"curies":[{"name":"wp","href":"https:\/\/api.w.org\/{rel}","templated":true}]}}