{"id":3888614,"date":"2026-04-04T00:42:20","date_gmt":"2026-04-03T22:42:20","guid":{"rendered":"https:\/\/streetmarkets.fr\/app\/produit\/bacchus-parka-doublee-en-laine\/"},"modified":"2026-05-09T00:42:30","modified_gmt":"2026-05-08T22:42:30","slug":"bacchus-parka-doublee-en-laine","status":"publish","type":"product","link":"https:\/\/streetmarkets.fr\/app\/produit\/bacchus-parka-doublee-en-laine\/","title":{"rendered":"Bacchus, parka doubl\u00e9e en laine"},"content":{"rendered":"<p>Bacchus, parka doubl\u00e9e en laine<\/p>\n<p style=\"text-align:justify\">Bacchus, parka doubl\u00e9e en laineLa parka doubl\u00e9e Bacchus de la Maison Le Glazik.<\/p>\n<p style=\"text-align:justify\">Parka en drap de laine marine, d\u00e9perlante, qui vous prot\u00e9gera du vent, de la pluie, et tout simplement du froid durant vos sorties d&#8217;hiver.<\/p>\n<p style=\"text-align:justify\">La parka poss\u00e8de deux poches plaqu\u00e9es , deux poches poitrines passepoil\u00e9es pour prot\u00e9ger ses mains du froid et deux poches int\u00e9rieures zipp\u00e9es, et en plus une patte de protection de la fermeture zip.<\/p>\n<p style=\"text-align:justify\">Coupe classique elle permet d&#8217;avoir un manteau fonctionnel et de qualit\u00e9 qui rappelle les pardessus marins que Le Glazik fabriquait dans les ann\u00e9es 30.<\/p>\n<p style=\"text-align:justify\">\n<h3>Composition<\/h3>\n<p>80% Laine<br \/>20% Polyamide<\/p>\n<p>Drap imperm\u00e9abilis\u00e9<\/p>\n<p>Doublure : 100% polyester<\/p>\n","protected":false},"excerpt":{"rendered":"<p>Bacchus, parka doubl\u00e9e en laine Bacchus, parka doubl\u00e9e en laineLa parka doubl\u00e9e Bacchus de la Maison Le Glazik. Parka en drap de laine marine, d\u00e9perlante, qui vous prot\u00e9gera du vent, de la pluie, et tout simplement du froid durant vos sorties d&#8217;hiver. La parka poss\u00e8de deux poches plaqu\u00e9es , deux poches poitrines passepoil\u00e9es pour prot\u00e9ger [&hellip;]<\/p>\n","protected":false},"featured_media":3888615,"comment_status":"open","ping_status":"closed","template":"","meta":[],"product_brand":[],"product_cat":[],"product_tag":[],"acf":[],"_links":{"self":[{"href":"https:\/\/streetmarkets.fr\/app\/wp-json\/wp\/v2\/product\/3888614"}],"collection":[{"href":"https:\/\/streetmarkets.fr\/app\/wp-json\/wp\/v2\/product"}],"about":[{"href":"https:\/\/streetmarkets.fr\/app\/wp-json\/wp\/v2\/types\/product"}],"replies":[{"embeddable":true,"href":"https:\/\/streetmarkets.fr\/app\/wp-json\/wp\/v2\/comments?post=3888614"}],"wp:featuredmedia":[{"embeddable":true,"href":"https:\/\/streetmarkets.fr\/app\/wp-json\/wp\/v2\/media\/3888615"}],"wp:attachment":[{"href":"https:\/\/streetmarkets.fr\/app\/wp-json\/wp\/v2\/media?parent=3888614"}],"wp:term":[{"taxonomy":"product_brand","embeddable":true,"href":"https:\/\/streetmarkets.fr\/app\/wp-json\/wp\/v2\/product_brand?post=3888614"},{"taxonomy":"product_cat","embeddable":true,"href":"https:\/\/streetmarkets.fr\/app\/wp-json\/wp\/v2\/product_cat?post=3888614"},{"taxonomy":"product_tag","embeddable":true,"href":"https:\/\/streetmarkets.fr\/app\/wp-json\/wp\/v2\/product_tag?post=3888614"}],"curies":[{"name":"wp","href":"https:\/\/api.w.org\/{rel}","templated":true}]}}