{"id":3873315,"date":"2026-03-31T02:00:39","date_gmt":"2026-03-31T00:00:39","guid":{"rendered":"https:\/\/streetmarkets.fr\/app\/produit\/goldwin-wf-light-t-shirt-arid-beige\/"},"modified":"2026-05-11T02:03:38","modified_gmt":"2026-05-11T00:03:38","slug":"goldwin-wf-light-t-shirt-arid-beige","status":"publish","type":"product","link":"https:\/\/streetmarkets.fr\/app\/produit\/goldwin-wf-light-t-shirt-arid-beige\/","title":{"rendered":"GOLDWIN WF Light T-shirt Arid Beige"},"content":{"rendered":"<p><b>Cr\u00e9ateur :<\/b> GOLDWIN, Japan<\/p>\n<p><b>Detail : <\/b>Tee shirt confectionn\u00e9e dans un tissu thermique \u00e0 la fois volumineux et l\u00e9ger. Fabriqu\u00e9e en mati\u00e8re SOLOTEX\u00ae offrant d&rsquo;excellentes propri\u00e9t\u00e9s de r\u00e9silience ainsi que d&rsquo;\u00e9vacuation de la transpiration et de s\u00e9chage rapide. Le tissu est \u00e9galement r\u00e9sistant aux plis et facile d&rsquo;entretien.<\/p>\n<p>Protection UV durable, test\u00e9e selon la norme AS\/NZS 4399, la norme australienne\/n\u00e9o-z\u00e9landaise pour les v\u00eatements de protection solaire, efficace sous un fort ensoleillement.<\/p>\n<p>Design simple avec le logo Goldwin brod\u00e9 sur la manche gauche.<\/p>\n<p>Trait\u00e9e avec le Polygiene StayFresh antibact\u00e9rien et d\u00e9sodorisant pour la protection contre les odeurs.<\/p>\n<p>Une partie du fil recycl\u00e9 est utilis\u00e9e afin de r\u00e9duire l&rsquo;impact sur l&rsquo;environnement.<\/p>\n<p>54 % polyester, 46 % \u00e9lastr\u00e8ne-p<br \/>\n100 % polyester<\/p>\n<div class=\"metafield\"><\/div>\n<p><b><\/b>Code : GL65143<\/p>\n<p class=\"tw-data-text tw-text-large tw-ta\" dir=\"ltr\" data-placeholder=\"Traduction\" data-ved=\"2ahUKEwiYw8Sx8KuJAxX_VqQEHWAxCHIQ3ewLegQIAxAU\" aria-label=\"Texte traduit\u00a0: Trousers made from stretch material, 100% polyester. It retains its shape without risk of creasing. Stretching without polyurethane makes the material more resistant to wear. Treated with a water-resistant coating to withstand light rain. The right side pocket has an interior security pocket. The back pockets are positioned to highlight the curved line of the yoke that runs along the hip line.\"><em><span class=\"Y2IQFc\" lang=\"en\">Detail : <\/span><span class=\"Y2IQFc\" lang=\"en\">T-shirt made from a thermal fabric that is both voluminous and lightweight. Made with SOLOTEX\u00ae material, offering excellent resilience, moisture-wicking properties, and quick-drying properties. The fabric is also wrinkle-resistant and easy to care for. Durable UV protection, tested to AS\/NZS 4399, the Australian\/New Zealand standard for sun-protective clothing, effective in strong sunlight. Simple design with the Goldwin logo embroidered on the left sleeve. Treated with Polygiene StayFresh antibacterial and deodorizing for odor protection. A portion of the yarn is recycled to reduce environmental impact.<\/span><\/em><\/p>\n","protected":false},"excerpt":{"rendered":"<p>Cr\u00e9ateur : GOLDWIN, Japan Detail : Tee shirt confectionn\u00e9e dans un tissu thermique \u00e0 la fois volumineux et l\u00e9ger. Fabriqu\u00e9e en mati\u00e8re SOLOTEX\u00ae offrant d&rsquo;excellentes propri\u00e9t\u00e9s de r\u00e9silience ainsi que d&rsquo;\u00e9vacuation de la transpiration et de s\u00e9chage rapide. Le tissu est \u00e9galement r\u00e9sistant aux plis et facile d&rsquo;entretien. Protection UV durable, test\u00e9e selon la norme [&hellip;]<\/p>\n","protected":false},"featured_media":3873316,"comment_status":"open","ping_status":"closed","template":"","meta":[],"product_brand":[],"product_cat":[],"product_tag":[],"acf":[],"_links":{"self":[{"href":"https:\/\/streetmarkets.fr\/app\/wp-json\/wp\/v2\/product\/3873315"}],"collection":[{"href":"https:\/\/streetmarkets.fr\/app\/wp-json\/wp\/v2\/product"}],"about":[{"href":"https:\/\/streetmarkets.fr\/app\/wp-json\/wp\/v2\/types\/product"}],"replies":[{"embeddable":true,"href":"https:\/\/streetmarkets.fr\/app\/wp-json\/wp\/v2\/comments?post=3873315"}],"wp:featuredmedia":[{"embeddable":true,"href":"https:\/\/streetmarkets.fr\/app\/wp-json\/wp\/v2\/media\/3873316"}],"wp:attachment":[{"href":"https:\/\/streetmarkets.fr\/app\/wp-json\/wp\/v2\/media?parent=3873315"}],"wp:term":[{"taxonomy":"product_brand","embeddable":true,"href":"https:\/\/streetmarkets.fr\/app\/wp-json\/wp\/v2\/product_brand?post=3873315"},{"taxonomy":"product_cat","embeddable":true,"href":"https:\/\/streetmarkets.fr\/app\/wp-json\/wp\/v2\/product_cat?post=3873315"},{"taxonomy":"product_tag","embeddable":true,"href":"https:\/\/streetmarkets.fr\/app\/wp-json\/wp\/v2\/product_tag?post=3873315"}],"curies":[{"name":"wp","href":"https:\/\/api.w.org\/{rel}","templated":true}]}}