{"id":3855322,"date":"2026-03-27T07:40:51","date_gmt":"2026-03-27T06:40:51","guid":{"rendered":"https:\/\/streetmarkets.fr\/app\/produit\/collier-jungle-sigal\/"},"modified":"2026-05-12T08:40:18","modified_gmt":"2026-05-12T06:40:18","slug":"collier-jungle-sigal","status":"publish","type":"product","link":"https:\/\/streetmarkets.fr\/app\/produit\/collier-jungle-sigal\/","title":{"rendered":"Collier Jungle &#8211; Sigal"},"content":{"rendered":"<p><span>Collier r\u00e9glable compos\u00e9 de perles dor\u00e9es et argent\u00e9es avec oxydes de zirconium sur une monture structur\u00e9e.<\/span><\/p>\n<p><span><\/span>Finition : Plaqu\u00e9 or 24 carats<\/p>\n<p>Fabriqu\u00e9 en atelier en France<\/p>\n","protected":false},"excerpt":{"rendered":"<p>Collier r\u00e9glable compos\u00e9 de perles dor\u00e9es et argent\u00e9es avec oxydes de zirconium sur une monture structur\u00e9e. Finition : Plaqu\u00e9 or 24 carats Fabriqu\u00e9 en atelier en France<\/p>\n","protected":false},"featured_media":3855323,"comment_status":"open","ping_status":"closed","template":"","meta":[],"product_brand":[],"product_cat":[],"product_tag":[],"acf":[],"_links":{"self":[{"href":"https:\/\/streetmarkets.fr\/app\/wp-json\/wp\/v2\/product\/3855322"}],"collection":[{"href":"https:\/\/streetmarkets.fr\/app\/wp-json\/wp\/v2\/product"}],"about":[{"href":"https:\/\/streetmarkets.fr\/app\/wp-json\/wp\/v2\/types\/product"}],"replies":[{"embeddable":true,"href":"https:\/\/streetmarkets.fr\/app\/wp-json\/wp\/v2\/comments?post=3855322"}],"wp:featuredmedia":[{"embeddable":true,"href":"https:\/\/streetmarkets.fr\/app\/wp-json\/wp\/v2\/media\/3855323"}],"wp:attachment":[{"href":"https:\/\/streetmarkets.fr\/app\/wp-json\/wp\/v2\/media?parent=3855322"}],"wp:term":[{"taxonomy":"product_brand","embeddable":true,"href":"https:\/\/streetmarkets.fr\/app\/wp-json\/wp\/v2\/product_brand?post=3855322"},{"taxonomy":"product_cat","embeddable":true,"href":"https:\/\/streetmarkets.fr\/app\/wp-json\/wp\/v2\/product_cat?post=3855322"},{"taxonomy":"product_tag","embeddable":true,"href":"https:\/\/streetmarkets.fr\/app\/wp-json\/wp\/v2\/product_tag?post=3855322"}],"curies":[{"name":"wp","href":"https:\/\/api.w.org\/{rel}","templated":true}]}}