{"id":3855182,"date":"2026-03-27T02:32:21","date_gmt":"2026-03-27T01:32:21","guid":{"rendered":"https:\/\/streetmarkets.fr\/app\/produit\/porte-cle-pocket-penguin-de-ottmar-horl-pingouin-de-poche\/"},"modified":"2026-05-10T03:32:30","modified_gmt":"2026-05-10T01:32:30","slug":"porte-cle-pocket-penguin-de-ottmar-horl-pingouin-de-poche","status":"publish","type":"product","link":"https:\/\/streetmarkets.fr\/app\/produit\/porte-cle-pocket-penguin-de-ottmar-horl-pingouin-de-poche\/","title":{"rendered":"Porte cl\u00e9 Pocket Penguin de Ottmar H\u00f6rl &#8211; Pingouin de poche"},"content":{"rendered":"<h2>Porte Cl\u00e9 Pocket Penguin &#8211; Ottmar H\u00f6rl<\/h2>\n<p>Apportez une touche artistique \u00e0 votre quotidien avec le porte-cl\u00e9s Pocket Penguin d&#8217;Ottmar H\u00f6rl. R\u00e9alis\u00e9 en PVC souple, ce pingouin de poche est l&#8217;accessoire id\u00e9al pour garder vos cl\u00e9s en s\u00e9curit\u00e9 tout en affichant votre amour pour l&#8217;art contemporain. Avec son design unique et la signature de H\u00f6rl grav\u00e9e, c&#8217;est un petit clin d&#8217;\u0153il \u00e0 l&#8217;art qui vous accompagnera partout.<\/p>\n<p>Si vous aimez ce porte-cl\u00e9s, jetez un \u0153il au <a href=\"https:\/\/the-woods.fr\/products\/porte-cle-sponti-to-go-de-ottmar-horl-nain-de-jardin-doigt-dhonneur-the-woods-gallery\">porte-cl\u00e9s Sponti to go<\/a> pour encore plus d&#8217;originalit\u00e9.<\/p>\n<h3>\u00c0 propos de Ottmar H\u00f6rl<\/h3>\n<p>Ottmar H\u00f6rl est un artiste pluridisciplinaire allemand, reconnu internationalement pour son style avant-gardiste et sa volont\u00e9 d&#8217;engager des projets de grande envergure. Il cherche \u00e0 rendre l&#8217;art accessible \u00e0 tous, notamment \u00e0 travers des installations monumentales expos\u00e9es dans des espaces publics. H\u00f6rl est \u00e9galement l&#8217;un des membres fondateurs de l&#8217;Acad\u00e9mie de Nuremberg et du groupe de design et d&#8217;art Fomalhaut.<\/p>\n<h3>Caract\u00e9ristiques du produit<\/h3>\n<ul>\n<li>Artiste : Ottmar H\u00f6rl<\/li>\n<li>Marque : Ottmar H\u00f6rl<\/li>\n<li>Coloris : noir ou blanc<\/li>\n<li>Mat\u00e9riau : soft PVC<\/li>\n<li>Dimensions : 7,5 cm x 3 cm x 3 cm<\/li>\n<\/ul>\n","protected":false},"excerpt":{"rendered":"<p>Porte Cl\u00e9 Pocket Penguin &#8211; Ottmar H\u00f6rl Apportez une touche artistique \u00e0 votre quotidien avec le porte-cl\u00e9s Pocket Penguin d&#8217;Ottmar H\u00f6rl. R\u00e9alis\u00e9 en PVC souple, ce pingouin de poche est l&#8217;accessoire id\u00e9al pour garder vos cl\u00e9s en s\u00e9curit\u00e9 tout en affichant votre amour pour l&#8217;art contemporain. Avec son design unique et la signature de H\u00f6rl [&hellip;]<\/p>\n","protected":false},"featured_media":3855183,"comment_status":"open","ping_status":"closed","template":"","meta":[],"product_brand":[],"product_cat":[],"product_tag":[],"acf":[],"_links":{"self":[{"href":"https:\/\/streetmarkets.fr\/app\/wp-json\/wp\/v2\/product\/3855182"}],"collection":[{"href":"https:\/\/streetmarkets.fr\/app\/wp-json\/wp\/v2\/product"}],"about":[{"href":"https:\/\/streetmarkets.fr\/app\/wp-json\/wp\/v2\/types\/product"}],"replies":[{"embeddable":true,"href":"https:\/\/streetmarkets.fr\/app\/wp-json\/wp\/v2\/comments?post=3855182"}],"wp:featuredmedia":[{"embeddable":true,"href":"https:\/\/streetmarkets.fr\/app\/wp-json\/wp\/v2\/media\/3855183"}],"wp:attachment":[{"href":"https:\/\/streetmarkets.fr\/app\/wp-json\/wp\/v2\/media?parent=3855182"}],"wp:term":[{"taxonomy":"product_brand","embeddable":true,"href":"https:\/\/streetmarkets.fr\/app\/wp-json\/wp\/v2\/product_brand?post=3855182"},{"taxonomy":"product_cat","embeddable":true,"href":"https:\/\/streetmarkets.fr\/app\/wp-json\/wp\/v2\/product_cat?post=3855182"},{"taxonomy":"product_tag","embeddable":true,"href":"https:\/\/streetmarkets.fr\/app\/wp-json\/wp\/v2\/product_tag?post=3855182"}],"curies":[{"name":"wp","href":"https:\/\/api.w.org\/{rel}","templated":true}]}}