{"id":3849370,"date":"2026-03-27T00:01:26","date_gmt":"2026-03-26T23:01:26","guid":{"rendered":"https:\/\/streetmarkets.fr\/app\/produit\/pull-rietto-vert\/"},"modified":"2026-05-03T01:00:44","modified_gmt":"2026-05-02T23:00:44","slug":"pull-rietto-vert","status":"publish","type":"product","link":"https:\/\/streetmarkets.fr\/app\/produit\/pull-rietto-vert\/","title":{"rendered":"Pull Rietto Vert"},"content":{"rendered":"<p>Pull Rietto Vert : Une maille douce aux d\u00e9tails bien pens\u00e9s !\u00a0<br \/>Avec ce pull on mise sur une pi\u00e8ce confortable, travaill\u00e9e jusque dans les finitions, et une composition laine et alpaga qui nous garantie de rester au chaud.\u00a0<br \/>On aime particuli\u00e8rement son encolure ronde et ses manches longues et sa couleur pep&#8217;s.<br \/><span style=\"font-family: -apple-system, BlinkMacSystemFont, 'San Francisco', 'Segoe UI', Roboto, 'Helvetica Neue', sans-serif;font-size: 0.875rem\">Le motif ajour\u00e9 donne du relief et de la l\u00e9g\u00e8ret\u00e9 \u00e0 l\u2019ensemble. Les finitions c\u00f4tel\u00e9es fines au col et aux manches structurent la silhouette, et les finitions ondul\u00e9es viennent ajouter un d\u00e9tail subtil qu\u2019on remarque au fil des mouvements. <br \/>\u00c0 l\u2019arri\u00e8re, une fermeture boutonn\u00e9e au niveau du col cr\u00e9e une ouverture en forme de goutte, discr\u00e8te mais pleine de charme.<\/span><\/p>\n<p>Le d\u00e9tail qu\u2019on aime observer :\u00a0L\u2019ouverture en forme de goutte au dos, cr\u00e9\u00e9e par le bouton, qui apporte une note graphique et l\u00e9g\u00e8re.<\/p>\n","protected":false},"excerpt":{"rendered":"<p>Pull Rietto Vert : Une maille douce aux d\u00e9tails bien pens\u00e9s !\u00a0Avec ce pull on mise sur une pi\u00e8ce confortable, travaill\u00e9e jusque dans les finitions, et une composition laine et alpaga qui nous garantie de rester au chaud.\u00a0On aime particuli\u00e8rement son encolure ronde et ses manches longues et sa couleur pep&#8217;s.Le motif ajour\u00e9 donne du [&hellip;]<\/p>\n","protected":false},"featured_media":3849371,"comment_status":"open","ping_status":"closed","template":"","meta":[],"product_brand":[],"product_cat":[],"product_tag":[],"acf":[],"_links":{"self":[{"href":"https:\/\/streetmarkets.fr\/app\/wp-json\/wp\/v2\/product\/3849370"}],"collection":[{"href":"https:\/\/streetmarkets.fr\/app\/wp-json\/wp\/v2\/product"}],"about":[{"href":"https:\/\/streetmarkets.fr\/app\/wp-json\/wp\/v2\/types\/product"}],"replies":[{"embeddable":true,"href":"https:\/\/streetmarkets.fr\/app\/wp-json\/wp\/v2\/comments?post=3849370"}],"wp:featuredmedia":[{"embeddable":true,"href":"https:\/\/streetmarkets.fr\/app\/wp-json\/wp\/v2\/media\/3849371"}],"wp:attachment":[{"href":"https:\/\/streetmarkets.fr\/app\/wp-json\/wp\/v2\/media?parent=3849370"}],"wp:term":[{"taxonomy":"product_brand","embeddable":true,"href":"https:\/\/streetmarkets.fr\/app\/wp-json\/wp\/v2\/product_brand?post=3849370"},{"taxonomy":"product_cat","embeddable":true,"href":"https:\/\/streetmarkets.fr\/app\/wp-json\/wp\/v2\/product_cat?post=3849370"},{"taxonomy":"product_tag","embeddable":true,"href":"https:\/\/streetmarkets.fr\/app\/wp-json\/wp\/v2\/product_tag?post=3849370"}],"curies":[{"name":"wp","href":"https:\/\/api.w.org\/{rel}","templated":true}]}}