{"id":3849278,"date":"2026-03-27T00:01:19","date_gmt":"2026-03-26T23:01:19","guid":{"rendered":"https:\/\/streetmarkets.fr\/app\/produit\/foulard-liberte-fuchsia\/"},"modified":"2026-05-05T01:00:49","modified_gmt":"2026-05-04T23:00:49","slug":"foulard-liberte-fuchsia","status":"publish","type":"product","link":"https:\/\/streetmarkets.fr\/app\/produit\/foulard-liberte-fuchsia\/","title":{"rendered":"Foulard Libert\u00e9 Fuchsia"},"content":{"rendered":"<div class=\"markdown prose dark:prose-invert w-full wrap-break-word light markdown-new-styling\">Foulard Libert\u00e9 Fuchsia : Le carr\u00e9 qui donne des ailes a notre look !\u00a0<br \/>Avec ses teintes solaires et son motif colombe, ce foulard Libert\u00e9 donne imm\u00e9diatement une sensation de l\u00e9g\u00e8ret\u00e9 . Au centre, une colombe entour\u00e9e de motifs v\u00e9g\u00e9taux \u00e9crus se d\u00e9tache sur un fond fuchsia, pour \u00a0un contraste graphique qui attire l\u2019\u0153il.<\/div>\n<div class=\"markdown prose dark:prose-invert w-full wrap-break-word light markdown-new-styling\"><\/div>\n<div class=\"markdown prose dark:prose-invert w-full wrap-break-word light markdown-new-styling\">Autour du motif central, deux encadrements structurent le dessin : un premier cadre aux rayures bleu ciel, puis un second cadre ros\u00e9 qui vient adoucir l\u2019ensemble. Ce jeu de couleurs donne au foulard une composition pleine d\u2019\u00e9nergie.<\/div>\n<div class=\"markdown prose dark:prose-invert w-full wrap-break-word light markdown-new-styling\"><\/div>\n<div class=\"markdown prose dark:prose-invert w-full wrap-break-word light markdown-new-styling\">Confectionn\u00e9 en voile de coton, il est l\u00e9ger, doux et agr\u00e9able \u00e0 porter, parfait pour accompagner les journ\u00e9es ensoleill\u00e9es. Nou\u00e9 autour du cou, dans les cheveux, au poignet ou m\u00eame sur l\u2019anse d\u2019un sac, ce carr\u00e9 de 85 \u00d7 85 cm se pr\u00eate \u00e0 de nombreuses fa\u00e7ons de le porter.<\/div>\n<div class=\"markdown prose dark:prose-invert w-full wrap-break-word light markdown-new-styling\"><\/div>\n<div class=\"markdown prose dark:prose-invert w-full wrap-break-word light markdown-new-styling\">Imprim\u00e9 et confectionn\u00e9 en Inde, ce foulard associe un motif symbolique de libert\u00e9 et de l\u00e9g\u00e8ret\u00e9 \u00e0 une mati\u00e8re naturelle et facile \u00e0 vivre.<\/div>\n<div class=\"markdown prose dark:prose-invert w-full wrap-break-word light markdown-new-styling\"><\/div>\n<div class=\"markdown prose dark:prose-invert w-full wrap-break-word light markdown-new-styling\">Pourquoi on l\u2019adopte :<\/p>\n<ul data-start=\"1082\" data-end=\"1297\">\n<li data-start=\"1082\" data-end=\"1129\">son motif colombe entour\u00e9 de feuillages<\/li>\n<li data-start=\"1130\" data-end=\"1162\">le fond fuchsia ultra lumineux<\/li>\n<li data-start=\"1163\" data-end=\"1219\">les encadrements rayures bleu ciel et cadre ros\u00e9<\/li>\n<li data-start=\"1220\" data-end=\"1263\">sa mati\u00e8re l\u00e9g\u00e8re en voile de coton<\/li>\n<li data-start=\"1264\" data-end=\"1297\">son format carr\u00e9 85 \u00d7 85 cm<\/li>\n<\/ul>\n<\/div>\n<div class=\"markdown prose dark:prose-invert w-full wrap-break-word light markdown-new-styling\">\n<br \/>Le d\u00e9tail qu\u2019on adore : Un foulard color\u00e9 et a\u00e9rien qui transforme instantan\u00e9ment une tenue en lui donnant un esprit libre et estival.<\/div>\n","protected":false},"excerpt":{"rendered":"<p>Foulard Libert\u00e9 Fuchsia : Le carr\u00e9 qui donne des ailes a notre look !\u00a0Avec ses teintes solaires et son motif colombe, ce foulard Libert\u00e9 donne imm\u00e9diatement une sensation de l\u00e9g\u00e8ret\u00e9 . Au centre, une colombe entour\u00e9e de motifs v\u00e9g\u00e9taux \u00e9crus se d\u00e9tache sur un fond fuchsia, pour \u00a0un contraste graphique qui attire l\u2019\u0153il. Autour du [&hellip;]<\/p>\n","protected":false},"featured_media":3849279,"comment_status":"open","ping_status":"closed","template":"","meta":[],"product_brand":[],"product_cat":[],"product_tag":[],"acf":[],"_links":{"self":[{"href":"https:\/\/streetmarkets.fr\/app\/wp-json\/wp\/v2\/product\/3849278"}],"collection":[{"href":"https:\/\/streetmarkets.fr\/app\/wp-json\/wp\/v2\/product"}],"about":[{"href":"https:\/\/streetmarkets.fr\/app\/wp-json\/wp\/v2\/types\/product"}],"replies":[{"embeddable":true,"href":"https:\/\/streetmarkets.fr\/app\/wp-json\/wp\/v2\/comments?post=3849278"}],"wp:featuredmedia":[{"embeddable":true,"href":"https:\/\/streetmarkets.fr\/app\/wp-json\/wp\/v2\/media\/3849279"}],"wp:attachment":[{"href":"https:\/\/streetmarkets.fr\/app\/wp-json\/wp\/v2\/media?parent=3849278"}],"wp:term":[{"taxonomy":"product_brand","embeddable":true,"href":"https:\/\/streetmarkets.fr\/app\/wp-json\/wp\/v2\/product_brand?post=3849278"},{"taxonomy":"product_cat","embeddable":true,"href":"https:\/\/streetmarkets.fr\/app\/wp-json\/wp\/v2\/product_cat?post=3849278"},{"taxonomy":"product_tag","embeddable":true,"href":"https:\/\/streetmarkets.fr\/app\/wp-json\/wp\/v2\/product_tag?post=3849278"}],"curies":[{"name":"wp","href":"https:\/\/api.w.org\/{rel}","templated":true}]}}