{"id":3849177,"date":"2026-03-27T00:01:00","date_gmt":"2026-03-26T23:01:00","guid":{"rendered":"https:\/\/streetmarkets.fr\/app\/produit\/pull-meadow\/"},"modified":"2026-05-12T01:00:37","modified_gmt":"2026-05-11T23:00:37","slug":"pull-meadow","status":"publish","type":"product","link":"https:\/\/streetmarkets.fr\/app\/produit\/pull-meadow\/","title":{"rendered":"Pull Meadow"},"content":{"rendered":"<p class=\"isSelectedEnd\">Pull Meadow : La po\u00e9sie d&#8217;un paysage !\u00a0<br \/><span>Un pull qui se porte comme une \u0153uvre \u00e0 part enti\u00e8re. Sur son fond rose se d\u00e9ploie un paysage aux allures de peinture<\/span><span>\u00a0: nuances de vert, caramel, bleu ciel, vert d\u2019eau\u2026 Un d\u00e9cor complet qui habille autant l\u2019avant que le dos et les manches. O\u00f9 qu\u2019on regarde, le motif continue son histoire.<\/span><\/p>\n<p class=\"isSelectedEnd\"><span>Confectionn\u00e9 en 100 % coton, il est aussi agr\u00e9able \u00e0 porter qu\u2019\u00e0 regarder. Les finitions c\u00f4tel\u00e9es rose uni au col, aux poignets et au bas structurent l\u2019ensemble et encadrent parfaitement le motif. On aime particuli\u00e8rement ses manches longues qui tombent \u00e0 demi-main, ce petit d\u00e9tail qui donne tout de suite une allure plus cool et enveloppante.<\/span><\/p>\n<p class=\"isSelectedEnd\">Pourquoi on l\u2019adopte :<br \/><span>\u2013 Son paysage panoramique qui habille tout le pull.<\/span><br \/><span>\u2013 La douceur du coton 100 % naturel.<\/span><br \/><span>\u2013 Les finitions c\u00f4tel\u00e9es roses qui structurent la coupe.<\/span><br \/><span>\u2013 Les manches demi-main qu\u2019on adore porter en mi-saison.<\/span><br \/><span>\u2013 Son esprit arty qui change des pulls classiques.<\/span><\/p>\n<p><span>Un pull qui transforme nos journ\u00e9es grises en horizon color\u00e9.<\/span><\/p>\n","protected":false},"excerpt":{"rendered":"<p>Pull Meadow : La po\u00e9sie d&#8217;un paysage !\u00a0Un pull qui se porte comme une \u0153uvre \u00e0 part enti\u00e8re. Sur son fond rose se d\u00e9ploie un paysage aux allures de peinture\u00a0: nuances de vert, caramel, bleu ciel, vert d\u2019eau\u2026 Un d\u00e9cor complet qui habille autant l\u2019avant que le dos et les manches. O\u00f9 qu\u2019on regarde, le [&hellip;]<\/p>\n","protected":false},"featured_media":3849178,"comment_status":"open","ping_status":"closed","template":"","meta":[],"product_brand":[],"product_cat":[],"product_tag":[],"acf":[],"_links":{"self":[{"href":"https:\/\/streetmarkets.fr\/app\/wp-json\/wp\/v2\/product\/3849177"}],"collection":[{"href":"https:\/\/streetmarkets.fr\/app\/wp-json\/wp\/v2\/product"}],"about":[{"href":"https:\/\/streetmarkets.fr\/app\/wp-json\/wp\/v2\/types\/product"}],"replies":[{"embeddable":true,"href":"https:\/\/streetmarkets.fr\/app\/wp-json\/wp\/v2\/comments?post=3849177"}],"wp:featuredmedia":[{"embeddable":true,"href":"https:\/\/streetmarkets.fr\/app\/wp-json\/wp\/v2\/media\/3849178"}],"wp:attachment":[{"href":"https:\/\/streetmarkets.fr\/app\/wp-json\/wp\/v2\/media?parent=3849177"}],"wp:term":[{"taxonomy":"product_brand","embeddable":true,"href":"https:\/\/streetmarkets.fr\/app\/wp-json\/wp\/v2\/product_brand?post=3849177"},{"taxonomy":"product_cat","embeddable":true,"href":"https:\/\/streetmarkets.fr\/app\/wp-json\/wp\/v2\/product_cat?post=3849177"},{"taxonomy":"product_tag","embeddable":true,"href":"https:\/\/streetmarkets.fr\/app\/wp-json\/wp\/v2\/product_tag?post=3849177"}],"curies":[{"name":"wp","href":"https:\/\/api.w.org\/{rel}","templated":true}]}}