{"id":3849077,"date":"2026-03-27T00:00:48","date_gmt":"2026-03-26T23:00:48","guid":{"rendered":"https:\/\/streetmarkets.fr\/app\/produit\/echarpe-carreaux-rouge\/"},"modified":"2026-05-15T01:01:38","modified_gmt":"2026-05-14T23:01:38","slug":"echarpe-carreaux-rouge","status":"publish","type":"product","link":"https:\/\/streetmarkets.fr\/app\/produit\/echarpe-carreaux-rouge\/","title":{"rendered":"Echarpe Carreaux Rouge"},"content":{"rendered":"<p>\u00c9charpe Carreaux Rouge : Cette \u00e9charpe cosy qui donne du pep \u00e0 nos manteaux !\u00a0<br \/>Avec cette \u00e9charpe \u00e9paisse, on retrouve instantan\u00e9ment l\u2019ambiance plaid qu\u2019on adore tra\u00eener partout.<br data-start=\"368\" data-end=\"371\">Le fond rouge est rythm\u00e9 par un quadrillage brun et quelques pointes de vert kaki, un mix qui donne du caract\u00e8re mais qui reste super facile \u00e0 associer.<br data-start=\"526\" data-end=\"529\">Les longues franges viennent ajouter un mouvement chaleureux, pile ce qu\u2019il faut pour r\u00e9veiller nos manteaux d\u2019hiver.<\/p>\n<p>Pourquoi on l\u2019adopte :<br data-start=\"912\" data-end=\"915\">\u2022 Pour son m\u00e9lange de rouges, bruns et verts qui donne une vraie pr\u00e9sence.<br data-start=\"988\" data-end=\"991\">\u2022 Pour son \u00e9paisseur doudou id\u00e9ale pour les journ\u00e9es glac\u00e9es.<br data-start=\"1103\" data-end=\"1106\">\u2022 Pour son grand format super enveloppant, parfait \u00e0 porter \u00e0 toutes les sauces.<\/p>\n<p>Le petit d\u00e9tail qu\u2019on adore remarquer :\u00a0Le quadrillage brun qui structure l\u2019\u00e9charpe et lui donne une identit\u00e9 chaleureuse d\u00e8s le premier coup d\u2019\u0153il.<\/p>\n","protected":false},"excerpt":{"rendered":"<p>\u00c9charpe Carreaux Rouge : Cette \u00e9charpe cosy qui donne du pep \u00e0 nos manteaux !\u00a0Avec cette \u00e9charpe \u00e9paisse, on retrouve instantan\u00e9ment l\u2019ambiance plaid qu\u2019on adore tra\u00eener partout.Le fond rouge est rythm\u00e9 par un quadrillage brun et quelques pointes de vert kaki, un mix qui donne du caract\u00e8re mais qui reste super facile \u00e0 associer.Les longues [&hellip;]<\/p>\n","protected":false},"featured_media":3849078,"comment_status":"open","ping_status":"closed","template":"","meta":[],"product_brand":[],"product_cat":[],"product_tag":[],"acf":[],"_links":{"self":[{"href":"https:\/\/streetmarkets.fr\/app\/wp-json\/wp\/v2\/product\/3849077"}],"collection":[{"href":"https:\/\/streetmarkets.fr\/app\/wp-json\/wp\/v2\/product"}],"about":[{"href":"https:\/\/streetmarkets.fr\/app\/wp-json\/wp\/v2\/types\/product"}],"replies":[{"embeddable":true,"href":"https:\/\/streetmarkets.fr\/app\/wp-json\/wp\/v2\/comments?post=3849077"}],"wp:featuredmedia":[{"embeddable":true,"href":"https:\/\/streetmarkets.fr\/app\/wp-json\/wp\/v2\/media\/3849078"}],"wp:attachment":[{"href":"https:\/\/streetmarkets.fr\/app\/wp-json\/wp\/v2\/media?parent=3849077"}],"wp:term":[{"taxonomy":"product_brand","embeddable":true,"href":"https:\/\/streetmarkets.fr\/app\/wp-json\/wp\/v2\/product_brand?post=3849077"},{"taxonomy":"product_cat","embeddable":true,"href":"https:\/\/streetmarkets.fr\/app\/wp-json\/wp\/v2\/product_cat?post=3849077"},{"taxonomy":"product_tag","embeddable":true,"href":"https:\/\/streetmarkets.fr\/app\/wp-json\/wp\/v2\/product_tag?post=3849077"}],"curies":[{"name":"wp","href":"https:\/\/api.w.org\/{rel}","templated":true}]}}