{"id":3848966,"date":"2026-03-27T00:00:30","date_gmt":"2026-03-26T23:00:30","guid":{"rendered":"https:\/\/streetmarkets.fr\/app\/produit\/jean-brooklyn-bordeaux\/"},"modified":"2026-05-05T01:00:25","modified_gmt":"2026-05-04T23:00:25","slug":"jean-brooklyn-bordeaux","status":"publish","type":"product","link":"https:\/\/streetmarkets.fr\/app\/produit\/jean-brooklyn-bordeaux\/","title":{"rendered":"Jean Brooklyn bordeaux"},"content":{"rendered":"<p>Jean Brooklyn bordeaux : Parce que le denim aussi peut oser la couleur !\u00a0<br \/>Le Jean Brooklyn Prune, c\u2019est notre alli\u00e9 pour changer du bleu classique et gagner en style. Taille haute, coupe large et droite, il allonge la silhouette tout en restant super confortable. Avec sa ceinture \u00e0 lacet et sa teinte prune qui capte l\u2019\u0153il juste ce qu\u2019il faut, il coche toutes les cases du jean qui fait la diff.<\/p>\n<p>Pourquoi on craque :<\/p>\n<ul data-start=\"431\" data-end=\"681\">\n<li data-start=\"505\" data-end=\"594\">Parce que sa taille haute et sa coupe l\u00e9g\u00e8rement \u00e9vas\u00e9e allongent la jambe en beaut\u00e9.<\/li>\n<li data-start=\"505\" data-end=\"594\">Parce que sa couleur bordeaux sort du lot et donne du pep\u2019s \u00e0 nos looks.<\/li>\n<li data-start=\"595\" data-end=\"681\">Parce qu\u2019il mixe confort et f\u00e9minit\u00e9 avec ses poches plaqu\u00e9es et son d\u00e9tail de ceinture.<\/li>\n<\/ul>\n<p>100 % coton, il a le tomb\u00e9 parfait et se porte aussi bien avec des baskets cool qu\u2019avec des talons affirm\u00e9s.<\/p>\n","protected":false},"excerpt":{"rendered":"<p>Jean Brooklyn bordeaux : Parce que le denim aussi peut oser la couleur !\u00a0Le Jean Brooklyn Prune, c\u2019est notre alli\u00e9 pour changer du bleu classique et gagner en style. Taille haute, coupe large et droite, il allonge la silhouette tout en restant super confortable. Avec sa ceinture \u00e0 lacet et sa teinte prune qui capte [&hellip;]<\/p>\n","protected":false},"featured_media":3848967,"comment_status":"open","ping_status":"closed","template":"","meta":[],"product_brand":[],"product_cat":[],"product_tag":[],"acf":[],"_links":{"self":[{"href":"https:\/\/streetmarkets.fr\/app\/wp-json\/wp\/v2\/product\/3848966"}],"collection":[{"href":"https:\/\/streetmarkets.fr\/app\/wp-json\/wp\/v2\/product"}],"about":[{"href":"https:\/\/streetmarkets.fr\/app\/wp-json\/wp\/v2\/types\/product"}],"replies":[{"embeddable":true,"href":"https:\/\/streetmarkets.fr\/app\/wp-json\/wp\/v2\/comments?post=3848966"}],"wp:featuredmedia":[{"embeddable":true,"href":"https:\/\/streetmarkets.fr\/app\/wp-json\/wp\/v2\/media\/3848967"}],"wp:attachment":[{"href":"https:\/\/streetmarkets.fr\/app\/wp-json\/wp\/v2\/media?parent=3848966"}],"wp:term":[{"taxonomy":"product_brand","embeddable":true,"href":"https:\/\/streetmarkets.fr\/app\/wp-json\/wp\/v2\/product_brand?post=3848966"},{"taxonomy":"product_cat","embeddable":true,"href":"https:\/\/streetmarkets.fr\/app\/wp-json\/wp\/v2\/product_cat?post=3848966"},{"taxonomy":"product_tag","embeddable":true,"href":"https:\/\/streetmarkets.fr\/app\/wp-json\/wp\/v2\/product_tag?post=3848966"}],"curies":[{"name":"wp","href":"https:\/\/api.w.org\/{rel}","templated":true}]}}