{"id":3843945,"date":"2026-03-26T01:00:52","date_gmt":"2026-03-26T00:00:52","guid":{"rendered":"https:\/\/streetmarkets.fr\/app\/produit\/nanamica-loopwheel-coolmax-jersey-tank-black\/"},"modified":"2026-05-05T02:01:36","modified_gmt":"2026-05-05T00:01:36","slug":"nanamica-loopwheel-coolmax-jersey-tank-black","status":"publish","type":"product","link":"https:\/\/streetmarkets.fr\/app\/produit\/nanamica-loopwheel-coolmax-jersey-tank-black\/","title":{"rendered":"NANAMICA Loopwheel COOLMAX Jersey Tank Black"},"content":{"rendered":"<div class=\"woocommerce-product-details__short-description\">\n<p><b>Cr\u00e9ateur :<\/b> NANAMICA, Japan<\/p>\n<p><b>Detail : <\/b>55% Coton, 50% Polyester<\/p>\n<p>Tricot\u00e9 sur machine \u00e0 tricoter Loopwheel vintage (plus de 50 ans)<\/p>\n<p>M\u00e9lange coton \/ COOLMAX\u00ae<\/p>\n<p>Code : S25SH116E<\/p>\n<\/div>\n","protected":false},"excerpt":{"rendered":"<p>Cr\u00e9ateur : NANAMICA, Japan Detail : 55% Coton, 50% Polyester Tricot\u00e9 sur machine \u00e0 tricoter Loopwheel vintage (plus de 50 ans) M\u00e9lange coton \/ COOLMAX\u00ae Code : S25SH116E<\/p>\n","protected":false},"featured_media":3843946,"comment_status":"open","ping_status":"closed","template":"","meta":[],"product_brand":[],"product_cat":[],"product_tag":[],"acf":[],"_links":{"self":[{"href":"https:\/\/streetmarkets.fr\/app\/wp-json\/wp\/v2\/product\/3843945"}],"collection":[{"href":"https:\/\/streetmarkets.fr\/app\/wp-json\/wp\/v2\/product"}],"about":[{"href":"https:\/\/streetmarkets.fr\/app\/wp-json\/wp\/v2\/types\/product"}],"replies":[{"embeddable":true,"href":"https:\/\/streetmarkets.fr\/app\/wp-json\/wp\/v2\/comments?post=3843945"}],"wp:featuredmedia":[{"embeddable":true,"href":"https:\/\/streetmarkets.fr\/app\/wp-json\/wp\/v2\/media\/3843946"}],"wp:attachment":[{"href":"https:\/\/streetmarkets.fr\/app\/wp-json\/wp\/v2\/media?parent=3843945"}],"wp:term":[{"taxonomy":"product_brand","embeddable":true,"href":"https:\/\/streetmarkets.fr\/app\/wp-json\/wp\/v2\/product_brand?post=3843945"},{"taxonomy":"product_cat","embeddable":true,"href":"https:\/\/streetmarkets.fr\/app\/wp-json\/wp\/v2\/product_cat?post=3843945"},{"taxonomy":"product_tag","embeddable":true,"href":"https:\/\/streetmarkets.fr\/app\/wp-json\/wp\/v2\/product_tag?post=3843945"}],"curies":[{"name":"wp","href":"https:\/\/api.w.org\/{rel}","templated":true}]}}