{"id":3836311,"date":"2026-03-24T01:09:30","date_gmt":"2026-03-24T00:09:30","guid":{"rendered":"https:\/\/streetmarkets.fr\/app\/produit\/denim-n-46-jean-large-261-w-used-grey\/"},"modified":"2026-05-09T02:56:14","modified_gmt":"2026-05-09T00:56:14","slug":"denim-n-46-jean-large-261-w-used-grey","status":"publish","type":"product","link":"https:\/\/streetmarkets.fr\/app\/produit\/denim-n-46-jean-large-261-w-used-grey\/","title":{"rendered":"Jean Large &#8211; Denim N. 46 (261 \/ W \/ USED GREY)"},"content":{"rendered":"<p>Jean 5 poches \u00e0 coupe droite et taille mi-haute en denim gris avec un effet us\u00e9, avec jambes larges et ourlets repli\u00e9s.<\/p>\n<ul>\n<li><b>Si vous h\u00e9sitez entre deux tailles, choisissez la taille inf\u00e9rieure. Choisissez une taille inf\u00e9rieure pour une taille plus haute et une longueur plus courte.<\/b><\/li>\n<li>Coupe droite : ajust\u00e9e aux hanches et largeur constante tout le long de la jambe.<\/li>\n<li>Taille mi-haute, jambes larges et raccourcies<\/li>\n<li>Denim non extensible de poids moyen<\/li>\n<li>Jean 5 poches<\/li>\n<li>Poches plaqu\u00e9es \u00e0 l&#8217;arri\u00e8re<\/li>\n<li>Fermeture \u00e0 boutons<\/li>\n<li>Entrejambe : 26&#8243; (pour la taille 26)<\/li>\n<li>La longueur de l&#8217;entrejambe s&#8217;ajuste l\u00e9g\u00e8rement en fonction de la taille choisie pour assurer un ajustement proportionnel.<\/li>\n<\/ul>\n","protected":false},"excerpt":{"rendered":"<p>Jean 5 poches \u00e0 coupe droite et taille mi-haute en denim gris avec un effet us\u00e9, avec jambes larges et ourlets repli\u00e9s. Si vous h\u00e9sitez entre deux tailles, choisissez la taille inf\u00e9rieure. Choisissez une taille inf\u00e9rieure pour une taille plus haute et une longueur plus courte. Coupe droite : ajust\u00e9e aux hanches et largeur constante [&hellip;]<\/p>\n","protected":false},"featured_media":4108550,"comment_status":"open","ping_status":"closed","template":"","meta":[],"product_brand":[2529],"product_cat":[],"product_tag":[],"acf":[],"_links":{"self":[{"href":"https:\/\/streetmarkets.fr\/app\/wp-json\/wp\/v2\/product\/3836311"}],"collection":[{"href":"https:\/\/streetmarkets.fr\/app\/wp-json\/wp\/v2\/product"}],"about":[{"href":"https:\/\/streetmarkets.fr\/app\/wp-json\/wp\/v2\/types\/product"}],"replies":[{"embeddable":true,"href":"https:\/\/streetmarkets.fr\/app\/wp-json\/wp\/v2\/comments?post=3836311"}],"wp:featuredmedia":[{"embeddable":true,"href":"https:\/\/streetmarkets.fr\/app\/wp-json\/wp\/v2\/media\/4108550"}],"wp:attachment":[{"href":"https:\/\/streetmarkets.fr\/app\/wp-json\/wp\/v2\/media?parent=3836311"}],"wp:term":[{"taxonomy":"product_brand","embeddable":true,"href":"https:\/\/streetmarkets.fr\/app\/wp-json\/wp\/v2\/product_brand?post=3836311"},{"taxonomy":"product_cat","embeddable":true,"href":"https:\/\/streetmarkets.fr\/app\/wp-json\/wp\/v2\/product_cat?post=3836311"},{"taxonomy":"product_tag","embeddable":true,"href":"https:\/\/streetmarkets.fr\/app\/wp-json\/wp\/v2\/product_tag?post=3836311"}],"curies":[{"name":"wp","href":"https:\/\/api.w.org\/{rel}","templated":true}]}}