{"id":3835720,"date":"2026-03-24T00:00:16","date_gmt":"2026-03-23T23:00:16","guid":{"rendered":"https:\/\/streetmarkets.fr\/app\/produit\/robe-dalia-rayures\/"},"modified":"2026-05-10T00:59:52","modified_gmt":"2026-05-09T22:59:52","slug":"robe-dalia-rayures","status":"publish","type":"product","link":"https:\/\/streetmarkets.fr\/app\/produit\/robe-dalia-rayures\/","title":{"rendered":"Robe Dalia Rayures"},"content":{"rendered":"<p data-start=\"134\" data-end=\"193\" class=\"\">Robe Dalia Rayures \u2013 L\u00e9g\u00e8ret\u00e9 brod\u00e9e et vibes estivales<br \/>C\u2019est la robe qui sent bon le soleil et les balades les pieds nus ! Dalia, c\u2019est notre coup de c\u0153ur des beaux jours : des rayures bleu ciel et blanc qui illuminent la silhouette, une coupe ample qui bouge avec nous, et un plastron brod\u00e9 fleuri qu\u2019on adore.<\/p>\n<p data-start=\"453\" data-end=\"707\" class=\"\">Le col rond fendu apporte juste ce qu\u2019il faut de d\u00e9contraction, et son lien \u00e0 nouer permet de switcher d\u2019un look loose \u00e0 une taille joliment marqu\u00e9e. Les manches larges et les petites fentes sur les c\u00f4t\u00e9s ? La touche confort qui fait toute la diff\u00e9rence.<\/p>\n<p data-start=\"709\" data-end=\"825\" class=\"\">Une robe facile \u00e0 vivre, \u00e0 enfiler d\u00e8s les premiers rayons, qu\u2019on embarque en week-end, en terrasse ou en vacances !<br \/>+ Rayures lumineuses fa\u00e7on ciel d\u2019\u00e9t\u00e9<br \/>+ Broderies fleuries sur le plastron pour la touche boh\u00e8me<br \/>+ Coupe fluide, manches amples et fentes c\u00f4t\u00e9s = confort ++<br \/>+ Taille unique, 100 % coup de frais assur\u00e9<\/p>\n<p data-start=\"1094\" data-end=\"1237\" class=\"\">\u00a0<\/p>\n","protected":false},"excerpt":{"rendered":"<p>Robe Dalia Rayures \u2013 L\u00e9g\u00e8ret\u00e9 brod\u00e9e et vibes estivalesC\u2019est la robe qui sent bon le soleil et les balades les pieds nus ! Dalia, c\u2019est notre coup de c\u0153ur des beaux jours : des rayures bleu ciel et blanc qui illuminent la silhouette, une coupe ample qui bouge avec nous, et un plastron brod\u00e9 fleuri [&hellip;]<\/p>\n","protected":false},"featured_media":3835721,"comment_status":"open","ping_status":"closed","template":"","meta":[],"product_brand":[],"product_cat":[],"product_tag":[],"acf":[],"_links":{"self":[{"href":"https:\/\/streetmarkets.fr\/app\/wp-json\/wp\/v2\/product\/3835720"}],"collection":[{"href":"https:\/\/streetmarkets.fr\/app\/wp-json\/wp\/v2\/product"}],"about":[{"href":"https:\/\/streetmarkets.fr\/app\/wp-json\/wp\/v2\/types\/product"}],"replies":[{"embeddable":true,"href":"https:\/\/streetmarkets.fr\/app\/wp-json\/wp\/v2\/comments?post=3835720"}],"wp:featuredmedia":[{"embeddable":true,"href":"https:\/\/streetmarkets.fr\/app\/wp-json\/wp\/v2\/media\/3835721"}],"wp:attachment":[{"href":"https:\/\/streetmarkets.fr\/app\/wp-json\/wp\/v2\/media?parent=3835720"}],"wp:term":[{"taxonomy":"product_brand","embeddable":true,"href":"https:\/\/streetmarkets.fr\/app\/wp-json\/wp\/v2\/product_brand?post=3835720"},{"taxonomy":"product_cat","embeddable":true,"href":"https:\/\/streetmarkets.fr\/app\/wp-json\/wp\/v2\/product_cat?post=3835720"},{"taxonomy":"product_tag","embeddable":true,"href":"https:\/\/streetmarkets.fr\/app\/wp-json\/wp\/v2\/product_tag?post=3835720"}],"curies":[{"name":"wp","href":"https:\/\/api.w.org\/{rel}","templated":true}]}}