{"id":3835597,"date":"2026-03-23T23:59:54","date_gmt":"2026-03-23T22:59:54","guid":{"rendered":"https:\/\/streetmarkets.fr\/app\/produit\/poterie-tamegroute-amazigh\/"},"modified":"2026-05-05T00:59:59","modified_gmt":"2026-05-04T22:59:59","slug":"poterie-tamegroute-amazigh","status":"publish","type":"product","link":"https:\/\/streetmarkets.fr\/app\/produit\/poterie-tamegroute-amazigh\/","title":{"rendered":"Poterie Tamegroute Amazigh"},"content":{"rendered":"<p data-start=\"0\" data-end=\"71\">On craque compl\u00e8tement pour cette poterie de Tamegroute, fa\u00e7onn\u00e9e \u00e0 la main en terre blanche selon les techniques s\u00e9culaires du sud du Maroc. Chaque pi\u00e8ce est unique, un vrai t\u00e9moignage du savoir-faire traditionnel et de la richesse culturelle de la r\u00e9gion.<\/p>\n<p>Pourquoi on l\u2019aime ?<\/p>\n<ul data-start=\"375\" data-end=\"775\">\n<li data-start=\"375\" data-end=\"469\" class=\"\">100 % artisanale : mod\u00e8les tourn\u00e9s et \u00e9maill\u00e9s \u00e0 la main par des potiers de Tamegroute<\/li>\n<li data-start=\"470\" data-end=\"568\" class=\"\">Pi\u00e8ce unique : chaque irr\u00e9gularit\u00e9 raconte une histoire et garantit son caract\u00e8re exclusif<\/li>\n<li data-start=\"569\" data-end=\"775\" class=\"\">Multifonction :\n<ul data-start=\"595\" data-end=\"775\">\n<li data-start=\"595\" data-end=\"641\" class=\"\">Sublime bougeoir pour vos soir\u00e9es cosy<\/li>\n<li data-start=\"644\" data-end=\"706\" class=\"\">Vase d\u00e9licat pour fleurs s\u00e9ch\u00e9es ou herbes aromatiques<\/li>\n<li data-start=\"709\" data-end=\"775\" class=\"\">Objet d\u00e9co \u00e0 part enti\u00e8re, \u00e0 poser seul ou en accumulation<\/li>\n<\/ul>\n<\/li>\n<\/ul>\n<p>Le petit plus :\u00a0Cette terre blanche typique de Tamegroute am\u00e8ne une touche de spiritualit\u00e9 et de luxe discret dans notre int\u00e9rieur.<\/p>\n<p data-start=\"930\" data-end=\"1017\" class=\"\">\ud83d\udccd Disponible en boutique et sur l\u2019e-shop\u00a0<\/p>\n","protected":false},"excerpt":{"rendered":"<p>On craque compl\u00e8tement pour cette poterie de Tamegroute, fa\u00e7onn\u00e9e \u00e0 la main en terre blanche selon les techniques s\u00e9culaires du sud du Maroc. Chaque pi\u00e8ce est unique, un vrai t\u00e9moignage du savoir-faire traditionnel et de la richesse culturelle de la r\u00e9gion. Pourquoi on l\u2019aime ? 100 % artisanale : mod\u00e8les tourn\u00e9s et \u00e9maill\u00e9s \u00e0 la [&hellip;]<\/p>\n","protected":false},"featured_media":3835598,"comment_status":"open","ping_status":"closed","template":"","meta":[],"product_brand":[],"product_cat":[],"product_tag":[],"acf":[],"_links":{"self":[{"href":"https:\/\/streetmarkets.fr\/app\/wp-json\/wp\/v2\/product\/3835597"}],"collection":[{"href":"https:\/\/streetmarkets.fr\/app\/wp-json\/wp\/v2\/product"}],"about":[{"href":"https:\/\/streetmarkets.fr\/app\/wp-json\/wp\/v2\/types\/product"}],"replies":[{"embeddable":true,"href":"https:\/\/streetmarkets.fr\/app\/wp-json\/wp\/v2\/comments?post=3835597"}],"wp:featuredmedia":[{"embeddable":true,"href":"https:\/\/streetmarkets.fr\/app\/wp-json\/wp\/v2\/media\/3835598"}],"wp:attachment":[{"href":"https:\/\/streetmarkets.fr\/app\/wp-json\/wp\/v2\/media?parent=3835597"}],"wp:term":[{"taxonomy":"product_brand","embeddable":true,"href":"https:\/\/streetmarkets.fr\/app\/wp-json\/wp\/v2\/product_brand?post=3835597"},{"taxonomy":"product_cat","embeddable":true,"href":"https:\/\/streetmarkets.fr\/app\/wp-json\/wp\/v2\/product_cat?post=3835597"},{"taxonomy":"product_tag","embeddable":true,"href":"https:\/\/streetmarkets.fr\/app\/wp-json\/wp\/v2\/product_tag?post=3835597"}],"curies":[{"name":"wp","href":"https:\/\/api.w.org\/{rel}","templated":true}]}}