{"id":3835582,"date":"2026-03-23T23:59:53","date_gmt":"2026-03-23T22:59:53","guid":{"rendered":"https:\/\/streetmarkets.fr\/app\/produit\/vase-molly-epi\/"},"modified":"2026-05-10T00:59:42","modified_gmt":"2026-05-09T22:59:42","slug":"vase-molly-epi","status":"publish","type":"product","link":"https:\/\/streetmarkets.fr\/app\/produit\/vase-molly-epi\/","title":{"rendered":"Vase Molly \u00c9pi"},"content":{"rendered":"<\/p>\n<p data-start=\"0\" data-end=\"61\" class=\"\">Vase Molly \u00c9pi : la nature s\u2019invite chez nous !<br \/>Le vase Molly \u00c9pi, c\u2019est la nouvelle p\u00e9pite en gr\u00e8s mat couleur naturelle qui nous fait craquer. Avec sa silhouette inspir\u00e9e d\u2019un \u00e9pi de bl\u00e9, rythm\u00e9 par des stries d\u00e9licates, il apporte une vibe organique et champ\u00eatre en mode mini-format.<\/p>\n<p data-start=\"311\" data-end=\"552\" class=\"\">Son int\u00e9rieur \u00e9maill\u00e9 est pr\u00eat \u00e0 accueillir eau et fleurons, mais on l\u2019aime tout autant en pi\u00e8ce solo pour twister une \u00e9tag\u00e8re ou une console. Plac\u00e9 aux c\u00f4t\u00e9s de l\u2019Arche ou de la Colonne, il cr\u00e9e un trio ultra design qui envoie du lourd.<\/p>\n<p data-start=\"554\" data-end=\"697\" class=\"\">Pour qui ? Les amoureux\u00b7ses du style naturel-chic, les d\u00e9nicheurs\u00b7ses de formes originales et les fans de mini-objets qui changent tout.<\/p>\n<p data-start=\"699\" data-end=\"718\" class=\"\">On kiffe :<br \/>&#8211; Sa\u00a0forme \u00e9pi pleine de caract\u00e8re<br \/>&#8211; Son\u00a0format compact hyper adaptable<br \/>&#8211; Sa\u00a0mati\u00e8re brute qui respire l\u2019authenticit\u00e9<\/p>\n<p data-start=\"856\" data-end=\"919\" class=\"\">Adoptons le vase Molly \u00c9pi et faisons pousser notre d\u00e9co avec style !<\/p>\n","protected":false},"excerpt":{"rendered":"<p>Vase Molly \u00c9pi : la nature s\u2019invite chez nous !Le vase Molly \u00c9pi, c\u2019est la nouvelle p\u00e9pite en gr\u00e8s mat couleur naturelle qui nous fait craquer. Avec sa silhouette inspir\u00e9e d\u2019un \u00e9pi de bl\u00e9, rythm\u00e9 par des stries d\u00e9licates, il apporte une vibe organique et champ\u00eatre en mode mini-format. Son int\u00e9rieur \u00e9maill\u00e9 est pr\u00eat \u00e0 [&hellip;]<\/p>\n","protected":false},"featured_media":3835583,"comment_status":"open","ping_status":"closed","template":"","meta":[],"product_brand":[],"product_cat":[],"product_tag":[],"acf":[],"_links":{"self":[{"href":"https:\/\/streetmarkets.fr\/app\/wp-json\/wp\/v2\/product\/3835582"}],"collection":[{"href":"https:\/\/streetmarkets.fr\/app\/wp-json\/wp\/v2\/product"}],"about":[{"href":"https:\/\/streetmarkets.fr\/app\/wp-json\/wp\/v2\/types\/product"}],"replies":[{"embeddable":true,"href":"https:\/\/streetmarkets.fr\/app\/wp-json\/wp\/v2\/comments?post=3835582"}],"wp:featuredmedia":[{"embeddable":true,"href":"https:\/\/streetmarkets.fr\/app\/wp-json\/wp\/v2\/media\/3835583"}],"wp:attachment":[{"href":"https:\/\/streetmarkets.fr\/app\/wp-json\/wp\/v2\/media?parent=3835582"}],"wp:term":[{"taxonomy":"product_brand","embeddable":true,"href":"https:\/\/streetmarkets.fr\/app\/wp-json\/wp\/v2\/product_brand?post=3835582"},{"taxonomy":"product_cat","embeddable":true,"href":"https:\/\/streetmarkets.fr\/app\/wp-json\/wp\/v2\/product_cat?post=3835582"},{"taxonomy":"product_tag","embeddable":true,"href":"https:\/\/streetmarkets.fr\/app\/wp-json\/wp\/v2\/product_tag?post=3835582"}],"curies":[{"name":"wp","href":"https:\/\/api.w.org\/{rel}","templated":true}]}}