{"id":3824422,"date":"2026-03-22T00:59:56","date_gmt":"2026-03-21T23:59:56","guid":{"rendered":"https:\/\/streetmarkets.fr\/app\/produit\/engineered-garments-work-shirt-grey-cotton-chambray\/"},"modified":"2026-05-12T01:59:53","modified_gmt":"2026-05-11T23:59:53","slug":"engineered-garments-work-shirt-grey-cotton-chambray","status":"publish","type":"product","link":"https:\/\/streetmarkets.fr\/app\/produit\/engineered-garments-work-shirt-grey-cotton-chambray\/","title":{"rendered":"ENGINEERED GARMENTS WORK Shirt Grey Cotton Chambray"},"content":{"rendered":"<p><strong>Cr\u00e9ateur : <\/strong>Engineered Garnment, Made in NYC<\/p>\n<p><strong>R\u00e9alisation : <\/strong>Chemise <span class=\"Y2IQFc\" lang=\"fr\">de travail en chambray de coton avec surpiq\u00fbres contrast\u00e9es et poches poitrine.\u00a0<\/span><\/p>\n<p>100 % coton<\/p>\n<p>Code produit : 26S1A007<\/p>\n<p><em><span class=\"Y2IQFc\" lang=\"en\">Cotton chambray work shirt with contrasting topstitching and chest pockets.<\/span><\/em><\/p>\n<p><em>100% cotton<\/em><\/p>\n","protected":false},"excerpt":{"rendered":"<p>Cr\u00e9ateur : Engineered Garnment, Made in NYC R\u00e9alisation : Chemise de travail en chambray de coton avec surpiq\u00fbres contrast\u00e9es et poches poitrine.\u00a0 100 % coton Code produit : 26S1A007 Cotton chambray work shirt with contrasting topstitching and chest pockets. 100% cotton<\/p>\n","protected":false},"featured_media":3824423,"comment_status":"open","ping_status":"closed","template":"","meta":[],"product_brand":[],"product_cat":[],"product_tag":[],"acf":[],"_links":{"self":[{"href":"https:\/\/streetmarkets.fr\/app\/wp-json\/wp\/v2\/product\/3824422"}],"collection":[{"href":"https:\/\/streetmarkets.fr\/app\/wp-json\/wp\/v2\/product"}],"about":[{"href":"https:\/\/streetmarkets.fr\/app\/wp-json\/wp\/v2\/types\/product"}],"replies":[{"embeddable":true,"href":"https:\/\/streetmarkets.fr\/app\/wp-json\/wp\/v2\/comments?post=3824422"}],"wp:featuredmedia":[{"embeddable":true,"href":"https:\/\/streetmarkets.fr\/app\/wp-json\/wp\/v2\/media\/3824423"}],"wp:attachment":[{"href":"https:\/\/streetmarkets.fr\/app\/wp-json\/wp\/v2\/media?parent=3824422"}],"wp:term":[{"taxonomy":"product_brand","embeddable":true,"href":"https:\/\/streetmarkets.fr\/app\/wp-json\/wp\/v2\/product_brand?post=3824422"},{"taxonomy":"product_cat","embeddable":true,"href":"https:\/\/streetmarkets.fr\/app\/wp-json\/wp\/v2\/product_cat?post=3824422"},{"taxonomy":"product_tag","embeddable":true,"href":"https:\/\/streetmarkets.fr\/app\/wp-json\/wp\/v2\/product_tag?post=3824422"}],"curies":[{"name":"wp","href":"https:\/\/api.w.org\/{rel}","templated":true}]}}