{"id":3824152,"date":"2026-03-21T19:05:40","date_gmt":"2026-03-21T18:05:40","guid":{"rendered":"https:\/\/streetmarkets.fr\/app\/produit\/pull-col-v-en-laine-kappa-taille-m\/"},"modified":"2026-05-09T20:05:45","modified_gmt":"2026-05-09T18:05:45","slug":"pull-col-v-en-laine-kappa-taille-m","status":"publish","type":"product","link":"https:\/\/streetmarkets.fr\/app\/produit\/pull-col-v-en-laine-kappa-taille-m\/","title":{"rendered":"Pull col v en laine Kappa \u2022 taille M"},"content":{"rendered":"<p>Pull vert Kappa vintage,\u00a0<br \/>col v.<\/p>\n<p>Marque : Kappa<br \/>Composition : 100% laine.<\/p>\n<p>Taille estim\u00e9e : du S au M pour un port\u00e9 ample ou ajust\u00e9<\/p>\n<p>\u00c9tat : tr\u00e8s bon<br \/>Merci de noter que les v\u00eatements ne sont pas neufs et qu\u2019ils peuvent porter l&#8217;usure d&#8217;une pi\u00e8ce de seconde main.<\/p>\n<p>Pour plus d&#8217;informations : <a href=\"https:\/\/uniselection.fr\/pages\/contactez-nous\">contactez-nous<\/a>.<\/p>\n","protected":false},"excerpt":{"rendered":"<p>Pull vert Kappa vintage,\u00a0col v. Marque : KappaComposition : 100% laine. Taille estim\u00e9e : du S au M pour un port\u00e9 ample ou ajust\u00e9 \u00c9tat : tr\u00e8s bonMerci de noter que les v\u00eatements ne sont pas neufs et qu\u2019ils peuvent porter l&#8217;usure d&#8217;une pi\u00e8ce de seconde main. Pour plus d&#8217;informations : contactez-nous.<\/p>\n","protected":false},"featured_media":3824153,"comment_status":"open","ping_status":"closed","template":"","meta":[],"product_brand":[],"product_cat":[],"product_tag":[],"acf":[],"_links":{"self":[{"href":"https:\/\/streetmarkets.fr\/app\/wp-json\/wp\/v2\/product\/3824152"}],"collection":[{"href":"https:\/\/streetmarkets.fr\/app\/wp-json\/wp\/v2\/product"}],"about":[{"href":"https:\/\/streetmarkets.fr\/app\/wp-json\/wp\/v2\/types\/product"}],"replies":[{"embeddable":true,"href":"https:\/\/streetmarkets.fr\/app\/wp-json\/wp\/v2\/comments?post=3824152"}],"wp:featuredmedia":[{"embeddable":true,"href":"https:\/\/streetmarkets.fr\/app\/wp-json\/wp\/v2\/media\/3824153"}],"wp:attachment":[{"href":"https:\/\/streetmarkets.fr\/app\/wp-json\/wp\/v2\/media?parent=3824152"}],"wp:term":[{"taxonomy":"product_brand","embeddable":true,"href":"https:\/\/streetmarkets.fr\/app\/wp-json\/wp\/v2\/product_brand?post=3824152"},{"taxonomy":"product_cat","embeddable":true,"href":"https:\/\/streetmarkets.fr\/app\/wp-json\/wp\/v2\/product_cat?post=3824152"},{"taxonomy":"product_tag","embeddable":true,"href":"https:\/\/streetmarkets.fr\/app\/wp-json\/wp\/v2\/product_tag?post=3824152"}],"curies":[{"name":"wp","href":"https:\/\/api.w.org\/{rel}","templated":true}]}}