{"id":3814279,"date":"2026-03-21T00:21:04","date_gmt":"2026-03-20T23:21:04","guid":{"rendered":"https:\/\/streetmarkets.fr\/app\/produit\/barrette-bonbon\/"},"modified":"2026-05-09T01:18:36","modified_gmt":"2026-05-08T23:18:36","slug":"barrette-bonbon","status":"publish","type":"product","link":"https:\/\/streetmarkets.fr\/app\/produit\/barrette-bonbon\/","title":{"rendered":"Barrette Bonbon"},"content":{"rendered":"<div class=\"rte-content\" id=\"product-description-short-41\"><strong><a title=\"Collection Coucou Suzette\" href=\"\/collections\/coucou-suzette\">Collection Coucou Suzette<\/a><\/strong><\/div>\n<div class=\"rte-content\">\n<strong><\/strong>\n<\/div>\n<div class=\"rte-content\">\n  <span>Rien de plus efficace pour nous faire retomber en enfance qu\u2019un sachet de bonbecs ! On y pioche ces longs d\u00e9lices au caramel, quitte \u00e0 s\u2019en mettre plein les dents. Des barrettes originales et r\u00e9gressives qui vont aux petits comme aux grands.<\/span><br \/><strong><\/strong>\n<\/div>\n<div class=\"rte-content\">\n<span><\/span>\n<\/div>\n<div class=\"rte-content\">\n<p>Cette barrette est faite \u00e0 partir d&#8217;Acetate de Cellulose recycl\u00e9e &amp; biod\u00e9gradable (Eco-Friendly).<\/p>\n<ul>\n<li><em><span>Composition : fleurs en ac\u00e9tate de cellulose<\/span><\/em><\/li>\n<li>\n<em>Chaque cr\u00e9ation est unique, la couleur peut varier l\u00e9g\u00e8rement selon le morceau d&#8217;ac\u00e9tate utilis\u00e9<\/em><em><span><\/span><\/em>\n<\/li>\n<li><em>Type d\u2019attache : barrette en m\u00e9tal hypoallerg\u00e9nique<\/em><\/li>\n<li><em><span>Fabriqu\u00e9e en Chine dans une usine audit\u00e9e<\/span><\/em><\/li>\n<li><em>Conseils d\u2019utilisation : \u00e9viter le contact avec l\u2019eau<\/em><\/li>\n<\/ul>\n<\/div>\n<div class=\"rte-content\">\n<div class=\"rte-content\" id=\"product-description-short-123\">\n<p>Dimensions : environ 7 cm x 1,1 cm<\/p>\n<\/div>\n<\/div>\n","protected":false},"excerpt":{"rendered":"<p>Collection Coucou Suzette Rien de plus efficace pour nous faire retomber en enfance qu\u2019un sachet de bonbecs ! On y pioche ces longs d\u00e9lices au caramel, quitte \u00e0 s\u2019en mettre plein les dents. Des barrettes originales et r\u00e9gressives qui vont aux petits comme aux grands. Cette barrette est faite \u00e0 partir d&#8217;Acetate de Cellulose recycl\u00e9e [&hellip;]<\/p>\n","protected":false},"featured_media":3814280,"comment_status":"open","ping_status":"closed","template":"","meta":[],"product_brand":[],"product_cat":[],"product_tag":[],"acf":[],"_links":{"self":[{"href":"https:\/\/streetmarkets.fr\/app\/wp-json\/wp\/v2\/product\/3814279"}],"collection":[{"href":"https:\/\/streetmarkets.fr\/app\/wp-json\/wp\/v2\/product"}],"about":[{"href":"https:\/\/streetmarkets.fr\/app\/wp-json\/wp\/v2\/types\/product"}],"replies":[{"embeddable":true,"href":"https:\/\/streetmarkets.fr\/app\/wp-json\/wp\/v2\/comments?post=3814279"}],"wp:featuredmedia":[{"embeddable":true,"href":"https:\/\/streetmarkets.fr\/app\/wp-json\/wp\/v2\/media\/3814280"}],"wp:attachment":[{"href":"https:\/\/streetmarkets.fr\/app\/wp-json\/wp\/v2\/media?parent=3814279"}],"wp:term":[{"taxonomy":"product_brand","embeddable":true,"href":"https:\/\/streetmarkets.fr\/app\/wp-json\/wp\/v2\/product_brand?post=3814279"},{"taxonomy":"product_cat","embeddable":true,"href":"https:\/\/streetmarkets.fr\/app\/wp-json\/wp\/v2\/product_cat?post=3814279"},{"taxonomy":"product_tag","embeddable":true,"href":"https:\/\/streetmarkets.fr\/app\/wp-json\/wp\/v2\/product_tag?post=3814279"}],"curies":[{"name":"wp","href":"https:\/\/api.w.org\/{rel}","templated":true}]}}