{"id":3814275,"date":"2026-03-21T00:21:03","date_gmt":"2026-03-20T23:21:03","guid":{"rendered":"https:\/\/streetmarkets.fr\/app\/produit\/kit-de-broderie-tongs\/"},"modified":"2026-05-02T01:20:12","modified_gmt":"2026-05-01T23:20:12","slug":"kit-de-broderie-tongs","status":"publish","type":"product","link":"https:\/\/streetmarkets.fr\/app\/produit\/kit-de-broderie-tongs\/","title":{"rendered":"Kit de Broderie &#8211; Tongs"},"content":{"rendered":"<p><strong><a href=\"https:\/\/frenchtouche.com\/collections\/fukuri\" title=\"Collection Fukuri\">Collection Fukuri<\/a><a title=\"Collection Macon &amp; Lesquoy\" href=\"\/collections\/macon-lesquoy\"><\/a><\/strong><\/p>\n<p>Un kit pour broder une paire de tongs styl\u00e9es. Il permet d&#8217;apprendre \u00e0 broder soi-m\u00eame un v\u00eatement !<\/p>\n<p>Le papier tiss\u00e9 autocollant et soluble permet de broder sur le mod\u00e8le puis le papier disparait au premier lavage. Lance-toi, la broderie est accessible aux d\u00e9butant\u00b7e\u00b7s et te permet de personnaliser un v\u00eatement ou un accessoire.<\/p>\n<p>Ce kit complet broderie contient tout le n\u00e9cessaire :<\/p>\n<ul>\n<li><span>Une feuille hydrosoluble autocollante avec le motif imprim\u00e9. Tu brodes dessus.<\/span><\/li>\n<li>Un cercle \u00e0 broder en bois de h\u00eatre<\/li>\n<li>Une aiguille \u00e0 broder<\/li>\n<li>Les fils coton n\u00e9cessaires \u00e0 la r\u00e9alisation<\/li>\n<li>Une carte avec les instructions\n<\/li>\n<li>Packaging : boite carton<\/li>\n<li>Kit fabriqu\u00e9 int\u00e9gralement en France<\/li>\n<\/ul>\n<p>Niveau de difficult\u00e9 : franchement \u00e7a passe, c&#8217;est fait pour apprendre la broderie aux d\u00e9butants.<\/p>\n<p>M\u00eame si tu n\u2019as jamais touch\u00e9 d\u2019aiguille \u00e7a va le faire. Il y a une notice avec les instructions dans le kit et l\u2019acc\u00e8s \u00e0 un tuto vid\u00e9o !<\/p>\n<p>A partir de 12 ans.<\/p>\n<ul>\n<li>Dimensions illustration : environ 4 x 4,9 cm<\/li>\n<li>Dimensions cercle broderie : 10 cm<\/li>\n<\/ul>\n","protected":false},"excerpt":{"rendered":"<p>Collection Fukuri Un kit pour broder une paire de tongs styl\u00e9es. Il permet d&#8217;apprendre \u00e0 broder soi-m\u00eame un v\u00eatement ! Le papier tiss\u00e9 autocollant et soluble permet de broder sur le mod\u00e8le puis le papier disparait au premier lavage. Lance-toi, la broderie est accessible aux d\u00e9butant\u00b7e\u00b7s et te permet de personnaliser un v\u00eatement ou un [&hellip;]<\/p>\n","protected":false},"featured_media":3814276,"comment_status":"open","ping_status":"closed","template":"","meta":[],"product_brand":[],"product_cat":[],"product_tag":[],"acf":[],"_links":{"self":[{"href":"https:\/\/streetmarkets.fr\/app\/wp-json\/wp\/v2\/product\/3814275"}],"collection":[{"href":"https:\/\/streetmarkets.fr\/app\/wp-json\/wp\/v2\/product"}],"about":[{"href":"https:\/\/streetmarkets.fr\/app\/wp-json\/wp\/v2\/types\/product"}],"replies":[{"embeddable":true,"href":"https:\/\/streetmarkets.fr\/app\/wp-json\/wp\/v2\/comments?post=3814275"}],"wp:featuredmedia":[{"embeddable":true,"href":"https:\/\/streetmarkets.fr\/app\/wp-json\/wp\/v2\/media\/3814276"}],"wp:attachment":[{"href":"https:\/\/streetmarkets.fr\/app\/wp-json\/wp\/v2\/media?parent=3814275"}],"wp:term":[{"taxonomy":"product_brand","embeddable":true,"href":"https:\/\/streetmarkets.fr\/app\/wp-json\/wp\/v2\/product_brand?post=3814275"},{"taxonomy":"product_cat","embeddable":true,"href":"https:\/\/streetmarkets.fr\/app\/wp-json\/wp\/v2\/product_cat?post=3814275"},{"taxonomy":"product_tag","embeddable":true,"href":"https:\/\/streetmarkets.fr\/app\/wp-json\/wp\/v2\/product_tag?post=3814275"}],"curies":[{"name":"wp","href":"https:\/\/api.w.org\/{rel}","templated":true}]}}