{"id":3813771,"date":"2026-03-20T07:40:43","date_gmt":"2026-03-20T06:40:43","guid":{"rendered":"https:\/\/streetmarkets.fr\/app\/produit\/pantalon-max-pollen-bleu-ma-poesie\/"},"modified":"2026-05-05T08:40:09","modified_gmt":"2026-05-05T06:40:09","slug":"pantalon-max-pollen-bleu-ma-poesie","status":"publish","type":"product","link":"https:\/\/streetmarkets.fr\/app\/produit\/pantalon-max-pollen-bleu-ma-poesie\/","title":{"rendered":"Pantalon Max pollen bleu &#8211; Ma Po\u00e9sie"},"content":{"rendered":"<p><span>\u00a0Coton imprim\u00e9 du motif<\/span><br \/><span>&#8211; Pollen Coupe large et droite<\/span><br \/><span>&#8211; Taille haute<\/span><br \/><span>&#8211; Poches c\u00f4t\u00e9s<\/span><br \/><span>&#8211; Ceinture enti\u00e8rement \u00e9lastiqu\u00e9e<\/span><br \/><span>&#8211; Lien de serrage<\/span><\/p>\n<p><span>Taille unique\u00a0<\/span><\/p>\n","protected":false},"excerpt":{"rendered":"<p>\u00a0Coton imprim\u00e9 du motif&#8211; Pollen Coupe large et droite&#8211; Taille haute&#8211; Poches c\u00f4t\u00e9s&#8211; Ceinture enti\u00e8rement \u00e9lastiqu\u00e9e&#8211; Lien de serrage Taille unique\u00a0<\/p>\n","protected":false},"featured_media":3813772,"comment_status":"open","ping_status":"closed","template":"","meta":[],"product_brand":[],"product_cat":[],"product_tag":[],"acf":[],"_links":{"self":[{"href":"https:\/\/streetmarkets.fr\/app\/wp-json\/wp\/v2\/product\/3813771"}],"collection":[{"href":"https:\/\/streetmarkets.fr\/app\/wp-json\/wp\/v2\/product"}],"about":[{"href":"https:\/\/streetmarkets.fr\/app\/wp-json\/wp\/v2\/types\/product"}],"replies":[{"embeddable":true,"href":"https:\/\/streetmarkets.fr\/app\/wp-json\/wp\/v2\/comments?post=3813771"}],"wp:featuredmedia":[{"embeddable":true,"href":"https:\/\/streetmarkets.fr\/app\/wp-json\/wp\/v2\/media\/3813772"}],"wp:attachment":[{"href":"https:\/\/streetmarkets.fr\/app\/wp-json\/wp\/v2\/media?parent=3813771"}],"wp:term":[{"taxonomy":"product_brand","embeddable":true,"href":"https:\/\/streetmarkets.fr\/app\/wp-json\/wp\/v2\/product_brand?post=3813771"},{"taxonomy":"product_cat","embeddable":true,"href":"https:\/\/streetmarkets.fr\/app\/wp-json\/wp\/v2\/product_cat?post=3813771"},{"taxonomy":"product_tag","embeddable":true,"href":"https:\/\/streetmarkets.fr\/app\/wp-json\/wp\/v2\/product_tag?post=3813771"}],"curies":[{"name":"wp","href":"https:\/\/api.w.org\/{rel}","templated":true}]}}