{"id":3807420,"date":"2026-03-19T01:46:37","date_gmt":"2026-03-19T00:46:37","guid":{"rendered":"https:\/\/streetmarkets.fr\/app\/produit\/super-fulcrum-pour-homme-261-m-green\/"},"modified":"2026-05-06T02:46:49","modified_gmt":"2026-05-06T00:46:49","slug":"super-fulcrum-pour-homme-261-m-green","status":"publish","type":"product","link":"https:\/\/streetmarkets.fr\/app\/produit\/super-fulcrum-pour-homme-261-m-green\/","title":{"rendered":"Super Fulcrum pour Homme (261 \/ M \/ GREEN)"},"content":{"rendered":"<p>Les baskets de style r\u00e9tro-running Karhu Super Fulcrum sont dot\u00e9es d&#8217;une tige en mesh avec des empi\u00e8cements sans cuir, d&#8217;un logo lat\u00e9ral en TPU et d&#8217;une semelle interm\u00e9diaire \u00e0 ch\u00e2ssis Fulcrum sur toute la longueur.<\/p>\n<ul>\n<li>Taille normalement<\/li>\n<li>Mod\u00e8le : F860022<\/li>\n<li>Couleur : Jet Black \/ Epsom<\/li>\n<\/ul>\n","protected":false},"excerpt":{"rendered":"<p>Les baskets de style r\u00e9tro-running Karhu Super Fulcrum sont dot\u00e9es d&#8217;une tige en mesh avec des empi\u00e8cements sans cuir, d&#8217;un logo lat\u00e9ral en TPU et d&#8217;une semelle interm\u00e9diaire \u00e0 ch\u00e2ssis Fulcrum sur toute la longueur. Taille normalement Mod\u00e8le : F860022 Couleur : Jet Black \/ Epsom<\/p>\n","protected":false},"featured_media":4091781,"comment_status":"open","ping_status":"closed","template":"","meta":[],"product_brand":[],"product_cat":[],"product_tag":[],"acf":[],"_links":{"self":[{"href":"https:\/\/streetmarkets.fr\/app\/wp-json\/wp\/v2\/product\/3807420"}],"collection":[{"href":"https:\/\/streetmarkets.fr\/app\/wp-json\/wp\/v2\/product"}],"about":[{"href":"https:\/\/streetmarkets.fr\/app\/wp-json\/wp\/v2\/types\/product"}],"replies":[{"embeddable":true,"href":"https:\/\/streetmarkets.fr\/app\/wp-json\/wp\/v2\/comments?post=3807420"}],"wp:featuredmedia":[{"embeddable":true,"href":"https:\/\/streetmarkets.fr\/app\/wp-json\/wp\/v2\/media\/4091781"}],"wp:attachment":[{"href":"https:\/\/streetmarkets.fr\/app\/wp-json\/wp\/v2\/media?parent=3807420"}],"wp:term":[{"taxonomy":"product_brand","embeddable":true,"href":"https:\/\/streetmarkets.fr\/app\/wp-json\/wp\/v2\/product_brand?post=3807420"},{"taxonomy":"product_cat","embeddable":true,"href":"https:\/\/streetmarkets.fr\/app\/wp-json\/wp\/v2\/product_cat?post=3807420"},{"taxonomy":"product_tag","embeddable":true,"href":"https:\/\/streetmarkets.fr\/app\/wp-json\/wp\/v2\/product_tag?post=3807420"}],"curies":[{"name":"wp","href":"https:\/\/api.w.org\/{rel}","templated":true}]}}