{"id":3802588,"date":"2026-03-19T00:57:16","date_gmt":"2026-03-18T23:57:16","guid":{"rendered":"https:\/\/streetmarkets.fr\/app\/produit\/top-col-rond-a-boutons-coeurs-sur-les-manches-s26-femme-ecru-rws\/"},"modified":"2026-05-09T02:20:38","modified_gmt":"2026-05-09T00:20:38","slug":"top-col-rond-a-boutons-coeurs-sur-les-manches-s26-femme-ecru-rws","status":"publish","type":"product","link":"https:\/\/streetmarkets.fr\/app\/produit\/top-col-rond-a-boutons-coeurs-sur-les-manches-s26-femme-ecru-rws\/","title":{"rendered":"Top Col Rond \u00e0 Boutons C\u0153urs sur les Manches (S26 \/ FEMME \/ ECRU \/ RWS)"},"content":{"rendered":"<p>Une silhouette d\u00e9licate et romantique pour ce top en laine m\u00e9rinos \u00e0 la maille c\u00f4tel\u00e9e. Il se distingue par ses manches \u00e9vas\u00e9es dot\u00e9es d&#8217;ouvertures orn\u00e9es de boutons bijoux en forme de c\u0153ur, apportant une touche \u00e9tincelante et f\u00e9minine \u00e0 ce basique revisit\u00e9.<\/p>\n<p>&#8211; Top en laine m\u00e9rinos certifi\u00e9e RWS<br \/>\n<br \/>&#8211; Col rond<br \/>\n<br \/>&#8211; Manches \u00e9vas\u00e9es avec ouvertures et boutons bijoux c\u0153urs<br \/>\n<br \/>&#8211; Maille c\u00f4tel\u00e9e<br \/>\n<br \/>&#8211; Coupe slim<br \/>\n<br \/>&#8211; Laine m\u00e9rinos<br \/>\n<br \/>&#8211; Laine m\u00e9rinos extra fine d&#8217;Australie : respirante et thermor\u00e9gulatrice, elle peut \u00eatre port\u00e9e \u00e9t\u00e9 comme hiver.<\/p>\n","protected":false},"excerpt":{"rendered":"<p>Une silhouette d\u00e9licate et romantique pour ce top en laine m\u00e9rinos \u00e0 la maille c\u00f4tel\u00e9e. Il se distingue par ses manches \u00e9vas\u00e9es dot\u00e9es d&#8217;ouvertures orn\u00e9es de boutons bijoux en forme de c\u0153ur, apportant une touche \u00e9tincelante et f\u00e9minine \u00e0 ce basique revisit\u00e9. &#8211; Top en laine m\u00e9rinos certifi\u00e9e RWS &#8211; Col rond &#8211; Manches \u00e9vas\u00e9es [&hellip;]<\/p>\n","protected":false},"featured_media":3802589,"comment_status":"open","ping_status":"closed","template":"","meta":[],"product_brand":[6868],"product_cat":[],"product_tag":[],"acf":[],"_links":{"self":[{"href":"https:\/\/streetmarkets.fr\/app\/wp-json\/wp\/v2\/product\/3802588"}],"collection":[{"href":"https:\/\/streetmarkets.fr\/app\/wp-json\/wp\/v2\/product"}],"about":[{"href":"https:\/\/streetmarkets.fr\/app\/wp-json\/wp\/v2\/types\/product"}],"replies":[{"embeddable":true,"href":"https:\/\/streetmarkets.fr\/app\/wp-json\/wp\/v2\/comments?post=3802588"}],"wp:featuredmedia":[{"embeddable":true,"href":"https:\/\/streetmarkets.fr\/app\/wp-json\/wp\/v2\/media\/3802589"}],"wp:attachment":[{"href":"https:\/\/streetmarkets.fr\/app\/wp-json\/wp\/v2\/media?parent=3802588"}],"wp:term":[{"taxonomy":"product_brand","embeddable":true,"href":"https:\/\/streetmarkets.fr\/app\/wp-json\/wp\/v2\/product_brand?post=3802588"},{"taxonomy":"product_cat","embeddable":true,"href":"https:\/\/streetmarkets.fr\/app\/wp-json\/wp\/v2\/product_cat?post=3802588"},{"taxonomy":"product_tag","embeddable":true,"href":"https:\/\/streetmarkets.fr\/app\/wp-json\/wp\/v2\/product_tag?post=3802588"}],"curies":[{"name":"wp","href":"https:\/\/api.w.org\/{rel}","templated":true}]}}