{"id":3802474,"date":"2026-03-19T00:56:52","date_gmt":"2026-03-18T23:56:52","guid":{"rendered":"https:\/\/streetmarkets.fr\/app\/produit\/robe-courte-smockee-s26-femme-brazil-hibiscus\/"},"modified":"2026-05-09T02:20:38","modified_gmt":"2026-05-09T00:20:38","slug":"robe-courte-smockee-s26-femme-brazil-hibiscus","status":"publish","type":"product","link":"https:\/\/streetmarkets.fr\/app\/produit\/robe-courte-smockee-s26-femme-brazil-hibiscus\/","title":{"rendered":"Robe Courte Smock\u00e9e (S26 \/ FEMME \/ Brazil Hibiscus)"},"content":{"rendered":"<p>Incontournable de notre collection d&#8217;\u00e9t\u00e9 sur le th\u00e8me Br\u00e9sil, cette robe courte sans manches est confectionn\u00e9e dans une viscose fluide. Elle se distingue par son haut enti\u00e8rement smock\u00e9 qui souligne la silhouette avant de s&#8217;\u00e9vaser l\u00e9g\u00e8rement sur le bas.<\/p>\n<p>&#8211; Robe courte sans manches<br \/>\n<br \/>&#8211; 100% Viscose<br \/>\n<br \/>&#8211; Haut smock\u00e9<br \/>\n<br \/>&#8211; Tissu imprim\u00e9 floral<br \/>\n<br \/>&#8211; Coupe slim<\/p>\n","protected":false},"excerpt":{"rendered":"<p>Incontournable de notre collection d&#8217;\u00e9t\u00e9 sur le th\u00e8me Br\u00e9sil, cette robe courte sans manches est confectionn\u00e9e dans une viscose fluide. Elle se distingue par son haut enti\u00e8rement smock\u00e9 qui souligne la silhouette avant de s&#8217;\u00e9vaser l\u00e9g\u00e8rement sur le bas. &#8211; Robe courte sans manches &#8211; 100% Viscose &#8211; Haut smock\u00e9 &#8211; Tissu imprim\u00e9 floral &#8211; [&hellip;]<\/p>\n","protected":false},"featured_media":3802475,"comment_status":"open","ping_status":"closed","template":"","meta":[],"product_brand":[6868],"product_cat":[],"product_tag":[],"acf":[],"_links":{"self":[{"href":"https:\/\/streetmarkets.fr\/app\/wp-json\/wp\/v2\/product\/3802474"}],"collection":[{"href":"https:\/\/streetmarkets.fr\/app\/wp-json\/wp\/v2\/product"}],"about":[{"href":"https:\/\/streetmarkets.fr\/app\/wp-json\/wp\/v2\/types\/product"}],"replies":[{"embeddable":true,"href":"https:\/\/streetmarkets.fr\/app\/wp-json\/wp\/v2\/comments?post=3802474"}],"wp:featuredmedia":[{"embeddable":true,"href":"https:\/\/streetmarkets.fr\/app\/wp-json\/wp\/v2\/media\/3802475"}],"wp:attachment":[{"href":"https:\/\/streetmarkets.fr\/app\/wp-json\/wp\/v2\/media?parent=3802474"}],"wp:term":[{"taxonomy":"product_brand","embeddable":true,"href":"https:\/\/streetmarkets.fr\/app\/wp-json\/wp\/v2\/product_brand?post=3802474"},{"taxonomy":"product_cat","embeddable":true,"href":"https:\/\/streetmarkets.fr\/app\/wp-json\/wp\/v2\/product_cat?post=3802474"},{"taxonomy":"product_tag","embeddable":true,"href":"https:\/\/streetmarkets.fr\/app\/wp-json\/wp\/v2\/product_tag?post=3802474"}],"curies":[{"name":"wp","href":"https:\/\/api.w.org\/{rel}","templated":true}]}}