{"id":3802372,"date":"2026-03-19T00:56:36","date_gmt":"2026-03-18T23:56:36","guid":{"rendered":"https:\/\/streetmarkets.fr\/app\/produit\/pull-col-polo-crop-bicolore-perm-femme-tropical-raspberry-rws\/"},"modified":"2026-05-09T02:20:14","modified_gmt":"2026-05-09T00:20:14","slug":"pull-col-polo-crop-bicolore-perm-femme-tropical-raspberry-rws","status":"publish","type":"product","link":"https:\/\/streetmarkets.fr\/app\/produit\/pull-col-polo-crop-bicolore-perm-femme-tropical-raspberry-rws\/","title":{"rendered":"Pull Col Polo Crop Bicolore (PERM \/ FEMME \/ Tropical Raspberry\/ RWS)"},"content":{"rendered":"<p>Une silhouette graphique et bicolore pour ce pull court en laine m\u00e9rinos extrafine au col polo \u00e9l\u00e9gant. Il se distingue par son col et son d\u00e9collet\u00e9 en V contrast\u00e9s, apportant une touche moderne et dynamique \u00e0 ce basique revisit\u00e9.<\/p>\n<p>&#8211; Pull court en laine m\u00e9rinos 2 fils certifi\u00e9e RWS<br \/>\n<br \/>&#8211; Col polo contrast\u00e9<br \/>\n<br \/>&#8211; Maille c\u00f4tel\u00e9e<br \/>\n<br \/>&#8211; Coupe slim<br \/>\n<br \/>&#8211; Laine m\u00e9rinos 2 fils<br \/>\n<br \/>&#8211; Laine m\u00e9rinos extra fine d&#8217;Australie : respirante et thermor\u00e9gulatrice, elle peut \u00eatre port\u00e9e \u00e9t\u00e9 comme hiver.<\/p>\n","protected":false},"excerpt":{"rendered":"<p>Une silhouette graphique et bicolore pour ce pull court en laine m\u00e9rinos extrafine au col polo \u00e9l\u00e9gant. Il se distingue par son col et son d\u00e9collet\u00e9 en V contrast\u00e9s, apportant une touche moderne et dynamique \u00e0 ce basique revisit\u00e9. &#8211; Pull court en laine m\u00e9rinos 2 fils certifi\u00e9e RWS &#8211; Col polo contrast\u00e9 &#8211; Maille [&hellip;]<\/p>\n","protected":false},"featured_media":3802373,"comment_status":"open","ping_status":"closed","template":"","meta":[],"product_brand":[6868],"product_cat":[],"product_tag":[],"acf":[],"_links":{"self":[{"href":"https:\/\/streetmarkets.fr\/app\/wp-json\/wp\/v2\/product\/3802372"}],"collection":[{"href":"https:\/\/streetmarkets.fr\/app\/wp-json\/wp\/v2\/product"}],"about":[{"href":"https:\/\/streetmarkets.fr\/app\/wp-json\/wp\/v2\/types\/product"}],"replies":[{"embeddable":true,"href":"https:\/\/streetmarkets.fr\/app\/wp-json\/wp\/v2\/comments?post=3802372"}],"wp:featuredmedia":[{"embeddable":true,"href":"https:\/\/streetmarkets.fr\/app\/wp-json\/wp\/v2\/media\/3802373"}],"wp:attachment":[{"href":"https:\/\/streetmarkets.fr\/app\/wp-json\/wp\/v2\/media?parent=3802372"}],"wp:term":[{"taxonomy":"product_brand","embeddable":true,"href":"https:\/\/streetmarkets.fr\/app\/wp-json\/wp\/v2\/product_brand?post=3802372"},{"taxonomy":"product_cat","embeddable":true,"href":"https:\/\/streetmarkets.fr\/app\/wp-json\/wp\/v2\/product_cat?post=3802372"},{"taxonomy":"product_tag","embeddable":true,"href":"https:\/\/streetmarkets.fr\/app\/wp-json\/wp\/v2\/product_tag?post=3802372"}],"curies":[{"name":"wp","href":"https:\/\/api.w.org\/{rel}","templated":true}]}}