{"id":3801601,"date":"2026-03-19T00:28:32","date_gmt":"2026-03-18T23:28:32","guid":{"rendered":"https:\/\/streetmarkets.fr\/app\/produit\/pantalon-strecth-umps-dark-navy-jackman\/"},"modified":"2026-05-16T01:26:34","modified_gmt":"2026-05-15T23:26:34","slug":"pantalon-strecth-umps-dark-navy-jackman","status":"publish","type":"product","link":"https:\/\/streetmarkets.fr\/app\/produit\/pantalon-strecth-umps-dark-navy-jackman\/","title":{"rendered":"Stretch Umps Dark Navy Pants JACKMAN"},"content":{"rendered":"<p>Dark navy cotton trousers with a lightweight sweatpant-style texture.<br \/>\n95% cotton, 5% polyurethane \u2013 vegan \u2013 made in Japan<\/p>\n<p>Dark navy cotton trousers with a lightweight sweatpant-style texture.<br \/>95% cotton, 5% polyurethane \u2013 vegan \u2013 made in Japan<\/p>\n<p>Coupe ample \u00e0 pinces, taille \u00e9lastiqu\u00e9es, 2 grandes poches arri\u00e8res plaqu\u00e9es \u00e0 bouton. Pas de braguette.<\/p>\n","protected":false},"excerpt":{"rendered":"<p>Dark navy cotton trousers with a lightweight sweatpant-style texture. 95% cotton, 5% polyurethane \u2013 vegan \u2013 made in Japan Dark navy cotton trousers with a lightweight sweatpant-style texture.95% cotton, 5% polyurethane \u2013 vegan \u2013 made in Japan Coupe ample \u00e0 pinces, taille \u00e9lastiqu\u00e9es, 2 grandes poches arri\u00e8res plaqu\u00e9es \u00e0 bouton. Pas de braguette.<\/p>\n","protected":false},"featured_media":3801602,"comment_status":"open","ping_status":"closed","template":"","meta":[],"product_brand":[],"product_cat":[],"product_tag":[],"acf":[],"_links":{"self":[{"href":"https:\/\/streetmarkets.fr\/app\/wp-json\/wp\/v2\/product\/3801601"}],"collection":[{"href":"https:\/\/streetmarkets.fr\/app\/wp-json\/wp\/v2\/product"}],"about":[{"href":"https:\/\/streetmarkets.fr\/app\/wp-json\/wp\/v2\/types\/product"}],"replies":[{"embeddable":true,"href":"https:\/\/streetmarkets.fr\/app\/wp-json\/wp\/v2\/comments?post=3801601"}],"wp:featuredmedia":[{"embeddable":true,"href":"https:\/\/streetmarkets.fr\/app\/wp-json\/wp\/v2\/media\/3801602"}],"wp:attachment":[{"href":"https:\/\/streetmarkets.fr\/app\/wp-json\/wp\/v2\/media?parent=3801601"}],"wp:term":[{"taxonomy":"product_brand","embeddable":true,"href":"https:\/\/streetmarkets.fr\/app\/wp-json\/wp\/v2\/product_brand?post=3801601"},{"taxonomy":"product_cat","embeddable":true,"href":"https:\/\/streetmarkets.fr\/app\/wp-json\/wp\/v2\/product_cat?post=3801601"},{"taxonomy":"product_tag","embeddable":true,"href":"https:\/\/streetmarkets.fr\/app\/wp-json\/wp\/v2\/product_tag?post=3801601"}],"curies":[{"name":"wp","href":"https:\/\/api.w.org\/{rel}","templated":true}]}}