{"id":3795156,"date":"2026-03-17T01:45:52","date_gmt":"2026-03-17T00:45:52","guid":{"rendered":"https:\/\/streetmarkets.fr\/app\/produit\/t-shirt-court-farpy-261-w-thyme\/"},"modified":"2026-05-09T02:55:13","modified_gmt":"2026-05-09T00:55:13","slug":"t-shirt-court-farpy-261-w-thyme","status":"publish","type":"product","link":"https:\/\/streetmarkets.fr\/app\/produit\/t-shirt-court-farpy-261-w-thyme\/","title":{"rendered":"T-shirt court Farpy (261 \/ W \/ THYME)"},"content":{"rendered":"<p>T-shirt court oversized avec couture dans le dos, confectionn\u00e9 en jersey de coton l\u00e9ger kaki d\u00e9lav\u00e9.<\/p>\n<ul>\n<li><b>Coupe courte oversized : choisissez votre taille habituelle pour le look souhait\u00e9 ou une taille en dessous pour une coupe plus ajust\u00e9e.<\/b><\/li>\n<li>Manches courtes<\/li>\n<li>Encolure ronde<\/li>\n<li>Couture dans le dos<\/li>\n<li>Logo \u00ab rose \u00bb brod\u00e9 ton sur ton \u00e0 l&#8217;ourlet<\/li>\n<li>Jersey de coton l\u00e9ger, 125 g\/m\u00b2<\/li>\n<\/ul>\n","protected":false},"excerpt":{"rendered":"<p>T-shirt court oversized avec couture dans le dos, confectionn\u00e9 en jersey de coton l\u00e9ger kaki d\u00e9lav\u00e9. Coupe courte oversized : choisissez votre taille habituelle pour le look souhait\u00e9 ou une taille en dessous pour une coupe plus ajust\u00e9e. Manches courtes Encolure ronde Couture dans le dos Logo \u00ab rose \u00bb brod\u00e9 ton sur ton \u00e0 [&hellip;]<\/p>\n","protected":false},"featured_media":4108414,"comment_status":"open","ping_status":"closed","template":"","meta":[],"product_brand":[2529],"product_cat":[],"product_tag":[],"acf":[],"_links":{"self":[{"href":"https:\/\/streetmarkets.fr\/app\/wp-json\/wp\/v2\/product\/3795156"}],"collection":[{"href":"https:\/\/streetmarkets.fr\/app\/wp-json\/wp\/v2\/product"}],"about":[{"href":"https:\/\/streetmarkets.fr\/app\/wp-json\/wp\/v2\/types\/product"}],"replies":[{"embeddable":true,"href":"https:\/\/streetmarkets.fr\/app\/wp-json\/wp\/v2\/comments?post=3795156"}],"wp:featuredmedia":[{"embeddable":true,"href":"https:\/\/streetmarkets.fr\/app\/wp-json\/wp\/v2\/media\/4108414"}],"wp:attachment":[{"href":"https:\/\/streetmarkets.fr\/app\/wp-json\/wp\/v2\/media?parent=3795156"}],"wp:term":[{"taxonomy":"product_brand","embeddable":true,"href":"https:\/\/streetmarkets.fr\/app\/wp-json\/wp\/v2\/product_brand?post=3795156"},{"taxonomy":"product_cat","embeddable":true,"href":"https:\/\/streetmarkets.fr\/app\/wp-json\/wp\/v2\/product_cat?post=3795156"},{"taxonomy":"product_tag","embeddable":true,"href":"https:\/\/streetmarkets.fr\/app\/wp-json\/wp\/v2\/product_tag?post=3795156"}],"curies":[{"name":"wp","href":"https:\/\/api.w.org\/{rel}","templated":true}]}}