{"id":3790415,"date":"2026-03-17T00:59:25","date_gmt":"2026-03-16T23:59:25","guid":{"rendered":"https:\/\/streetmarkets.fr\/app\/produit\/service-works-pantalon-chef-pants-black\/"},"modified":"2026-05-11T02:02:51","modified_gmt":"2026-05-11T00:02:51","slug":"service-works-pantalon-chef-pants-black","status":"publish","type":"product","link":"https:\/\/streetmarkets.fr\/app\/produit\/service-works-pantalon-chef-pants-black\/","title":{"rendered":"SERVICE WORKS Pantalon CHEF pants Black"},"content":{"rendered":"<p><strong>Cr\u00e9ateur :<\/strong> Service Works<\/p>\n<p><strong>R\u00e9alisation : <\/strong><span class=\"Y2IQFc\" lang=\"fr\">Pantalon jambe droite, <\/span><\/p>\n<p><span class=\"Y2IQFc\" lang=\"fr\">taille ajustable avec cordon de serrage<\/span><\/p>\n<p>poches avant\/ poches arri\u00e8re<\/p>\n<p id=\"tw-target-text\" class=\"tw-data-text tw-text-large tw-ta\" dir=\"ltr\" data-placeholder=\"Traduction\"><span class=\"Y2IQFc\" lang=\"fr\">Fabriqu\u00e9 en 100% coton\u00a0<\/span><\/p>\n<p><span class=\"Y2IQFc\" lang=\"fr\">Marque d\u00e9di\u00e9e au v\u00eatement de travail culinaire, pens\u00e9 et con\u00e7u pour durer.<\/span><\/p>\n<p dir=\"ltr\" data-placeholder=\"Traduction\">\n","protected":false},"excerpt":{"rendered":"<p>Cr\u00e9ateur : Service Works R\u00e9alisation : Pantalon jambe droite, taille ajustable avec cordon de serrage poches avant\/ poches arri\u00e8re Fabriqu\u00e9 en 100% coton\u00a0 Marque d\u00e9di\u00e9e au v\u00eatement de travail culinaire, pens\u00e9 et con\u00e7u pour durer.<\/p>\n","protected":false},"featured_media":3790416,"comment_status":"open","ping_status":"closed","template":"","meta":[],"product_brand":[],"product_cat":[],"product_tag":[],"acf":[],"_links":{"self":[{"href":"https:\/\/streetmarkets.fr\/app\/wp-json\/wp\/v2\/product\/3790415"}],"collection":[{"href":"https:\/\/streetmarkets.fr\/app\/wp-json\/wp\/v2\/product"}],"about":[{"href":"https:\/\/streetmarkets.fr\/app\/wp-json\/wp\/v2\/types\/product"}],"replies":[{"embeddable":true,"href":"https:\/\/streetmarkets.fr\/app\/wp-json\/wp\/v2\/comments?post=3790415"}],"wp:featuredmedia":[{"embeddable":true,"href":"https:\/\/streetmarkets.fr\/app\/wp-json\/wp\/v2\/media\/3790416"}],"wp:attachment":[{"href":"https:\/\/streetmarkets.fr\/app\/wp-json\/wp\/v2\/media?parent=3790415"}],"wp:term":[{"taxonomy":"product_brand","embeddable":true,"href":"https:\/\/streetmarkets.fr\/app\/wp-json\/wp\/v2\/product_brand?post=3790415"},{"taxonomy":"product_cat","embeddable":true,"href":"https:\/\/streetmarkets.fr\/app\/wp-json\/wp\/v2\/product_cat?post=3790415"},{"taxonomy":"product_tag","embeddable":true,"href":"https:\/\/streetmarkets.fr\/app\/wp-json\/wp\/v2\/product_tag?post=3790415"}],"curies":[{"name":"wp","href":"https:\/\/api.w.org\/{rel}","templated":true}]}}