{"id":3790189,"date":"2026-03-16T05:52:34","date_gmt":"2026-03-16T04:52:34","guid":{"rendered":"https:\/\/streetmarkets.fr\/app\/produit\/3247-palm-trees-ss-shirt\/"},"modified":"2026-03-16T05:52:39","modified_gmt":"2026-03-16T04:52:39","slug":"3247-palm-trees-ss-shirt","status":"publish","type":"product","link":"https:\/\/streetmarkets.fr\/app\/produit\/3247-palm-trees-ss-shirt\/","title":{"rendered":"3247 Palm Trees SS Shirt"},"content":{"rendered":"<p>La <strong>3247 Palm Trees SS Shirt<\/strong> de <strong>Revolution<\/strong> est une <strong>chemise cubaine \u00e0 manches courtes<\/strong>, id\u00e9ale pour les <strong>journ\u00e9es estivales<\/strong>. Fabriqu\u00e9e dans un <strong>coton bio l\u00e9ger<\/strong>, cette chemise se distingue par son <strong>tissage de fils fins et \u00e9pais<\/strong>, lui conf\u00e9rant une <strong>texture caract\u00e9ristique et une structure l\u00e9g\u00e8rement rugueuse<\/strong>.<\/p>\n<p>Son <strong>imprim\u00e9 color\u00e9 de palmiers<\/strong> sur toute la surface apporte une <strong>touche de gaiet\u00e9 et d\u2019exotisme<\/strong>, parfait pour un look <strong>d\u00e9contract\u00e9 et ensoleill\u00e9<\/strong>. La chemise est dot\u00e9e d\u2019un <strong>col cubain<\/strong>, d\u2019une <strong>fermeture boutonn\u00e9e avec des boutons ton sur ton \u00e0 4 trous<\/strong>, et d\u2019un <strong>ourlet courb\u00e9<\/strong> pour un <strong>port facile en superposition<\/strong>. Le <strong>dos avec empi\u00e8cement double et pli box<\/strong> garantit un <strong>confort optimal<\/strong>.<\/p>\n<p><strong>Pourquoi l\u2019adopter ?<\/strong><\/p>\n<ul>\n<li>\n<strong>Style estival<\/strong> : Imprim\u00e9 color\u00e9 de palmiers pour un <strong>look ensoleill\u00e9 et d\u00e9contract\u00e9<\/strong>.<\/li>\n<li>\n<strong>Mati\u00e8re \u00e9cologique<\/strong> : Coton bio l\u00e9ger pour un <strong>confort et une respirabilit\u00e9 optimaux<\/strong>.<\/li>\n<li>\n<strong>Texture unique<\/strong> : Tissage de fils fins et \u00e9pais pour une <strong>structure caract\u00e9ristique<\/strong>.<\/li>\n<li>\n<strong>D\u00e9tails raffin\u00e9s<\/strong> : Col cubain, boutons ton sur ton et ourlet courb\u00e9 pour un <strong>style \u00e9l\u00e9gant<\/strong>.<\/li>\n<\/ul>\n<p><strong>Nos conseils Style :<\/strong><\/p>\n<p><em>Portez cette chemise avec un\u00a0<strong>short en lin blanc<\/strong> et des espadrilles pour un look <strong>estival et d\u00e9contract\u00e9<\/strong>, ou associez-la \u00e0 un <strong>pantalon chino beige<\/strong> pour une tenue <strong>smart-casual<\/strong>.\u00a0<\/em><\/p>\n","protected":false},"excerpt":{"rendered":"<p>La 3247 Palm Trees SS Shirt de Revolution est une chemise cubaine \u00e0 manches courtes, id\u00e9ale pour les journ\u00e9es estivales. Fabriqu\u00e9e dans un coton bio l\u00e9ger, cette chemise se distingue par son tissage de fils fins et \u00e9pais, lui conf\u00e9rant une texture caract\u00e9ristique et une structure l\u00e9g\u00e8rement rugueuse. Son imprim\u00e9 color\u00e9 de palmiers sur toute [&hellip;]<\/p>\n","protected":false},"featured_media":3790190,"comment_status":"open","ping_status":"closed","template":"","meta":[],"product_brand":[],"product_cat":[],"product_tag":[],"acf":[],"_links":{"self":[{"href":"https:\/\/streetmarkets.fr\/app\/wp-json\/wp\/v2\/product\/3790189"}],"collection":[{"href":"https:\/\/streetmarkets.fr\/app\/wp-json\/wp\/v2\/product"}],"about":[{"href":"https:\/\/streetmarkets.fr\/app\/wp-json\/wp\/v2\/types\/product"}],"replies":[{"embeddable":true,"href":"https:\/\/streetmarkets.fr\/app\/wp-json\/wp\/v2\/comments?post=3790189"}],"wp:featuredmedia":[{"embeddable":true,"href":"https:\/\/streetmarkets.fr\/app\/wp-json\/wp\/v2\/media\/3790190"}],"wp:attachment":[{"href":"https:\/\/streetmarkets.fr\/app\/wp-json\/wp\/v2\/media?parent=3790189"}],"wp:term":[{"taxonomy":"product_brand","embeddable":true,"href":"https:\/\/streetmarkets.fr\/app\/wp-json\/wp\/v2\/product_brand?post=3790189"},{"taxonomy":"product_cat","embeddable":true,"href":"https:\/\/streetmarkets.fr\/app\/wp-json\/wp\/v2\/product_cat?post=3790189"},{"taxonomy":"product_tag","embeddable":true,"href":"https:\/\/streetmarkets.fr\/app\/wp-json\/wp\/v2\/product_tag?post=3790189"}],"curies":[{"name":"wp","href":"https:\/\/api.w.org\/{rel}","templated":true}]}}