{"id":3789776,"date":"2026-03-16T02:34:22","date_gmt":"2026-03-16T01:34:22","guid":{"rendered":"https:\/\/streetmarkets.fr\/app\/produit\/thierry-mugler-tm-772\/"},"modified":"2026-04-30T03:34:16","modified_gmt":"2026-04-30T01:34:16","slug":"thierry-mugler-tm-772","status":"publish","type":"product","link":"https:\/\/streetmarkets.fr\/app\/produit\/thierry-mugler-tm-772\/","title":{"rendered":"THIERRY MUGLER &#8211; TM 772"},"content":{"rendered":"<\/p>\n<p>Cette paire se distingue par sa forme masque embl\u00e9matique, caract\u00e9ristique du style audacieux de la maison Mugler. La monture, dans une finition marron mat, est sublim\u00e9e par le d\u00e9tail de l\u2019\u00e9toile au centre, signature graphique forte du cr\u00e9ateur. Une pi\u00e8ce vintage au design affirm\u00e9 qui refl\u00e8te parfaitement l\u2019esth\u00e9tique futuriste et avant-gardiste de Thierry Mugler dans les ann\u00e9es 90.<\/p>\n<div id=\"accordion\">\n<div style=\"border-top: 1px solid #d3d3d3;border-left: none;border-right: none;border-bottom: 1px solid #d3d3d3\" class=\"card\">\n<button data-target=\"#collapseOne\" data-toggle=\"collapse\" class=\"card-header collapsed card-link\" style=\"color: black;background-color: initial;box-shadow: none;font-size: 20px;text-transform: uppercase;border: none\"> <b style=\"font-family: Oswald;font-size: 15px;font-style: normal;font-variant: normal;font-weight: 400;line-height: 18.2px;text-align: justify;color: #766456;letter-spacing: 1px\" class=\"header-title float-left\"> Description d\u00e9taill\u00e9e <\/b> <i style=\"position: absolute;right: 10px;color: #766456\" class=\"fas fa-angle-right float-right\"><\/i> <\/button><\/p>\n<div class=\"collapse\" id=\"collapseOne\">\n<div style=\"margin-top: -10px\" class=\"card-body\">\n<p style=\"margin-bottom: -3px;font-size: 15px\"><b>Marque : <\/b> Thierry Mugler<\/p>\n<p style=\"margin-bottom: -3px;font-size: 15px\"><b>Ann\u00e9es : <\/b>90&#8242;<\/p>\n<p style=\"margin-bottom: -3px;font-size: 15px\"><b>Forme : <\/b>Masque<\/p>\n<p style=\"margin-bottom: -3px;font-size: 15px\"><b>Couleur :<\/b> Marron<\/p>\n<p style=\"margin-bottom: -3px;font-size: 15px\"><b>Mat\u00e9riaux :<\/b>\u00a0Ac\u00e9tate et m\u00e9tal argent\u00a0<\/p>\n<p style=\"margin-bottom: -3px;font-size: 15px\"><b>Verres :<\/b> Verres marrons<\/p>\n<p style=\"margin-bottom: -15px;font-size: 15px\"><b>Fabrication : <\/b> France<\/p>\n<p><\/p>\n<p style=\"margin-bottom: -5px;font-size: 15px\"><b>Etat :\u00a0<\/b>Tr\u00e8s bon \u00e9tat<\/p>\n<p><\/p>\n<p style=\"margin-bottom: -5px;font-style: italic;font-size: 15px\">Toutes nos lunettes passent entre les mains de nos opticiens, qui r\u00e9habilitent et ajustent les montures pour un confort optimal.<\/p>\n<\/div>\n<\/div>\n<\/div>\n<div style=\"border: none;border-bottom: 1px solid #d3d3d3\" class=\"card\">\n<button data-target=\"#collapseTwo\" data-toggle=\"collapse\" class=\"card-header collapsed card-link\" style=\"color: black;background-color: initial;box-shadow: none;font-size: 20px;text-transform: uppercase;border: none\"> <b style=\"font-family: Oswald;font-size: 15px;font-style: normal;font-variant: normal;font-weight: 400;line-height: 18.2px;text-align: justify;color: #766456;letter-spacing: 1px\" class=\"header-title float-left\"> Guide des tailles<\/b> <i style=\"position: absolute;right: 10px;color: #766456\" class=\"fas fa-angle-right float-right\"><\/i> <\/button><\/p>\n<div class=\"collapse\" id=\"collapseTwo\">\n<div style=\"margin-top: -10px\" class=\"card-body\">\n<img decoding=\"async\" border=\"0\" src=\"https:\/\/cdn.shopify.com\/s\/files\/1\/0602\/6009\/0089\/files\/mesuresLunettesPapillonsPNG.png?v=1636987570\"> <\/p>\n<p style=\"font-size: 15px;margin-bottom: -5px\"><b>A <\/b> &#8211; Face : 145 mm <br \/><b>B <\/b> &#8211; Pont\/Nez : 10 mm <br \/><b>C <\/b> &#8211; Calibre : 50 mm<\/p>\n<\/div>\n<\/div>\n<\/div>\n<div style=\"border: none;border-bottom: 1px solid #d3d3d3\" class=\"card\">\n<button data-target=\"#collapseThree\" data-toggle=\"collapse\" class=\"card-header collapsed card-link\" style=\"color: black;background-color: initial;box-shadow: none;font-size: 20px;text-transform: uppercase;border: none\"> <b style=\"font-family: Oswald;font-size: 15px;font-style: normal;font-variant: normal;font-weight: 400;line-height: 18.2px;text-align: justify;color: #766456;letter-spacing: 1px\" class=\"header-title float-left\"> Entretien <\/b> <i style=\"position: absolute;right: 10px;color: #766456\" class=\"fas fa-angle-right float-right\"><\/i> <\/button><\/p>\n<div class=\"collapse\" id=\"collapseThree\">\n<div style=\"margin-top: -10px\" class=\"card-body\">\n<p>&#8211; Nettoyez vos lunettes avec de l&#8217;eau froide (jamais chaude) et du savon liquide non gras puis essuyez-les avec une microfibre pour ne pas ab\u00eemer les verres.<\/p>\n<p><span>&#8211; Rangez vos lunettes dans leur \u00e9tui et ne les posez jamais sur les verres afin de les garder intactes.<\/span><\/p>\n<p>&#8211; Ne laissez jamais vos lunettes pr\u00e8s d&#8217;une source de chaleur, cela risquerait de les d\u00e9former.<\/p>\n<\/div>\n<\/div>\n<\/div>\n<\/div>\n<p style=\"font-style: italic;font-size: 15px;margin-top: 10px\">Chaque paire est livr\u00e9e dans un pochon fabriqu\u00e9 en France \u00e0 partir de tissus vintage.<br \/>\n\t\t\t\t$(&#8216;.card-header&#8217;).click(function() {<br \/>\n\t\t\t\t\t$(this).find(&#8216;i&#8217;).toggleClass(&#8216;fas fa-angle-right fas fa-angle-down&#8217;);<br \/>\n\t\t\t\t});\n\t\t\t<\/p>\n","protected":false},"excerpt":{"rendered":"<p>Cette paire se distingue par sa forme masque embl\u00e9matique, caract\u00e9ristique du style audacieux de la maison Mugler. La monture, dans une finition marron mat, est sublim\u00e9e par le d\u00e9tail de l\u2019\u00e9toile au centre, signature graphique forte du cr\u00e9ateur. Une pi\u00e8ce vintage au design affirm\u00e9 qui refl\u00e8te parfaitement l\u2019esth\u00e9tique futuriste et avant-gardiste de Thierry Mugler dans [&hellip;]<\/p>\n","protected":false},"featured_media":3789777,"comment_status":"open","ping_status":"closed","template":"","meta":[],"product_brand":[],"product_cat":[],"product_tag":[],"acf":[],"_links":{"self":[{"href":"https:\/\/streetmarkets.fr\/app\/wp-json\/wp\/v2\/product\/3789776"}],"collection":[{"href":"https:\/\/streetmarkets.fr\/app\/wp-json\/wp\/v2\/product"}],"about":[{"href":"https:\/\/streetmarkets.fr\/app\/wp-json\/wp\/v2\/types\/product"}],"replies":[{"embeddable":true,"href":"https:\/\/streetmarkets.fr\/app\/wp-json\/wp\/v2\/comments?post=3789776"}],"wp:featuredmedia":[{"embeddable":true,"href":"https:\/\/streetmarkets.fr\/app\/wp-json\/wp\/v2\/media\/3789777"}],"wp:attachment":[{"href":"https:\/\/streetmarkets.fr\/app\/wp-json\/wp\/v2\/media?parent=3789776"}],"wp:term":[{"taxonomy":"product_brand","embeddable":true,"href":"https:\/\/streetmarkets.fr\/app\/wp-json\/wp\/v2\/product_brand?post=3789776"},{"taxonomy":"product_cat","embeddable":true,"href":"https:\/\/streetmarkets.fr\/app\/wp-json\/wp\/v2\/product_cat?post=3789776"},{"taxonomy":"product_tag","embeddable":true,"href":"https:\/\/streetmarkets.fr\/app\/wp-json\/wp\/v2\/product_tag?post=3789776"}],"curies":[{"name":"wp","href":"https:\/\/api.w.org\/{rel}","templated":true}]}}