{"id":3770528,"date":"2026-03-13T07:40:28","date_gmt":"2026-03-13T06:40:28","guid":{"rendered":"https:\/\/streetmarkets.fr\/app\/produit\/blouse-juulivo-indigo-laurence-bras\/"},"modified":"2026-05-17T08:39:41","modified_gmt":"2026-05-17T06:39:41","slug":"blouse-juulivo-indigo-laurence-bras","status":"publish","type":"product","link":"https:\/\/streetmarkets.fr\/app\/produit\/blouse-juulivo-indigo-laurence-bras\/","title":{"rendered":"Blouse Juulivo indigo &#8211; Laurence Bras"},"content":{"rendered":"<ul>\n<li data-end=\"74\" data-start=\"41\">\n<p data-end=\"74\" data-start=\"43\">Blouse en coton droite l\u00e9g\u00e8rement ample\u00a0<\/p>\n<\/li>\n<li data-end=\"117\" data-start=\"75\">\n<p data-end=\"117\" data-start=\"77\">Encolure fendue en V souple et d\u00e9gag\u00e9e<\/p>\n<\/li>\n<li data-end=\"117\" data-start=\"75\">\n<p data-end=\"117\" data-start=\"77\">Manches longues resserr\u00e9es par poignets boutonn\u00e9s<\/p>\n<\/li>\n<li data-end=\"158\" data-start=\"118\">\n<p data-end=\"158\" data-start=\"120\">\u00c9paules fronc\u00e9es<\/p>\n<\/li>\n<\/ul>\n","protected":false},"excerpt":{"rendered":"<p>Blouse en coton droite l\u00e9g\u00e8rement ample\u00a0 Encolure fendue en V souple et d\u00e9gag\u00e9e Manches longues resserr\u00e9es par poignets boutonn\u00e9s \u00c9paules fronc\u00e9es<\/p>\n","protected":false},"featured_media":3770529,"comment_status":"open","ping_status":"closed","template":"","meta":[],"product_brand":[],"product_cat":[],"product_tag":[],"acf":[],"_links":{"self":[{"href":"https:\/\/streetmarkets.fr\/app\/wp-json\/wp\/v2\/product\/3770528"}],"collection":[{"href":"https:\/\/streetmarkets.fr\/app\/wp-json\/wp\/v2\/product"}],"about":[{"href":"https:\/\/streetmarkets.fr\/app\/wp-json\/wp\/v2\/types\/product"}],"replies":[{"embeddable":true,"href":"https:\/\/streetmarkets.fr\/app\/wp-json\/wp\/v2\/comments?post=3770528"}],"wp:featuredmedia":[{"embeddable":true,"href":"https:\/\/streetmarkets.fr\/app\/wp-json\/wp\/v2\/media\/3770529"}],"wp:attachment":[{"href":"https:\/\/streetmarkets.fr\/app\/wp-json\/wp\/v2\/media?parent=3770528"}],"wp:term":[{"taxonomy":"product_brand","embeddable":true,"href":"https:\/\/streetmarkets.fr\/app\/wp-json\/wp\/v2\/product_brand?post=3770528"},{"taxonomy":"product_cat","embeddable":true,"href":"https:\/\/streetmarkets.fr\/app\/wp-json\/wp\/v2\/product_cat?post=3770528"},{"taxonomy":"product_tag","embeddable":true,"href":"https:\/\/streetmarkets.fr\/app\/wp-json\/wp\/v2\/product_tag?post=3770528"}],"curies":[{"name":"wp","href":"https:\/\/api.w.org\/{rel}","templated":true}]}}