{"id":3761694,"date":"2026-03-12T01:04:34","date_gmt":"2026-03-12T00:04:34","guid":{"rendered":"https:\/\/streetmarkets.fr\/app\/produit\/robe-longue-bretelles-s26-femme-sunny-hibiscus\/"},"modified":"2026-05-16T01:58:30","modified_gmt":"2026-05-15T23:58:30","slug":"robe-longue-bretelles-s26-femme-sunny-hibiscus","status":"publish","type":"product","link":"https:\/\/streetmarkets.fr\/app\/produit\/robe-longue-bretelles-s26-femme-sunny-hibiscus\/","title":{"rendered":"Robe Longue Bretelles (S26\/ FEMME\/ Sunny hibiscus)"},"content":{"rendered":"<p>Une silhouette fluide et lumineuse pour cette robe longue confectionn\u00e9e en mousseline de viscose. Elle se distingue par son jeu de fronces sur le buste, offrant une allure sophistiqu\u00e9e et \u00e9clatante pour vos soir\u00e9es d&#8217;\u00e9t\u00e9.<\/p>\n<p>&#8211; Robe longue \u00e0 fines bretelles<br \/>\n<br \/>&#8211; D\u00e9tails de fronces sur la poitrine<br \/>\n<br \/>&#8211; Coupe slim<br \/>\n<br \/>&#8211; 100% viscose<\/p>\n","protected":false},"excerpt":{"rendered":"<p>Une silhouette fluide et lumineuse pour cette robe longue confectionn\u00e9e en mousseline de viscose. Elle se distingue par son jeu de fronces sur le buste, offrant une allure sophistiqu\u00e9e et \u00e9clatante pour vos soir\u00e9es d&#8217;\u00e9t\u00e9. &#8211; Robe longue \u00e0 fines bretelles &#8211; D\u00e9tails de fronces sur la poitrine &#8211; Coupe slim &#8211; 100% viscose<\/p>\n","protected":false},"featured_media":3761695,"comment_status":"open","ping_status":"closed","template":"","meta":[],"product_brand":[6868],"product_cat":[],"product_tag":[],"acf":[],"_links":{"self":[{"href":"https:\/\/streetmarkets.fr\/app\/wp-json\/wp\/v2\/product\/3761694"}],"collection":[{"href":"https:\/\/streetmarkets.fr\/app\/wp-json\/wp\/v2\/product"}],"about":[{"href":"https:\/\/streetmarkets.fr\/app\/wp-json\/wp\/v2\/types\/product"}],"replies":[{"embeddable":true,"href":"https:\/\/streetmarkets.fr\/app\/wp-json\/wp\/v2\/comments?post=3761694"}],"wp:featuredmedia":[{"embeddable":true,"href":"https:\/\/streetmarkets.fr\/app\/wp-json\/wp\/v2\/media\/3761695"}],"wp:attachment":[{"href":"https:\/\/streetmarkets.fr\/app\/wp-json\/wp\/v2\/media?parent=3761694"}],"wp:term":[{"taxonomy":"product_brand","embeddable":true,"href":"https:\/\/streetmarkets.fr\/app\/wp-json\/wp\/v2\/product_brand?post=3761694"},{"taxonomy":"product_cat","embeddable":true,"href":"https:\/\/streetmarkets.fr\/app\/wp-json\/wp\/v2\/product_cat?post=3761694"},{"taxonomy":"product_tag","embeddable":true,"href":"https:\/\/streetmarkets.fr\/app\/wp-json\/wp\/v2\/product_tag?post=3761694"}],"curies":[{"name":"wp","href":"https:\/\/api.w.org\/{rel}","templated":true}]}}