{"id":3761498,"date":"2026-03-12T00:56:54","date_gmt":"2026-03-11T23:56:54","guid":{"rendered":"https:\/\/streetmarkets.fr\/app\/produit\/louis-vuitton-alma-bag-x-takashi-murakami\/"},"modified":"2026-05-12T02:07:10","modified_gmt":"2026-05-12T00:07:10","slug":"louis-vuitton-alma-bag-x-takashi-murakami","status":"publish","type":"product","link":"https:\/\/streetmarkets.fr\/app\/produit\/louis-vuitton-alma-bag-x-takashi-murakami\/","title":{"rendered":"Louis Vuitton Alma Bag x Takashi Murakami"},"content":{"rendered":"<p>Louis Vuitton Alma Bag x&nbsp;Takashi Murakami monogramme multicolore periode 2003 Marc Jacob.<\/p>\n<p>&nbsp;Petites anses doublure en velour rouge. Des clous dor\u00e9s entourent la poche avant zipp\u00e9e. Grande poche centrale avec deux fermetures \u00e9clair dor\u00e9es orn\u00e9es du lettrage &#8220;Louis Vuitton&#8221;. Int\u00e9rieur en velours rouge avec petite poche lat\u00e9rale.<\/p>\n<p>VINTAGE CONDITION: <\/p>\n<p>Good<\/p>\n<p>MATERIALS: <\/p>\n<p>Leather<\/p>\n<p>COLOR: <\/p>\n<p>White and multicolor<\/p>\n<p>SIZE: <\/p>\n<p>Length: 39cm<br \/>\nHeight: 24,5cm<\/p>\n<p>PACKAGING: <\/p>\n<p>Original packaging not available<\/p>\n<p>SHIPPING &amp; RETURN POLICY: <\/p>\n<p>Packages are generally dispatched within 2 days after receipt of payment and are shipped worldwide via Colissimo with tracking information.<\/p>\n<p>Please see our Shipping &amp; Returns Terms for important details regarding shipment options and fees.<br \/>\n&nbsp;<\/p>\n<p><\/p>\n","protected":false},"excerpt":{"rendered":"<p>Louis Vuitton Alma Bag x&nbsp;Takashi Murakami monogramme multicolore periode 2003 Marc Jacob. &nbsp;Petites anses doublure en velour rouge. Des clous dor\u00e9s entourent la poche avant zipp\u00e9e. Grande poche centrale avec deux fermetures \u00e9clair dor\u00e9es orn\u00e9es du lettrage &#8220;Louis Vuitton&#8221;. Int\u00e9rieur en velours rouge avec petite poche lat\u00e9rale. VINTAGE CONDITION: Good MATERIALS: Leather COLOR: White and [&hellip;]<\/p>\n","protected":false},"featured_media":3761499,"comment_status":"open","ping_status":"closed","template":"","meta":[],"product_brand":[],"product_cat":[],"product_tag":[],"acf":[],"_links":{"self":[{"href":"https:\/\/streetmarkets.fr\/app\/wp-json\/wp\/v2\/product\/3761498"}],"collection":[{"href":"https:\/\/streetmarkets.fr\/app\/wp-json\/wp\/v2\/product"}],"about":[{"href":"https:\/\/streetmarkets.fr\/app\/wp-json\/wp\/v2\/types\/product"}],"replies":[{"embeddable":true,"href":"https:\/\/streetmarkets.fr\/app\/wp-json\/wp\/v2\/comments?post=3761498"}],"wp:featuredmedia":[{"embeddable":true,"href":"https:\/\/streetmarkets.fr\/app\/wp-json\/wp\/v2\/media\/3761499"}],"wp:attachment":[{"href":"https:\/\/streetmarkets.fr\/app\/wp-json\/wp\/v2\/media?parent=3761498"}],"wp:term":[{"taxonomy":"product_brand","embeddable":true,"href":"https:\/\/streetmarkets.fr\/app\/wp-json\/wp\/v2\/product_brand?post=3761498"},{"taxonomy":"product_cat","embeddable":true,"href":"https:\/\/streetmarkets.fr\/app\/wp-json\/wp\/v2\/product_cat?post=3761498"},{"taxonomy":"product_tag","embeddable":true,"href":"https:\/\/streetmarkets.fr\/app\/wp-json\/wp\/v2\/product_tag?post=3761498"}],"curies":[{"name":"wp","href":"https:\/\/api.w.org\/{rel}","templated":true}]}}