{"id":3750790,"date":"2026-03-10T00:41:44","date_gmt":"2026-03-09T23:41:44","guid":{"rendered":"https:\/\/streetmarkets.fr\/app\/produit\/baskets-tutu-glow-ballet-caval\/"},"modified":"2026-05-07T01:41:19","modified_gmt":"2026-05-06T23:41:19","slug":"baskets-tutu-glow-ballet-caval","status":"publish","type":"product","link":"https:\/\/streetmarkets.fr\/app\/produit\/baskets-tutu-glow-ballet-caval\/","title":{"rendered":"Baskets TUTU GLOW Ballet &#8211; CAVAL"},"content":{"rendered":"<p data-rte-preserve-empty=\"true\">Les <strong>baskets TUTU GLOW Ballet rose<\/strong> de la marque fran\u00e7aise <span>CAVAL<\/span> r\u00e9interpr\u00e8tent la <strong>l\u00e9g\u00e8ret\u00e9 et la souplesse d\u2019une ballerine<\/strong> dans une sneaker contemporaine au design asym\u00e9trique signature.<\/p>\n<p data-rte-preserve-empty=\"true\">Inspir\u00e9es du mod\u00e8le iconique Pulse, elles associent <strong>courbes douces et lignes graphiques<\/strong> pour cr\u00e9er une silhouette moderne et \u00e9l\u00e9gante. Leur <strong>semelle extra-fine<\/strong>, souple et r\u00e9sistante, accentue la sensation de l\u00e9g\u00e8ret\u00e9 et accompagne le mouvement du pied avec naturel.<\/p>\n<p data-rte-preserve-empty=\"true\">Confectionn\u00e9es selon la <strong>m\u00e9thode traditionnelle du sacchetto<\/strong>, ces sneakers offrent un confort exceptionnel, proche d\u2019un chausson, tout en conservant la flexibilit\u00e9 d\u2019une basket. Les <strong>lacets ronds \u00e0 effet lumineux subtilement ray\u00e9s<\/strong> apportent une touche sportswear contemporaine qui contraste avec l\u2019\u00e9l\u00e9gance du cuir.<\/p>\n<p data-rte-preserve-empty=\"true\">Fabriqu\u00e9es <strong>\u00e0 la main \u00e0 Guimar\u00e3es au Portugal<\/strong>, elles utilisent des <strong>mat\u00e9riaux durables et labellis\u00e9s<\/strong>, dont un <strong>cuir nappa certifi\u00e9 LWG<\/strong> et une <strong>doublure microfibre OEKO-TEX<\/strong>. Pens\u00e9es comme un \u00e9quilibre entre <strong>sneakers et chaussure habill\u00e9e<\/strong>, elles offrent un style raffin\u00e9 et confortable au quotidien.<\/p>\n<p data-rte-preserve-empty=\"true\">Une paire originale et \u00e9l\u00e9gante s\u00e9lectionn\u00e9e par Twins Concept Store.<\/p>\n","protected":false},"excerpt":{"rendered":"<p>Les baskets TUTU GLOW Ballet rose de la marque fran\u00e7aise CAVAL r\u00e9interpr\u00e8tent la l\u00e9g\u00e8ret\u00e9 et la souplesse d\u2019une ballerine dans une sneaker contemporaine au design asym\u00e9trique signature. Inspir\u00e9es du mod\u00e8le iconique Pulse, elles associent courbes douces et lignes graphiques pour cr\u00e9er une silhouette moderne et \u00e9l\u00e9gante. Leur semelle extra-fine, souple et r\u00e9sistante, accentue la sensation [&hellip;]<\/p>\n","protected":false},"featured_media":3750791,"comment_status":"open","ping_status":"closed","template":"","meta":[],"product_brand":[],"product_cat":[],"product_tag":[],"acf":[],"_links":{"self":[{"href":"https:\/\/streetmarkets.fr\/app\/wp-json\/wp\/v2\/product\/3750790"}],"collection":[{"href":"https:\/\/streetmarkets.fr\/app\/wp-json\/wp\/v2\/product"}],"about":[{"href":"https:\/\/streetmarkets.fr\/app\/wp-json\/wp\/v2\/types\/product"}],"replies":[{"embeddable":true,"href":"https:\/\/streetmarkets.fr\/app\/wp-json\/wp\/v2\/comments?post=3750790"}],"wp:featuredmedia":[{"embeddable":true,"href":"https:\/\/streetmarkets.fr\/app\/wp-json\/wp\/v2\/media\/3750791"}],"wp:attachment":[{"href":"https:\/\/streetmarkets.fr\/app\/wp-json\/wp\/v2\/media?parent=3750790"}],"wp:term":[{"taxonomy":"product_brand","embeddable":true,"href":"https:\/\/streetmarkets.fr\/app\/wp-json\/wp\/v2\/product_brand?post=3750790"},{"taxonomy":"product_cat","embeddable":true,"href":"https:\/\/streetmarkets.fr\/app\/wp-json\/wp\/v2\/product_cat?post=3750790"},{"taxonomy":"product_tag","embeddable":true,"href":"https:\/\/streetmarkets.fr\/app\/wp-json\/wp\/v2\/product_tag?post=3750790"}],"curies":[{"name":"wp","href":"https:\/\/api.w.org\/{rel}","templated":true}]}}