{"id":3742798,"date":"2026-03-08T06:35:10","date_gmt":"2026-03-08T05:35:10","guid":{"rendered":"https:\/\/streetmarkets.fr\/app\/produit\/sac-dior-30-montaigne-cuir-bleu-marine\/"},"modified":"2026-05-08T07:33:26","modified_gmt":"2026-05-08T05:33:26","slug":"sac-dior-30-montaigne-cuir-bleu-marine","status":"publish","type":"product","link":"https:\/\/streetmarkets.fr\/app\/produit\/sac-dior-30-montaigne-cuir-bleu-marine\/","title":{"rendered":"Sac Dior 30 Montaigne cuir bleu marine"},"content":{"rendered":"<p>Sac 30 Montaigne Dior en cuir de veau box bleu marine. Ce sac a \u00e9t\u00e9 inspir\u00e9 par l&#8217;embl\u00e9matique adresse et qui incarne les codes embl\u00e9matiques de la Maison. Le fermoir CD en m\u00e9tal dor\u00e9 est inspir\u00e9 d&#8217;un flacon de parfum Christian Dior. Il est emboss\u00e9 \u00e0 l&#8217;arri\u00e8re. Il peut \u00eatre port\u00e9 \u00e0 l&#8217;\u00e9paule en double ainsi qu&#8217;en crossbody \u00e0 l&#8217;aide d&#8217;une bandouli\u00e8re ajustable. La doublure est en cuir d&#8217;agneau avec une poche plaqu\u00e9e. En tr\u00e8s bon \u00e9tat.<\/p>\n","protected":false},"excerpt":{"rendered":"<p>Sac 30 Montaigne Dior en cuir de veau box bleu marine. Ce sac a \u00e9t\u00e9 inspir\u00e9 par l&#8217;embl\u00e9matique adresse et qui incarne les codes embl\u00e9matiques de la Maison. Le fermoir CD en m\u00e9tal dor\u00e9 est inspir\u00e9 d&#8217;un flacon de parfum Christian Dior. Il est emboss\u00e9 \u00e0 l&#8217;arri\u00e8re. Il peut \u00eatre port\u00e9 \u00e0 l&#8217;\u00e9paule en double [&hellip;]<\/p>\n","protected":false},"featured_media":3742799,"comment_status":"open","ping_status":"closed","template":"","meta":[],"product_brand":[],"product_cat":[],"product_tag":[],"acf":[],"_links":{"self":[{"href":"https:\/\/streetmarkets.fr\/app\/wp-json\/wp\/v2\/product\/3742798"}],"collection":[{"href":"https:\/\/streetmarkets.fr\/app\/wp-json\/wp\/v2\/product"}],"about":[{"href":"https:\/\/streetmarkets.fr\/app\/wp-json\/wp\/v2\/types\/product"}],"replies":[{"embeddable":true,"href":"https:\/\/streetmarkets.fr\/app\/wp-json\/wp\/v2\/comments?post=3742798"}],"wp:featuredmedia":[{"embeddable":true,"href":"https:\/\/streetmarkets.fr\/app\/wp-json\/wp\/v2\/media\/3742799"}],"wp:attachment":[{"href":"https:\/\/streetmarkets.fr\/app\/wp-json\/wp\/v2\/media?parent=3742798"}],"wp:term":[{"taxonomy":"product_brand","embeddable":true,"href":"https:\/\/streetmarkets.fr\/app\/wp-json\/wp\/v2\/product_brand?post=3742798"},{"taxonomy":"product_cat","embeddable":true,"href":"https:\/\/streetmarkets.fr\/app\/wp-json\/wp\/v2\/product_cat?post=3742798"},{"taxonomy":"product_tag","embeddable":true,"href":"https:\/\/streetmarkets.fr\/app\/wp-json\/wp\/v2\/product_tag?post=3742798"}],"curies":[{"name":"wp","href":"https:\/\/api.w.org\/{rel}","templated":true}]}}