{"id":3742692,"date":"2026-03-08T06:34:55","date_gmt":"2026-03-08T05:34:55","guid":{"rendered":"https:\/\/streetmarkets.fr\/app\/produit\/pins-givenchy-vintage\/"},"modified":"2026-05-10T07:33:44","modified_gmt":"2026-05-10T05:33:44","slug":"pins-givenchy-vintage","status":"publish","type":"product","link":"https:\/\/streetmarkets.fr\/app\/produit\/pins-givenchy-vintage\/","title":{"rendered":"Pins Givenchy vintage"},"content":{"rendered":"<p>Pins Givenchy dor\u00e9e vintage. En tr\u00e8s bon \u00e9tat.<\/p>\n","protected":false},"excerpt":{"rendered":"<p>Pins Givenchy dor\u00e9e vintage. En tr\u00e8s bon \u00e9tat.<\/p>\n","protected":false},"featured_media":3742693,"comment_status":"open","ping_status":"closed","template":"","meta":[],"product_brand":[],"product_cat":[],"product_tag":[],"acf":[],"_links":{"self":[{"href":"https:\/\/streetmarkets.fr\/app\/wp-json\/wp\/v2\/product\/3742692"}],"collection":[{"href":"https:\/\/streetmarkets.fr\/app\/wp-json\/wp\/v2\/product"}],"about":[{"href":"https:\/\/streetmarkets.fr\/app\/wp-json\/wp\/v2\/types\/product"}],"replies":[{"embeddable":true,"href":"https:\/\/streetmarkets.fr\/app\/wp-json\/wp\/v2\/comments?post=3742692"}],"wp:featuredmedia":[{"embeddable":true,"href":"https:\/\/streetmarkets.fr\/app\/wp-json\/wp\/v2\/media\/3742693"}],"wp:attachment":[{"href":"https:\/\/streetmarkets.fr\/app\/wp-json\/wp\/v2\/media?parent=3742692"}],"wp:term":[{"taxonomy":"product_brand","embeddable":true,"href":"https:\/\/streetmarkets.fr\/app\/wp-json\/wp\/v2\/product_brand?post=3742692"},{"taxonomy":"product_cat","embeddable":true,"href":"https:\/\/streetmarkets.fr\/app\/wp-json\/wp\/v2\/product_cat?post=3742692"},{"taxonomy":"product_tag","embeddable":true,"href":"https:\/\/streetmarkets.fr\/app\/wp-json\/wp\/v2\/product_tag?post=3742692"}],"curies":[{"name":"wp","href":"https:\/\/api.w.org\/{rel}","templated":true}]}}