{"id":3742671,"date":"2026-03-08T06:34:53","date_gmt":"2026-03-08T05:34:53","guid":{"rendered":"https:\/\/streetmarkets.fr\/app\/produit\/jupe-alaia-vintage-agneau-plonge\/"},"modified":"2026-05-08T07:33:26","modified_gmt":"2026-05-08T05:33:26","slug":"jupe-alaia-vintage-agneau-plonge","status":"publish","type":"product","link":"https:\/\/streetmarkets.fr\/app\/produit\/jupe-alaia-vintage-agneau-plonge\/","title":{"rendered":"Jupe Alaia vintage agneau plong\u00e9"},"content":{"rendered":"<p>Pi\u00e8ce d&#8217;exception. Jupe Alaia vintage en cuir d&#8217;agneau plong\u00e9 noir. L&#8217;arri\u00e8re est lac\u00e9. Coupe droite. Taille haute. Taille 42 \u00e9quivaut \u00e0 un 38 Fr. En tr\u00e8s bon \u00e9tat.<\/p>\n<p>Dimensions : Hauteur 53,5cm, largeur taille 36cm, largeur hanches 47cm, largeur bas 48cm.<\/p>\n","protected":false},"excerpt":{"rendered":"<p>Pi\u00e8ce d&#8217;exception. Jupe Alaia vintage en cuir d&#8217;agneau plong\u00e9 noir. L&#8217;arri\u00e8re est lac\u00e9. Coupe droite. Taille haute. Taille 42 \u00e9quivaut \u00e0 un 38 Fr. En tr\u00e8s bon \u00e9tat. Dimensions : Hauteur 53,5cm, largeur taille 36cm, largeur hanches 47cm, largeur bas 48cm.<\/p>\n","protected":false},"featured_media":3742672,"comment_status":"open","ping_status":"closed","template":"","meta":[],"product_brand":[],"product_cat":[],"product_tag":[],"acf":[],"_links":{"self":[{"href":"https:\/\/streetmarkets.fr\/app\/wp-json\/wp\/v2\/product\/3742671"}],"collection":[{"href":"https:\/\/streetmarkets.fr\/app\/wp-json\/wp\/v2\/product"}],"about":[{"href":"https:\/\/streetmarkets.fr\/app\/wp-json\/wp\/v2\/types\/product"}],"replies":[{"embeddable":true,"href":"https:\/\/streetmarkets.fr\/app\/wp-json\/wp\/v2\/comments?post=3742671"}],"wp:featuredmedia":[{"embeddable":true,"href":"https:\/\/streetmarkets.fr\/app\/wp-json\/wp\/v2\/media\/3742672"}],"wp:attachment":[{"href":"https:\/\/streetmarkets.fr\/app\/wp-json\/wp\/v2\/media?parent=3742671"}],"wp:term":[{"taxonomy":"product_brand","embeddable":true,"href":"https:\/\/streetmarkets.fr\/app\/wp-json\/wp\/v2\/product_brand?post=3742671"},{"taxonomy":"product_cat","embeddable":true,"href":"https:\/\/streetmarkets.fr\/app\/wp-json\/wp\/v2\/product_cat?post=3742671"},{"taxonomy":"product_tag","embeddable":true,"href":"https:\/\/streetmarkets.fr\/app\/wp-json\/wp\/v2\/product_tag?post=3742671"}],"curies":[{"name":"wp","href":"https:\/\/api.w.org\/{rel}","templated":true}]}}