{"id":3742464,"date":"2026-03-08T06:34:33","date_gmt":"2026-03-08T05:34:33","guid":{"rendered":"https:\/\/streetmarkets.fr\/app\/produit\/jupe-longue-paco-rabanne\/"},"modified":"2026-05-15T07:31:50","modified_gmt":"2026-05-15T05:31:50","slug":"jupe-longue-paco-rabanne","status":"publish","type":"product","link":"https:\/\/streetmarkets.fr\/app\/produit\/jupe-longue-paco-rabanne\/","title":{"rendered":"Jupe longue Paco Rabanne"},"content":{"rendered":"<p><span class=\"BZ_Pyq_fadeIn\">Cette <\/span><span class=\"BZ_Pyq_fadeIn\">jupe <\/span><span class=\"BZ_Pyq_fadeIn\">longue <\/span><span class=\"BZ_Pyq_fadeIn\">Paco <\/span><span class=\"BZ_Pyq_fadeIn\">Rabanne <\/span><span class=\"BZ_Pyq_fadeIn\">se <\/span><span class=\"BZ_Pyq_fadeIn\">distingue <\/span><span class=\"BZ_Pyq_fadeIn\">par <\/span><span class=\"BZ_Pyq_fadeIn\">sa <\/span><span class=\"BZ_Pyq_fadeIn\">coupe <\/span><span class=\"BZ_Pyq_fadeIn\">fluide <\/span><span class=\"BZ_Pyq_fadeIn\">et <\/span><span class=\"BZ_Pyq_fadeIn\">son <\/span><span class=\"BZ_Pyq_fadeIn\">design <\/span><span class=\"BZ_Pyq_fadeIn\">graphique <\/span><span class=\"BZ_Pyq_fadeIn\">orn\u00e9 <\/span><span class=\"BZ_Pyq_fadeIn\">de <\/span><span class=\"BZ_Pyq_fadeIn\">motifs <\/span><span class=\"BZ_Pyq_fadeIn\">floraux <\/span><span class=\"BZ_Pyq_fadeIn\">en <\/span><span class=\"BZ_Pyq_fadeIn\">strass <\/span><span class=\"BZ_Pyq_fadeIn\">multicolores. <\/span><span class=\"BZ_Pyq_fadeIn\">Confectionn\u00e9e <\/span><span class=\"BZ_Pyq_fadeIn\">dans <\/span><span class=\"BZ_Pyq_fadeIn\">un <\/span><span class=\"BZ_Pyq_fadeIn\">tissu <\/span><span class=\"BZ_Pyq_fadeIn\">noir <\/span><span class=\"BZ_Pyq_fadeIn\">l\u00e9ger, <\/span><span class=\"BZ_Pyq_fadeIn\">elle <\/span><span class=\"BZ_Pyq_fadeIn\">pr\u00e9sente <\/span><span class=\"BZ_Pyq_fadeIn\">une <\/span><span class=\"BZ_Pyq_fadeIn\">taille <\/span><span class=\"BZ_Pyq_fadeIn\">structur\u00e9e <\/span><span class=\"BZ_Pyq_fadeIn\">avec <\/span><span class=\"BZ_Pyq_fadeIn\">une <\/span><span class=\"BZ_Pyq_fadeIn\">empi\u00e8cement <\/span><span class=\"BZ_Pyq_fadeIn\">lisse <\/span><span class=\"BZ_Pyq_fadeIn\">contrastant <\/span><span class=\"BZ_Pyq_fadeIn\">avec <\/span><span class=\"BZ_Pyq_fadeIn\">le <\/span><span class=\"BZ_Pyq_fadeIn\">reste <\/span><span class=\"BZ_Pyq_fadeIn\">du <\/span><span class=\"BZ_Pyq_fadeIn\">v\u00eatement <\/span><span class=\"BZ_Pyq_fadeIn\">l\u00e9g\u00e8rement <\/span><span class=\"BZ_Pyq_fadeIn\">pliss\u00e9. <\/span><span class=\"BZ_Pyq_fadeIn\">Des <\/span><span class=\"BZ_Pyq_fadeIn\">fermetures <\/span><span class=\"BZ_Pyq_fadeIn\">zipp\u00e9es <\/span><span class=\"BZ_Pyq_fadeIn\">d\u00e9coratives <\/span><span class=\"BZ_Pyq_fadeIn\">sur <\/span><span class=\"BZ_Pyq_fadeIn\">les <\/span><span class=\"BZ_Pyq_fadeIn\">hanches <\/span><span class=\"BZ_Pyq_fadeIn\">ajoutent <\/span><span class=\"BZ_Pyq_fadeIn\">une <\/span><span class=\"BZ_Pyq_fadeIn\">dimension <\/span><span class=\"BZ_Pyq_fadeIn\">contemporaine. <\/span><span class=\"BZ_Pyq_fadeIn\">En <\/span><span class=\"BZ_Pyq_fadeIn\">tr\u00e8s <\/span><span class=\"BZ_Pyq_fadeIn\">bon <\/span><span class=\"BZ_Pyq_fadeIn\">\u00e9tat <\/span><span class=\"BZ_Pyq_fadeIn\">g\u00e9n\u00e9ral, <\/span><span class=\"BZ_Pyq_fadeIn\">cette <\/span><span class=\"BZ_Pyq_fadeIn\">pi\u00e8ce <\/span><span class=\"BZ_Pyq_fadeIn\">conserve <\/span><span class=\"BZ_Pyq_fadeIn\">toute <\/span><span class=\"BZ_Pyq_fadeIn\">la <\/span><span class=\"BZ_Pyq_fadeIn\">richesse <\/span><span class=\"BZ_Pyq_fadeIn\">visuelle <\/span><span class=\"BZ_Pyq_fadeIn\">et <\/span><span class=\"BZ_Pyq_fadeIn\">la <\/span><span class=\"BZ_Pyq_fadeIn\">qualit\u00e9 <\/span><span class=\"BZ_Pyq_fadeIn\">propre <\/span><span class=\"BZ_Pyq_fadeIn\">\u00e0 <\/span><span class=\"BZ_Pyq_fadeIn\">la <\/span><span class=\"BZ_Pyq_fadeIn\">maison <\/span><span class=\"BZ_Pyq_fadeIn\">Paco <\/span><span class=\"BZ_Pyq_fadeIn\">Rabanne.<\/span><\/p>\n<div class=\"flex flex-col text-sm pb-25\">\n<article class=\"text-token-text-primary w-full focus:outline-none [--shadow-height:45px] has-data-writing-block:pointer-events-none has-data-writing-block:-mt-(--shadow-height) has-data-writing-block:pt-(--shadow-height) [&amp;:has([data-writing-block])&gt;*]:pointer-events-auto scroll-mt-[calc(var(--header-height)+min(200px,max(70px,20svh)))]\" dir=\"auto\" data-turn-id=\"request-WEB:3e9acd1f-d248-4380-99fb-59246715c1fc-2\" data-testid=\"conversation-turn-6\" data-scroll-anchor=\"true\" data-turn=\"assistant\">\n<div class=\"text-base my-auto mx-auto pb-10 [--thread-content-margin:var(--thread-content-margin-xs,calc(var(--spacing)*4))] @w-sm\/main:[--thread-content-margin:var(--thread-content-margin-sm,calc(var(--spacing)*6))] @w-lg\/main:[--thread-content-margin:var(--thread-content-margin-lg,calc(var(--spacing)*16))] px-(--thread-content-margin)\">\n<div class=\"[--thread-content-max-width:40rem] @w-lg\/main:[--thread-content-max-width:48rem] mx-auto max-w-(--thread-content-max-width) flex-1 group\/turn-messages focus-visible:outline-hidden relative flex w-full min-w-0 flex-col agent-turn\">\n<div class=\"flex max-w-full flex-col gap-4 grow\">\n<div class=\"min-h-8 text-message relative flex w-full flex-col items-end gap-2 text-start break-words whitespace-normal [.text-message+&amp;]:mt-1\" dir=\"auto\" data-message-author-role=\"assistant\" data-message-id=\"acb90d5d-d84d-4284-aa6d-c79b1c0352d6\" data-message-model-slug=\"gpt-5-3\">\n<div class=\"flex w-full flex-col gap-1 empty:hidden\">\n<div class=\"markdown prose dark:prose-invert w-full wrap-break-word light markdown-new-styling\">\n<p data-start=\"536\" data-end=\"1062\"><strong data-start=\"536\" data-end=\"562\"><span class=\"BZ_Pyq_fadeIn\">Historique <\/span><span class=\"BZ_Pyq_fadeIn\">du <\/span><span class=\"BZ_Pyq_fadeIn\">Mod\u00e8le :<\/span><\/strong><br data-start=\"562\" data-end=\"565\" \/><span class=\"BZ_Pyq_fadeIn\">Paco <\/span><span class=\"BZ_Pyq_fadeIn\">Rabanne <\/span><span class=\"BZ_Pyq_fadeIn\">est <\/span><span class=\"BZ_Pyq_fadeIn\">reconnu <\/span><span class=\"BZ_Pyq_fadeIn\">pour <\/span><span class=\"BZ_Pyq_fadeIn\">son <\/span><span class=\"BZ_Pyq_fadeIn\">approche <\/span><span class=\"BZ_Pyq_fadeIn\">exp\u00e9rimentale <\/span><span class=\"BZ_Pyq_fadeIn\">des <\/span><span class=\"BZ_Pyq_fadeIn\">mat\u00e9riaux <\/span><span class=\"BZ_Pyq_fadeIn\">et <\/span><span class=\"BZ_Pyq_fadeIn\">son <\/span><span class=\"BZ_Pyq_fadeIn\">esth\u00e9tique <\/span><span class=\"BZ_Pyq_fadeIn\">avant-<\/span><span class=\"BZ_Pyq_fadeIn\">gardiste <\/span><span class=\"BZ_Pyq_fadeIn\">depuis <\/span><span class=\"BZ_Pyq_fadeIn\">les <\/span><span class=\"BZ_Pyq_fadeIn\">ann\u00e9es <\/span><span class=\"BZ_Pyq_fadeIn\">1960. <\/span><span class=\"BZ_Pyq_fadeIn\">Si <\/span><span class=\"BZ_Pyq_fadeIn\">la <\/span><span class=\"BZ_Pyq_fadeIn\">maison <\/span><span class=\"BZ_Pyq_fadeIn\">est <\/span><span class=\"BZ_Pyq_fadeIn\">initialement <\/span><span class=\"BZ_Pyq_fadeIn\">associ\u00e9e <\/span><span class=\"BZ_Pyq_fadeIn\">au <\/span><span class=\"BZ_Pyq_fadeIn\">m\u00e9tal <\/span><span class=\"BZ_Pyq_fadeIn\">et <\/span><span class=\"BZ_Pyq_fadeIn\">aux <\/span><span class=\"BZ_Pyq_fadeIn\">constructions <\/span><span class=\"BZ_Pyq_fadeIn\">futuristes, <\/span><span class=\"BZ_Pyq_fadeIn\">elle <\/span><span class=\"BZ_Pyq_fadeIn\">d\u00e9veloppe <\/span><span class=\"BZ_Pyq_fadeIn\">par <\/span><span class=\"BZ_Pyq_fadeIn\">la <\/span><span class=\"BZ_Pyq_fadeIn\">suite <\/span><span class=\"BZ_Pyq_fadeIn\">un <\/span><span class=\"BZ_Pyq_fadeIn\">vestiaire <\/span><span class=\"BZ_Pyq_fadeIn\">plus <\/span><span class=\"BZ_Pyq_fadeIn\">textile <\/span><span class=\"BZ_Pyq_fadeIn\">tout <\/span><span class=\"BZ_Pyq_fadeIn\">en <\/span><span class=\"BZ_Pyq_fadeIn\">conservant <\/span><span class=\"BZ_Pyq_fadeIn\">une <\/span><span class=\"BZ_Pyq_fadeIn\">identit\u00e9 <\/span><span class=\"BZ_Pyq_fadeIn\">forte. <\/span><span class=\"BZ_Pyq_fadeIn\">Cette <\/span><span class=\"BZ_Pyq_fadeIn\">jupe <\/span><span class=\"BZ_Pyq_fadeIn\">s\u2019inscrit <\/span><span class=\"BZ_Pyq_fadeIn\">dans <\/span><span class=\"BZ_Pyq_fadeIn\">une <\/span><span class=\"BZ_Pyq_fadeIn\">p\u00e9riode <\/span><span class=\"BZ_Pyq_fadeIn\">o\u00f9 <\/span><span class=\"BZ_Pyq_fadeIn\">la <\/span><span class=\"BZ_Pyq_fadeIn\">marque <\/span><span class=\"BZ_Pyq_fadeIn\">explore <\/span><span class=\"BZ_Pyq_fadeIn\">des <\/span><span class=\"BZ_Pyq_fadeIn\">silhouettes <\/span><span class=\"BZ_Pyq_fadeIn\">fluides <\/span><span class=\"BZ_Pyq_fadeIn\">enrichies <\/span><span class=\"BZ_Pyq_fadeIn\">d\u2019\u00e9l\u00e9ments <\/span><span class=\"BZ_Pyq_fadeIn\">d\u00e9coratifs <\/span><span class=\"BZ_Pyq_fadeIn\">comme <\/span><span class=\"BZ_Pyq_fadeIn\">les <\/span><span class=\"BZ_Pyq_fadeIn\">strass, <\/span><span class=\"BZ_Pyq_fadeIn\">traduisant <\/span><span class=\"BZ_Pyq_fadeIn\">un <\/span><span class=\"BZ_Pyq_fadeIn\">dialogue <\/span><span class=\"BZ_Pyq_fadeIn\">entre <\/span><span class=\"BZ_Pyq_fadeIn\">innovation <\/span><span class=\"BZ_Pyq_fadeIn\">et <\/span><span class=\"BZ_Pyq_fadeIn\">f\u00e9minit\u00e9 <\/span><span class=\"BZ_Pyq_fadeIn\">moderne.<\/span><\/p>\n<p data-start=\"1064\" data-end=\"1592\"><strong data-start=\"1064\" data-end=\"1088\"><span class=\"BZ_Pyq_fadeIn\">D\u00e9tails <\/span><span class=\"BZ_Pyq_fadeIn\">Ext\u00e9rieurs :<\/span><\/strong><br data-start=\"1088\" data-end=\"1091\" \/><span class=\"BZ_Pyq_fadeIn\">La <\/span><span class=\"BZ_Pyq_fadeIn\">jupe <\/span><span class=\"BZ_Pyq_fadeIn\">pr\u00e9sente <\/span><span class=\"BZ_Pyq_fadeIn\">une <\/span><span class=\"BZ_Pyq_fadeIn\">longueur <\/span><span class=\"BZ_Pyq_fadeIn\">midi <\/span><span class=\"BZ_Pyq_fadeIn\">\u00e0 <\/span><span class=\"BZ_Pyq_fadeIn\">longue <\/span><span class=\"BZ_Pyq_fadeIn\">avec <\/span><span class=\"BZ_Pyq_fadeIn\">une <\/span><span class=\"BZ_Pyq_fadeIn\">coupe <\/span><span class=\"BZ_Pyq_fadeIn\">\u00e9vas\u00e9e <\/span><span class=\"BZ_Pyq_fadeIn\">qui <\/span><span class=\"BZ_Pyq_fadeIn\">accompagne <\/span><span class=\"BZ_Pyq_fadeIn\">le <\/span><span class=\"BZ_Pyq_fadeIn\">mouvement. <\/span><span class=\"BZ_Pyq_fadeIn\">Le <\/span><span class=\"BZ_Pyq_fadeIn\">tissu <\/span><span class=\"BZ_Pyq_fadeIn\">noir <\/span><span class=\"BZ_Pyq_fadeIn\">sert <\/span><span class=\"BZ_Pyq_fadeIn\">de <\/span><span class=\"BZ_Pyq_fadeIn\">toile <\/span><span class=\"BZ_Pyq_fadeIn\">de <\/span><span class=\"BZ_Pyq_fadeIn\">fond <\/span><span class=\"BZ_Pyq_fadeIn\">\u00e0 <\/span><span class=\"BZ_Pyq_fadeIn\">des <\/span><span class=\"BZ_Pyq_fadeIn\">motifs <\/span><span class=\"BZ_Pyq_fadeIn\">floraux <\/span><span class=\"BZ_Pyq_fadeIn\">compos\u00e9s <\/span><span class=\"BZ_Pyq_fadeIn\">de <\/span><span class=\"BZ_Pyq_fadeIn\">strass <\/span><span class=\"BZ_Pyq_fadeIn\">rouges, <\/span><span class=\"BZ_Pyq_fadeIn\">bleus <\/span><span class=\"BZ_Pyq_fadeIn\">et <\/span><span class=\"BZ_Pyq_fadeIn\">roses, <\/span><span class=\"BZ_Pyq_fadeIn\">dispos\u00e9s <\/span><span class=\"BZ_Pyq_fadeIn\">de <\/span><span class=\"BZ_Pyq_fadeIn\">mani\u00e8re <\/span><span class=\"BZ_Pyq_fadeIn\">irr\u00e9guli\u00e8re <\/span><span class=\"BZ_Pyq_fadeIn\">pour <\/span><span class=\"BZ_Pyq_fadeIn\">un <\/span><span class=\"BZ_Pyq_fadeIn\">effet <\/span><span class=\"BZ_Pyq_fadeIn\">visuel <\/span><span class=\"BZ_Pyq_fadeIn\">dynamique. <\/span><span class=\"BZ_Pyq_fadeIn\">La <\/span><span class=\"BZ_Pyq_fadeIn\">taille <\/span><span class=\"BZ_Pyq_fadeIn\">haute <\/span><span class=\"BZ_Pyq_fadeIn\">est <\/span><span class=\"BZ_Pyq_fadeIn\">marqu\u00e9e <\/span><span class=\"BZ_Pyq_fadeIn\">par <\/span><span class=\"BZ_Pyq_fadeIn\">un <\/span><span class=\"BZ_Pyq_fadeIn\">empi\u00e8cement <\/span><span class=\"BZ_Pyq_fadeIn\">lisse, <\/span><span class=\"BZ_Pyq_fadeIn\">probablement <\/span><span class=\"BZ_Pyq_fadeIn\">en <\/span><span class=\"BZ_Pyq_fadeIn\">mati\u00e8re <\/span><span class=\"BZ_Pyq_fadeIn\">synth\u00e9tique <\/span><span class=\"BZ_Pyq_fadeIn\">ou <\/span><span class=\"BZ_Pyq_fadeIn\">satin\u00e9e, <\/span><span class=\"BZ_Pyq_fadeIn\">cr\u00e9ant <\/span><span class=\"BZ_Pyq_fadeIn\">un <\/span><span class=\"BZ_Pyq_fadeIn\">contraste <\/span><span class=\"BZ_Pyq_fadeIn\">de <\/span><span class=\"BZ_Pyq_fadeIn\">texture. <\/span><span class=\"BZ_Pyq_fadeIn\">Deux <\/span><span class=\"BZ_Pyq_fadeIn\">zips <\/span><span class=\"BZ_Pyq_fadeIn\">m\u00e9talliques <\/span><span class=\"BZ_Pyq_fadeIn\">inclin\u00e9s <\/span><span class=\"BZ_Pyq_fadeIn\">sur <\/span><span class=\"BZ_Pyq_fadeIn\">les <\/span><span class=\"BZ_Pyq_fadeIn\">c\u00f4t\u00e9s <\/span><span class=\"BZ_Pyq_fadeIn\">apportent <\/span><span class=\"BZ_Pyq_fadeIn\">une <\/span><span class=\"BZ_Pyq_fadeIn\">touche <\/span><span class=\"BZ_Pyq_fadeIn\">utilitaire <\/span><span class=\"BZ_Pyq_fadeIn\">et <\/span><span class=\"BZ_Pyq_fadeIn\">structurent <\/span><span class=\"BZ_Pyq_fadeIn\">la <\/span><span class=\"BZ_Pyq_fadeIn\">silhouette.<\/span><\/p>\n<p data-start=\"1594\" data-end=\"1997\"><strong data-start=\"1594\" data-end=\"1618\"><span class=\"BZ_Pyq_fadeIn\">D\u00e9tails <\/span><span class=\"BZ_Pyq_fadeIn\">Int\u00e9rieurs :<\/span><\/strong><br data-start=\"1618\" data-end=\"1621\" \/><span class=\"BZ_Pyq_fadeIn\">L\u2019int\u00e9rieur <\/span><span class=\"BZ_Pyq_fadeIn\">est <\/span><span class=\"BZ_Pyq_fadeIn\">doubl\u00e9, <\/span><span class=\"BZ_Pyq_fadeIn\">assurant <\/span><span class=\"BZ_Pyq_fadeIn\">confort <\/span><span class=\"BZ_Pyq_fadeIn\">et <\/span><span class=\"BZ_Pyq_fadeIn\">opacit\u00e9. <\/span><span class=\"BZ_Pyq_fadeIn\">La <\/span><span class=\"BZ_Pyq_fadeIn\">pr\u00e9sence <\/span><span class=\"BZ_Pyq_fadeIn\">d\u2019une <\/span><span class=\"BZ_Pyq_fadeIn\">fermeture <\/span><span class=\"BZ_Pyq_fadeIn\">zipp\u00e9e <\/span><span class=\"BZ_Pyq_fadeIn\">discr\u00e8te <\/span><span class=\"BZ_Pyq_fadeIn\">au <\/span><span class=\"BZ_Pyq_fadeIn\">dos <\/span><span class=\"BZ_Pyq_fadeIn\">permet <\/span><span class=\"BZ_Pyq_fadeIn\">un <\/span><span class=\"BZ_Pyq_fadeIn\">enfilage <\/span><span class=\"BZ_Pyq_fadeIn\">facile. <\/span><span class=\"BZ_Pyq_fadeIn\">Les <\/span><span class=\"BZ_Pyq_fadeIn\">finitions <\/span><span class=\"BZ_Pyq_fadeIn\">internes <\/span><span class=\"BZ_Pyq_fadeIn\">sont <\/span><span class=\"BZ_Pyq_fadeIn\">soign\u00e9es, <\/span><span class=\"BZ_Pyq_fadeIn\">avec <\/span><span class=\"BZ_Pyq_fadeIn\">des <\/span><span class=\"BZ_Pyq_fadeIn\">coutures <\/span><span class=\"BZ_Pyq_fadeIn\">propres <\/span><span class=\"BZ_Pyq_fadeIn\">et <\/span><span class=\"BZ_Pyq_fadeIn\">r\u00e9guli\u00e8res. <\/span><span class=\"BZ_Pyq_fadeIn\">L\u2019\u00e9tiquette <\/span><span class=\"BZ_Pyq_fadeIn\">Paco <\/span><span class=\"BZ_Pyq_fadeIn\">Rabanne <\/span><span class=\"BZ_Pyq_fadeIn\">est <\/span><span class=\"BZ_Pyq_fadeIn\">visible <\/span><span class=\"BZ_Pyq_fadeIn\">\u00e0 <\/span><span class=\"BZ_Pyq_fadeIn\">l\u2019int\u00e9rieur, <\/span><span class=\"BZ_Pyq_fadeIn\">attestant <\/span><span class=\"BZ_Pyq_fadeIn\">de <\/span><span class=\"BZ_Pyq_fadeIn\">l\u2019authenticit\u00e9 <\/span><span class=\"BZ_Pyq_fadeIn\">de <\/span><span class=\"BZ_Pyq_fadeIn\">la <\/span><span class=\"BZ_Pyq_fadeIn\">pi\u00e8ce. <\/span><span class=\"BZ_Pyq_fadeIn\">La <\/span><span class=\"BZ_Pyq_fadeIn\">doublure <\/span><span class=\"BZ_Pyq_fadeIn\">contribue <\/span><span class=\"BZ_Pyq_fadeIn\">\u00e9galement <\/span><span class=\"BZ_Pyq_fadeIn\">\u00e0 <\/span><span class=\"BZ_Pyq_fadeIn\">maintenir <\/span><span class=\"BZ_Pyq_fadeIn\">la <\/span><span class=\"BZ_Pyq_fadeIn\">forme <\/span><span class=\"BZ_Pyq_fadeIn\">fluide <\/span><span class=\"BZ_Pyq_fadeIn\">de <\/span><span class=\"BZ_Pyq_fadeIn\">la <\/span><span class=\"BZ_Pyq_fadeIn\">jupe.<\/span><\/p>\n<p data-start=\"1999\" data-end=\"2335\"><strong data-start=\"1999\" data-end=\"2020\"><span class=\"BZ_Pyq_fadeIn\">\u00c9tat <\/span><span class=\"BZ_Pyq_fadeIn\">du <\/span><span class=\"BZ_Pyq_fadeIn\">Produit :<\/span><\/strong><br data-start=\"2020\" data-end=\"2023\" \/><span class=\"BZ_Pyq_fadeIn\">La <\/span><span class=\"BZ_Pyq_fadeIn\">jupe <\/span><span class=\"BZ_Pyq_fadeIn\">est <\/span><span class=\"BZ_Pyq_fadeIn\">en <\/span><span class=\"BZ_Pyq_fadeIn\">tr\u00e8s <\/span><span class=\"BZ_Pyq_fadeIn\">bon <\/span><span class=\"BZ_Pyq_fadeIn\">\u00e9tat<\/span><span class=\"BZ_Pyq_fadeIn\">, <\/span><span class=\"BZ_Pyq_fadeIn\">sans <\/span><span class=\"BZ_Pyq_fadeIn\">d\u00e9faut <\/span><span class=\"BZ_Pyq_fadeIn\">majeur <\/span><span class=\"BZ_Pyq_fadeIn\">apparent. <\/span><span class=\"BZ_Pyq_fadeIn\">Les <\/span><span class=\"BZ_Pyq_fadeIn\">strass <\/span><span class=\"BZ_Pyq_fadeIn\">sont <\/span><span class=\"BZ_Pyq_fadeIn\">bien <\/span><span class=\"BZ_Pyq_fadeIn\">fix\u00e9s <\/span><span class=\"BZ_Pyq_fadeIn\">et <\/span><span class=\"BZ_Pyq_fadeIn\">conservent <\/span><span class=\"BZ_Pyq_fadeIn\">leur <\/span><span class=\"BZ_Pyq_fadeIn\">\u00e9clat. <\/span><span class=\"BZ_Pyq_fadeIn\">Le <\/span><span class=\"BZ_Pyq_fadeIn\">tissu <\/span><span class=\"BZ_Pyq_fadeIn\">ne <\/span><span class=\"BZ_Pyq_fadeIn\">pr\u00e9sente <\/span><span class=\"BZ_Pyq_fadeIn\">pas <\/span><span class=\"BZ_Pyq_fadeIn\">d\u2019accrocs <\/span><span class=\"BZ_Pyq_fadeIn\">ni <\/span><span class=\"BZ_Pyq_fadeIn\">de <\/span><span class=\"BZ_Pyq_fadeIn\">taches <\/span><span class=\"BZ_Pyq_fadeIn\">visibles. <\/span><span class=\"BZ_Pyq_fadeIn\">Les <\/span><span class=\"BZ_Pyq_fadeIn\">fermetures <\/span><span class=\"BZ_Pyq_fadeIn\">zipp\u00e9es <\/span><span class=\"BZ_Pyq_fadeIn\">sont <\/span><span class=\"BZ_Pyq_fadeIn\">fonctionnelles <\/span><span class=\"BZ_Pyq_fadeIn\">et <\/span><span class=\"BZ_Pyq_fadeIn\">intactes. <\/span><span class=\"BZ_Pyq_fadeIn\">L\u2019ensemble <\/span><span class=\"BZ_Pyq_fadeIn\">t\u00e9moigne <\/span><span class=\"BZ_Pyq_fadeIn\">d\u2019un <\/span><span class=\"BZ_Pyq_fadeIn\">usage <\/span><span class=\"BZ_Pyq_fadeIn\">mod\u00e9r\u00e9 <\/span><span class=\"BZ_Pyq_fadeIn\">et <\/span><span class=\"BZ_Pyq_fadeIn\">d\u2019un <\/span><span class=\"BZ_Pyq_fadeIn\">bon <\/span><span class=\"BZ_Pyq_fadeIn\">entretien <\/span><span class=\"BZ_Pyq_fadeIn\">au <\/span><span class=\"BZ_Pyq_fadeIn\">fil <\/span><span class=\"BZ_Pyq_fadeIn\">du <\/span><span class=\"BZ_Pyq_fadeIn\">temps.<\/span><\/p>\n<p data-start=\"2337\" data-end=\"2657\"><strong data-start=\"2337\" data-end=\"2363\"><span class=\"BZ_Pyq_fadeIn\">Conseils <\/span><span class=\"BZ_Pyq_fadeIn\">d\u2019Entretien :<\/span><\/strong><br data-start=\"2363\" data-end=\"2366\" \/><span class=\"BZ_Pyq_fadeIn\">Il <\/span><span class=\"BZ_Pyq_fadeIn\">est <\/span><span class=\"BZ_Pyq_fadeIn\">conseill\u00e9 <\/span><span class=\"BZ_Pyq_fadeIn\">de <\/span><span class=\"BZ_Pyq_fadeIn\">privil\u00e9gier <\/span><span class=\"BZ_Pyq_fadeIn\">un <\/span><span class=\"BZ_Pyq_fadeIn\">nettoyage <\/span><span class=\"BZ_Pyq_fadeIn\">\u00e0 <\/span><span class=\"BZ_Pyq_fadeIn\">sec <\/span><span class=\"BZ_Pyq_fadeIn\">afin <\/span><span class=\"BZ_Pyq_fadeIn\">de <\/span><span class=\"BZ_Pyq_fadeIn\">pr\u00e9server <\/span><span class=\"BZ_Pyq_fadeIn\">les <\/span><span class=\"BZ_Pyq_fadeIn\">strass <\/span><span class=\"BZ_Pyq_fadeIn\">et <\/span><span class=\"BZ_Pyq_fadeIn\">la <\/span><span class=\"BZ_Pyq_fadeIn\">structure <\/span><span class=\"BZ_Pyq_fadeIn\">du <\/span><span class=\"BZ_Pyq_fadeIn\">tissu. <\/span><span class=\"BZ_Pyq_fadeIn\">\u00c9viter <\/span><span class=\"BZ_Pyq_fadeIn\">le <\/span><span class=\"BZ_Pyq_fadeIn\">lavage <\/span><span class=\"BZ_Pyq_fadeIn\">en <\/span><span class=\"BZ_Pyq_fadeIn\">machine <\/span><span class=\"BZ_Pyq_fadeIn\">qui <\/span><span class=\"BZ_Pyq_fadeIn\">pourrait <\/span><span class=\"BZ_Pyq_fadeIn\">fragiliser <\/span><span class=\"BZ_Pyq_fadeIn\">les <\/span><span class=\"BZ_Pyq_fadeIn\">ornements. <\/span><span class=\"BZ_Pyq_fadeIn\">Ranger <\/span><span class=\"BZ_Pyq_fadeIn\">la <\/span><span class=\"BZ_Pyq_fadeIn\">jupe <\/span><span class=\"BZ_Pyq_fadeIn\">\u00e0 <\/span><span class=\"BZ_Pyq_fadeIn\">plat <\/span><span class=\"BZ_Pyq_fadeIn\">ou <\/span><span class=\"BZ_Pyq_fadeIn\">sur <\/span><span class=\"BZ_Pyq_fadeIn\">cintre <\/span><span class=\"BZ_Pyq_fadeIn\">dans <\/span><span class=\"BZ_Pyq_fadeIn\">une <\/span><span class=\"BZ_Pyq_fadeIn\">housse <\/span><span class=\"BZ_Pyq_fadeIn\">pour <\/span><span class=\"BZ_Pyq_fadeIn\">\u00e9viter <\/span><span class=\"BZ_Pyq_fadeIn\">les <\/span><span class=\"BZ_Pyq_fadeIn\">frottements <\/span><span class=\"BZ_Pyq_fadeIn\">et <\/span><span class=\"BZ_Pyq_fadeIn\">prot\u00e9ger <\/span><span class=\"BZ_Pyq_fadeIn\">les <\/span><span class=\"BZ_Pyq_fadeIn\">\u00e9l\u00e9ments <\/span><span class=\"BZ_Pyq_fadeIn\">d\u00e9coratifs.<\/span><\/p>\n<p data-start=\"2659\" data-end=\"3124\" data-is-last-node=\"\" data-is-only-node=\"\"><strong data-start=\"2659\" data-end=\"2692\"><span class=\"BZ_Pyq_fadeIn\">Pourquoi <\/span><span class=\"BZ_Pyq_fadeIn\">Choisir <\/span><span class=\"BZ_Pyq_fadeIn\">ce <\/span><span class=\"BZ_Pyq_fadeIn\">Produit :<\/span><\/strong><br data-start=\"2692\" data-end=\"2695\" \/><span class=\"BZ_Pyq_fadeIn\">Cette <\/span><span class=\"BZ_Pyq_fadeIn\">jupe <\/span><span class=\"BZ_Pyq_fadeIn\">longue <\/span><span class=\"BZ_Pyq_fadeIn\">Paco <\/span><span class=\"BZ_Pyq_fadeIn\">Rabanne <\/span><span class=\"BZ_Pyq_fadeIn\">vintage <\/span><span class=\"BZ_Pyq_fadeIn\">illustre <\/span><span class=\"BZ_Pyq_fadeIn\">une <\/span><span class=\"BZ_Pyq_fadeIn\">approche <\/span><span class=\"BZ_Pyq_fadeIn\">singuli\u00e8re <\/span><span class=\"BZ_Pyq_fadeIn\">du <\/span><span class=\"BZ_Pyq_fadeIn\">v\u00eatement, <\/span><span class=\"BZ_Pyq_fadeIn\">combinant <\/span><span class=\"BZ_Pyq_fadeIn\">une <\/span><span class=\"BZ_Pyq_fadeIn\">base <\/span><span class=\"BZ_Pyq_fadeIn\">sobre <\/span><span class=\"BZ_Pyq_fadeIn\">\u00e0 <\/span><span class=\"BZ_Pyq_fadeIn\">un <\/span><span class=\"BZ_Pyq_fadeIn\">d\u00e9cor <\/span><span class=\"BZ_Pyq_fadeIn\">travaill\u00e9. <\/span><span class=\"BZ_Pyq_fadeIn\">Elle <\/span><span class=\"BZ_Pyq_fadeIn\">s\u2019int\u00e8gre <\/span><span class=\"BZ_Pyq_fadeIn\">facilement <\/span><span class=\"BZ_Pyq_fadeIn\">dans <\/span><span class=\"BZ_Pyq_fadeIn\">une <\/span><span class=\"BZ_Pyq_fadeIn\">garde-<\/span><span class=\"BZ_Pyq_fadeIn\">robe <\/span><span class=\"BZ_Pyq_fadeIn\">contemporaine <\/span><span class=\"BZ_Pyq_fadeIn\">tout <\/span><span class=\"BZ_Pyq_fadeIn\">en <\/span><span class=\"BZ_Pyq_fadeIn\">apportant <\/span><span class=\"BZ_Pyq_fadeIn\">une <\/span><span class=\"BZ_Pyq_fadeIn\">signature <\/span><span class=\"BZ_Pyq_fadeIn\">visuelle <\/span><span class=\"BZ_Pyq_fadeIn\">marqu\u00e9e. <\/span><span class=\"BZ_Pyq_fadeIn\">Son <\/span><span class=\"BZ_Pyq_fadeIn\">\u00e9quilibre <\/span><span class=\"BZ_Pyq_fadeIn\">entre <\/span><span class=\"BZ_Pyq_fadeIn\">coupe <\/span><span class=\"BZ_Pyq_fadeIn\">fluide, <\/span><span class=\"BZ_Pyq_fadeIn\">d\u00e9tails <\/span><span class=\"BZ_Pyq_fadeIn\">techniques <\/span><span class=\"BZ_Pyq_fadeIn\">et <\/span><span class=\"BZ_Pyq_fadeIn\">ornementation <\/span><span class=\"BZ_Pyq_fadeIn\">en <\/span><span class=\"BZ_Pyq_fadeIn\">fait <\/span><span class=\"BZ_Pyq_fadeIn\">une <\/span><span class=\"BZ_Pyq_fadeIn\">pi\u00e8ce <\/span><span class=\"BZ_Pyq_fadeIn\">int\u00e9ressante <\/span><span class=\"BZ_Pyq_fadeIn\">pour <\/span><span class=\"BZ_Pyq_fadeIn\">les <\/span><span class=\"BZ_Pyq_fadeIn\">amateurs <\/span><span class=\"BZ_Pyq_fadeIn\">de <\/span><span class=\"BZ_Pyq_fadeIn\">mode <\/span><span class=\"BZ_Pyq_fadeIn\">vintage <\/span><span class=\"BZ_Pyq_fadeIn\">recherchant <\/span><span class=\"BZ_Pyq_fadeIn\">un <\/span><span class=\"BZ_Pyq_fadeIn\">v\u00eatement <\/span><span class=\"BZ_Pyq_fadeIn\">distinctif <\/span><span class=\"BZ_Pyq_fadeIn\">et <\/span><span class=\"BZ_Pyq_fadeIn\">bien <\/span><span class=\"BZ_Pyq_fadeIn\">conserv\u00e9.<\/span><\/p>\n<\/div>\n<\/div>\n<\/div>\n<\/div>\n<div class=\"z-0 flex min-h-[46px] justify-start\"><\/div>\n<div class=\"mt-3 w-full empty:hidden\">\n<div class=\"text-center\"><\/div>\n<\/div>\n<\/div>\n<\/div>\n<\/article>\n<\/div>\n<div class=\"pointer-events-none h-px w-px absolute bottom-0\" aria-hidden=\"true\" data-edge=\"true\"><\/div>\n","protected":false},"excerpt":{"rendered":"<p>Cette jupe longue Paco Rabanne se distingue par sa coupe fluide et son design graphique orn\u00e9 de motifs floraux en strass multicolores. Confectionn\u00e9e dans un tissu noir l\u00e9ger, elle pr\u00e9sente une taille structur\u00e9e avec une empi\u00e8cement lisse contrastant avec le reste du v\u00eatement l\u00e9g\u00e8rement pliss\u00e9. Des fermetures zipp\u00e9es d\u00e9coratives sur les hanches ajoutent une dimension [&hellip;]<\/p>\n","protected":false},"featured_media":3742465,"comment_status":"open","ping_status":"closed","template":"","meta":[],"product_brand":[],"product_cat":[],"product_tag":[],"acf":[],"_links":{"self":[{"href":"https:\/\/streetmarkets.fr\/app\/wp-json\/wp\/v2\/product\/3742464"}],"collection":[{"href":"https:\/\/streetmarkets.fr\/app\/wp-json\/wp\/v2\/product"}],"about":[{"href":"https:\/\/streetmarkets.fr\/app\/wp-json\/wp\/v2\/types\/product"}],"replies":[{"embeddable":true,"href":"https:\/\/streetmarkets.fr\/app\/wp-json\/wp\/v2\/comments?post=3742464"}],"wp:featuredmedia":[{"embeddable":true,"href":"https:\/\/streetmarkets.fr\/app\/wp-json\/wp\/v2\/media\/3742465"}],"wp:attachment":[{"href":"https:\/\/streetmarkets.fr\/app\/wp-json\/wp\/v2\/media?parent=3742464"}],"wp:term":[{"taxonomy":"product_brand","embeddable":true,"href":"https:\/\/streetmarkets.fr\/app\/wp-json\/wp\/v2\/product_brand?post=3742464"},{"taxonomy":"product_cat","embeddable":true,"href":"https:\/\/streetmarkets.fr\/app\/wp-json\/wp\/v2\/product_cat?post=3742464"},{"taxonomy":"product_tag","embeddable":true,"href":"https:\/\/streetmarkets.fr\/app\/wp-json\/wp\/v2\/product_tag?post=3742464"}],"curies":[{"name":"wp","href":"https:\/\/api.w.org\/{rel}","templated":true}]}}