{"id":3742400,"date":"2026-03-08T06:34:29","date_gmt":"2026-03-08T05:34:29","guid":{"rendered":"https:\/\/streetmarkets.fr\/app\/produit\/maxi-jumbo-chanel-cuir-agneau-noir\/"},"modified":"2026-05-05T07:34:44","modified_gmt":"2026-05-05T05:34:44","slug":"maxi-jumbo-chanel-cuir-agneau-noir","status":"publish","type":"product","link":"https:\/\/streetmarkets.fr\/app\/produit\/maxi-jumbo-chanel-cuir-agneau-noir\/","title":{"rendered":"Maxi jumbo Chanel cuir agneau noir"},"content":{"rendered":"<p>Sac Maxi Jumbo Chanel vintage en cuir d&#8217;agneau matelass\u00e9 noir. L&#8217;int\u00e9rieur est en cuir bordeaux. Port\u00e9 \u00e0 l&#8217;\u00e9paule ou en bandouli\u00e8re (132cm). En tr\u00e8s bon \u00e9tat. Livr\u00e9 dans son dustbag d&#8217;origine et sa facture.<\/p>\n","protected":false},"excerpt":{"rendered":"<p>Sac Maxi Jumbo Chanel vintage en cuir d&#8217;agneau matelass\u00e9 noir. L&#8217;int\u00e9rieur est en cuir bordeaux. Port\u00e9 \u00e0 l&#8217;\u00e9paule ou en bandouli\u00e8re (132cm). En tr\u00e8s bon \u00e9tat. Livr\u00e9 dans son dustbag d&#8217;origine et sa facture.<\/p>\n","protected":false},"featured_media":3742401,"comment_status":"open","ping_status":"closed","template":"","meta":[],"product_brand":[],"product_cat":[],"product_tag":[],"acf":[],"_links":{"self":[{"href":"https:\/\/streetmarkets.fr\/app\/wp-json\/wp\/v2\/product\/3742400"}],"collection":[{"href":"https:\/\/streetmarkets.fr\/app\/wp-json\/wp\/v2\/product"}],"about":[{"href":"https:\/\/streetmarkets.fr\/app\/wp-json\/wp\/v2\/types\/product"}],"replies":[{"embeddable":true,"href":"https:\/\/streetmarkets.fr\/app\/wp-json\/wp\/v2\/comments?post=3742400"}],"wp:featuredmedia":[{"embeddable":true,"href":"https:\/\/streetmarkets.fr\/app\/wp-json\/wp\/v2\/media\/3742401"}],"wp:attachment":[{"href":"https:\/\/streetmarkets.fr\/app\/wp-json\/wp\/v2\/media?parent=3742400"}],"wp:term":[{"taxonomy":"product_brand","embeddable":true,"href":"https:\/\/streetmarkets.fr\/app\/wp-json\/wp\/v2\/product_brand?post=3742400"},{"taxonomy":"product_cat","embeddable":true,"href":"https:\/\/streetmarkets.fr\/app\/wp-json\/wp\/v2\/product_cat?post=3742400"},{"taxonomy":"product_tag","embeddable":true,"href":"https:\/\/streetmarkets.fr\/app\/wp-json\/wp\/v2\/product_tag?post=3742400"}],"curies":[{"name":"wp","href":"https:\/\/api.w.org\/{rel}","templated":true}]}}