{"id":3742255,"date":"2026-03-08T06:34:15","date_gmt":"2026-03-08T05:34:15","guid":{"rendered":"https:\/\/streetmarkets.fr\/app\/produit\/robe-corail-thierry-mugler-ceinturee\/"},"modified":"2026-05-12T07:33:17","modified_gmt":"2026-05-12T05:33:17","slug":"robe-corail-thierry-mugler-ceinturee","status":"publish","type":"product","link":"https:\/\/streetmarkets.fr\/app\/produit\/robe-corail-thierry-mugler-ceinturee\/","title":{"rendered":"Robe corail Thierry Mugler ceintur\u00e9e"},"content":{"rendered":"<p>Robe portefeuille avec ceinture corail et \u00e9paulettes Thierry Mugler. Poches plaqu\u00e9es \u00e0 soufflets sur la poitrine. Fronces devant et derri\u00e8re. Large ceinture avec boucle m\u00e9tal. En tr\u00e8s bon \u00e9tat.<\/p>\n<p>Dimensions : Hauteur 108cm, largeur \u00e9paules 38cm, longueur manches 51cm, largeur poitrine 55cm, largeur taille 34cm, largeur bas 45cm.<\/p>\n","protected":false},"excerpt":{"rendered":"<p>Robe portefeuille avec ceinture corail et \u00e9paulettes Thierry Mugler. Poches plaqu\u00e9es \u00e0 soufflets sur la poitrine. Fronces devant et derri\u00e8re. Large ceinture avec boucle m\u00e9tal. En tr\u00e8s bon \u00e9tat. Dimensions : Hauteur 108cm, largeur \u00e9paules 38cm, longueur manches 51cm, largeur poitrine 55cm, largeur taille 34cm, largeur bas 45cm.<\/p>\n","protected":false},"featured_media":3742256,"comment_status":"open","ping_status":"closed","template":"","meta":[],"product_brand":[],"product_cat":[],"product_tag":[],"acf":[],"_links":{"self":[{"href":"https:\/\/streetmarkets.fr\/app\/wp-json\/wp\/v2\/product\/3742255"}],"collection":[{"href":"https:\/\/streetmarkets.fr\/app\/wp-json\/wp\/v2\/product"}],"about":[{"href":"https:\/\/streetmarkets.fr\/app\/wp-json\/wp\/v2\/types\/product"}],"replies":[{"embeddable":true,"href":"https:\/\/streetmarkets.fr\/app\/wp-json\/wp\/v2\/comments?post=3742255"}],"wp:featuredmedia":[{"embeddable":true,"href":"https:\/\/streetmarkets.fr\/app\/wp-json\/wp\/v2\/media\/3742256"}],"wp:attachment":[{"href":"https:\/\/streetmarkets.fr\/app\/wp-json\/wp\/v2\/media?parent=3742255"}],"wp:term":[{"taxonomy":"product_brand","embeddable":true,"href":"https:\/\/streetmarkets.fr\/app\/wp-json\/wp\/v2\/product_brand?post=3742255"},{"taxonomy":"product_cat","embeddable":true,"href":"https:\/\/streetmarkets.fr\/app\/wp-json\/wp\/v2\/product_cat?post=3742255"},{"taxonomy":"product_tag","embeddable":true,"href":"https:\/\/streetmarkets.fr\/app\/wp-json\/wp\/v2\/product_tag?post=3742255"}],"curies":[{"name":"wp","href":"https:\/\/api.w.org\/{rel}","templated":true}]}}