{"id":3742126,"date":"2026-03-08T06:34:09","date_gmt":"2026-03-08T05:34:09","guid":{"rendered":"https:\/\/streetmarkets.fr\/app\/produit\/robe-artic-chanel-tweed\/"},"modified":"2026-05-15T07:31:39","modified_gmt":"2026-05-15T05:31:39","slug":"robe-artic-chanel-tweed","status":"publish","type":"product","link":"https:\/\/streetmarkets.fr\/app\/produit\/robe-artic-chanel-tweed\/","title":{"rendered":"Robe artic Chanel tweed"},"content":{"rendered":"<p>Robe Chanel artic tweed. Taille 34. En tr\u00e8s bon \u00e9tat.<\/p>\n<p>Dimensions : Hauteur 90cm, largeur \u00e9paules 34cm, largeur poitrine 40cm, largeur taille 37cm, largeur bas 43cm.<\/p>\n","protected":false},"excerpt":{"rendered":"<p>Robe Chanel artic tweed. Taille 34. En tr\u00e8s bon \u00e9tat. Dimensions : Hauteur 90cm, largeur \u00e9paules 34cm, largeur poitrine 40cm, largeur taille 37cm, largeur bas 43cm.<\/p>\n","protected":false},"featured_media":3742127,"comment_status":"open","ping_status":"closed","template":"","meta":[],"product_brand":[],"product_cat":[],"product_tag":[],"acf":[],"_links":{"self":[{"href":"https:\/\/streetmarkets.fr\/app\/wp-json\/wp\/v2\/product\/3742126"}],"collection":[{"href":"https:\/\/streetmarkets.fr\/app\/wp-json\/wp\/v2\/product"}],"about":[{"href":"https:\/\/streetmarkets.fr\/app\/wp-json\/wp\/v2\/types\/product"}],"replies":[{"embeddable":true,"href":"https:\/\/streetmarkets.fr\/app\/wp-json\/wp\/v2\/comments?post=3742126"}],"wp:featuredmedia":[{"embeddable":true,"href":"https:\/\/streetmarkets.fr\/app\/wp-json\/wp\/v2\/media\/3742127"}],"wp:attachment":[{"href":"https:\/\/streetmarkets.fr\/app\/wp-json\/wp\/v2\/media?parent=3742126"}],"wp:term":[{"taxonomy":"product_brand","embeddable":true,"href":"https:\/\/streetmarkets.fr\/app\/wp-json\/wp\/v2\/product_brand?post=3742126"},{"taxonomy":"product_cat","embeddable":true,"href":"https:\/\/streetmarkets.fr\/app\/wp-json\/wp\/v2\/product_cat?post=3742126"},{"taxonomy":"product_tag","embeddable":true,"href":"https:\/\/streetmarkets.fr\/app\/wp-json\/wp\/v2\/product_tag?post=3742126"}],"curies":[{"name":"wp","href":"https:\/\/api.w.org\/{rel}","templated":true}]}}