{"id":3741866,"date":"2026-03-08T06:33:39","date_gmt":"2026-03-08T05:33:39","guid":{"rendered":"https:\/\/streetmarkets.fr\/app\/produit\/broche-yves-saint-laurent-vintage\/"},"modified":"2026-05-15T07:31:28","modified_gmt":"2026-05-15T05:31:28","slug":"broche-yves-saint-laurent-vintage","status":"publish","type":"product","link":"https:\/\/streetmarkets.fr\/app\/produit\/broche-yves-saint-laurent-vintage\/","title":{"rendered":"Broche Yves Saint Laurent vintage"},"content":{"rendered":"<p>Broche Yves Saint Laurent vintage en m\u00e9tal dor\u00e9. En tr\u00e8s bon \u00e9tat.<\/p>\n","protected":false},"excerpt":{"rendered":"<p>Broche Yves Saint Laurent vintage en m\u00e9tal dor\u00e9. En tr\u00e8s bon \u00e9tat.<\/p>\n","protected":false},"featured_media":3741867,"comment_status":"open","ping_status":"closed","template":"","meta":[],"product_brand":[],"product_cat":[],"product_tag":[],"acf":[],"_links":{"self":[{"href":"https:\/\/streetmarkets.fr\/app\/wp-json\/wp\/v2\/product\/3741866"}],"collection":[{"href":"https:\/\/streetmarkets.fr\/app\/wp-json\/wp\/v2\/product"}],"about":[{"href":"https:\/\/streetmarkets.fr\/app\/wp-json\/wp\/v2\/types\/product"}],"replies":[{"embeddable":true,"href":"https:\/\/streetmarkets.fr\/app\/wp-json\/wp\/v2\/comments?post=3741866"}],"wp:featuredmedia":[{"embeddable":true,"href":"https:\/\/streetmarkets.fr\/app\/wp-json\/wp\/v2\/media\/3741867"}],"wp:attachment":[{"href":"https:\/\/streetmarkets.fr\/app\/wp-json\/wp\/v2\/media?parent=3741866"}],"wp:term":[{"taxonomy":"product_brand","embeddable":true,"href":"https:\/\/streetmarkets.fr\/app\/wp-json\/wp\/v2\/product_brand?post=3741866"},{"taxonomy":"product_cat","embeddable":true,"href":"https:\/\/streetmarkets.fr\/app\/wp-json\/wp\/v2\/product_cat?post=3741866"},{"taxonomy":"product_tag","embeddable":true,"href":"https:\/\/streetmarkets.fr\/app\/wp-json\/wp\/v2\/product_tag?post=3741866"}],"curies":[{"name":"wp","href":"https:\/\/api.w.org\/{rel}","templated":true}]}}