{"id":3741720,"date":"2026-03-08T06:33:31","date_gmt":"2026-03-08T05:33:31","guid":{"rendered":"https:\/\/streetmarkets.fr\/app\/produit\/veste-chanel-tweed-multicolore\/"},"modified":"2026-05-12T07:32:57","modified_gmt":"2026-05-12T05:32:57","slug":"veste-chanel-tweed-multicolore","status":"publish","type":"product","link":"https:\/\/streetmarkets.fr\/app\/produit\/veste-chanel-tweed-multicolore\/","title":{"rendered":"Veste Chanel tweed multicolore"},"content":{"rendered":"<p class=\"p1\"><span class=\"s1\">Tr\u00e8s belle veste Chanel bicolore en tweed, issue de la collection pr\u00eat-\u00e0-porter &#8220;Espace A\u00e9rien&#8221; Automne-Hiver 2017\/2018. Ce mod\u00e8le iconique incarne parfaitement l\u2019inspiration futuriste et spatiale de la collection, avec un tweed \u00e9toil\u00e9 aux nuances de noir, rouge et blanc.<\/span><\/p>\n<p class=\"p1\">La coupe est \u00e9l\u00e9gante et intemporelle, la doublure en soie noire, imprim\u00e9e de cam\u00e9lias, refl\u00e8te subtilement la lumi\u00e8re pour un effet d\u00e9licat. En \u00e9cho aux combinaisons spatiales, le col est rond, les boutons en plexiglas, au design effet loupe, laissent appara\u00eetre le c\u00e9l\u00e8bre logo CC en transparence.<\/p>\n<p class=\"p1\"><span class=\"s1\">Tr\u00e8s belle pi\u00e8ce, rare et recherch\u00e9e.\u00a0\u00a0<\/span><\/p>\n<p class=\"p1\"><span class=\"s1\">Taille 36. Tr\u00e8s bon \u00e9tat.<\/span><\/p>\n<p>Condition : En tr\u00e8s bon \u00e9tat<br \/>\nPays de fabrication : Etiquette coup\u00e9<br \/>\nDimensions : Hauteur 51cm, longueur manches 60cm, largeur \u00e9paules 40cm, largeur poitrine 43cm, largeur taille 41cm, largeur bas 42cm.<\/p>\n<p>&nbsp;<\/p>\n","protected":false},"excerpt":{"rendered":"<p>Tr\u00e8s belle veste Chanel bicolore en tweed, issue de la collection pr\u00eat-\u00e0-porter &#8220;Espace A\u00e9rien&#8221; Automne-Hiver 2017\/2018. Ce mod\u00e8le iconique incarne parfaitement l\u2019inspiration futuriste et spatiale de la collection, avec un tweed \u00e9toil\u00e9 aux nuances de noir, rouge et blanc. La coupe est \u00e9l\u00e9gante et intemporelle, la doublure en soie noire, imprim\u00e9e de cam\u00e9lias, refl\u00e8te subtilement [&hellip;]<\/p>\n","protected":false},"featured_media":3741721,"comment_status":"open","ping_status":"closed","template":"","meta":[],"product_brand":[],"product_cat":[],"product_tag":[],"acf":[],"_links":{"self":[{"href":"https:\/\/streetmarkets.fr\/app\/wp-json\/wp\/v2\/product\/3741720"}],"collection":[{"href":"https:\/\/streetmarkets.fr\/app\/wp-json\/wp\/v2\/product"}],"about":[{"href":"https:\/\/streetmarkets.fr\/app\/wp-json\/wp\/v2\/types\/product"}],"replies":[{"embeddable":true,"href":"https:\/\/streetmarkets.fr\/app\/wp-json\/wp\/v2\/comments?post=3741720"}],"wp:featuredmedia":[{"embeddable":true,"href":"https:\/\/streetmarkets.fr\/app\/wp-json\/wp\/v2\/media\/3741721"}],"wp:attachment":[{"href":"https:\/\/streetmarkets.fr\/app\/wp-json\/wp\/v2\/media?parent=3741720"}],"wp:term":[{"taxonomy":"product_brand","embeddable":true,"href":"https:\/\/streetmarkets.fr\/app\/wp-json\/wp\/v2\/product_brand?post=3741720"},{"taxonomy":"product_cat","embeddable":true,"href":"https:\/\/streetmarkets.fr\/app\/wp-json\/wp\/v2\/product_cat?post=3741720"},{"taxonomy":"product_tag","embeddable":true,"href":"https:\/\/streetmarkets.fr\/app\/wp-json\/wp\/v2\/product_tag?post=3741720"}],"curies":[{"name":"wp","href":"https:\/\/api.w.org\/{rel}","templated":true}]}}