{"id":3730698,"date":"2026-03-07T01:00:32","date_gmt":"2026-03-07T00:00:32","guid":{"rendered":"https:\/\/streetmarkets.fr\/app\/produit\/hermes-scarf-leathers-of-the-desert\/"},"modified":"2026-05-07T01:58:27","modified_gmt":"2026-05-06T23:58:27","slug":"hermes-scarf-leathers-of-the-desert","status":"publish","type":"product","link":"https:\/\/streetmarkets.fr\/app\/produit\/hermes-scarf-leathers-of-the-desert\/","title":{"rendered":"Herm\u00e8s Scarf &#8220;Cuirs Du D\u00e9sert&#8221;"},"content":{"rendered":"<p>Herm\u00e8s Scarf &#8220;Cuirs Du D\u00e9sert&#8221;<\/p>\n<p>Herm\u00e8s Silk Scarf 88&#215;88<\/p>\n<p>VINTAGE CONDITION: <\/p>\n<p>Good condition<\/p>\n<p>MATERIALS: <\/p>\n<p>Silk<\/p>\n<p>COLOR: <\/p>\n<p>Green \/ Blue&nbsp;<\/p>\n<p>SIZE: <\/p>\n<p>88 x 88<\/p>\n<p>PACKAGING: <\/p>\n<p>Original packaging not available<\/p>\n<p>SHIPPING &amp; RETURN POLICY: <\/p>\n<p>Packages are generally dispatched within 2 days after receipt of payment and are shipped worldwide via Colissimo with tracking information.<\/p>\n<p>Please see our Shipping &amp; Returns Terms for important details regarding shipment options and fees.<br \/>\n&nbsp;<\/p>\n<p><\/p>\n","protected":false},"excerpt":{"rendered":"<p>Herm\u00e8s Scarf &#8220;Cuirs Du D\u00e9sert&#8221; Herm\u00e8s Silk Scarf 88&#215;88 VINTAGE CONDITION: Good condition MATERIALS: Silk COLOR: Green \/ Blue&nbsp; SIZE: 88 x 88 PACKAGING: Original packaging not available SHIPPING &amp; RETURN POLICY: Packages are generally dispatched within 2 days after receipt of payment and are shipped worldwide via Colissimo with tracking information. Please see our [&hellip;]<\/p>\n","protected":false},"featured_media":3730699,"comment_status":"open","ping_status":"closed","template":"","meta":[],"product_brand":[],"product_cat":[],"product_tag":[],"acf":[],"_links":{"self":[{"href":"https:\/\/streetmarkets.fr\/app\/wp-json\/wp\/v2\/product\/3730698"}],"collection":[{"href":"https:\/\/streetmarkets.fr\/app\/wp-json\/wp\/v2\/product"}],"about":[{"href":"https:\/\/streetmarkets.fr\/app\/wp-json\/wp\/v2\/types\/product"}],"replies":[{"embeddable":true,"href":"https:\/\/streetmarkets.fr\/app\/wp-json\/wp\/v2\/comments?post=3730698"}],"wp:featuredmedia":[{"embeddable":true,"href":"https:\/\/streetmarkets.fr\/app\/wp-json\/wp\/v2\/media\/3730699"}],"wp:attachment":[{"href":"https:\/\/streetmarkets.fr\/app\/wp-json\/wp\/v2\/media?parent=3730698"}],"wp:term":[{"taxonomy":"product_brand","embeddable":true,"href":"https:\/\/streetmarkets.fr\/app\/wp-json\/wp\/v2\/product_brand?post=3730698"},{"taxonomy":"product_cat","embeddable":true,"href":"https:\/\/streetmarkets.fr\/app\/wp-json\/wp\/v2\/product_cat?post=3730698"},{"taxonomy":"product_tag","embeddable":true,"href":"https:\/\/streetmarkets.fr\/app\/wp-json\/wp\/v2\/product_tag?post=3730698"}],"curies":[{"name":"wp","href":"https:\/\/api.w.org\/{rel}","templated":true}]}}