{"id":3730492,"date":"2026-03-07T00:20:04","date_gmt":"2026-03-06T23:20:04","guid":{"rendered":"https:\/\/streetmarkets.fr\/app\/produit\/trousse-tournelles-xl-printemps-2026\/"},"modified":"2026-05-06T01:18:46","modified_gmt":"2026-05-05T23:18:46","slug":"trousse-tournelles-xl-printemps-2026","status":"publish","type":"product","link":"https:\/\/streetmarkets.fr\/app\/produit\/trousse-tournelles-xl-printemps-2026\/","title":{"rendered":"Trousse Tournelles XL &#8211; Printemps 2026"},"content":{"rendered":"<p><a href=\"\/collections\/rive-droite-paris\" title=\"Collection Rive Droite Paris\"><strong>Collection Rive Droite Paris<\/strong><\/a><\/p>\n<div style=\"text-align: left\">\n<p><span>Tournelles la trousse XL s\u2019habille cette saison d&#8217;un serg\u00e9 de coton recycl\u00e9 et organique et se pare de rayures color\u00e9es.<\/span><\/p>\n<div style=\"text-align: left\">\n <span>Elle est l\u2019accessoire pratique et polyvalent par excellence pour y ranger vos objets du quotidien (chargeurs, maquillage, lingerie\u2026) ou pour voyager et y glisser un maillot de bain. Sa doublure int\u00e9rieure noire, rouge ou verte est confectionn\u00e9e \u00e0 partir de surstock de l&#8217;industrie textile.<\/span>\n<\/div>\n<\/div>\n<ul>\n<li style=\"list-style-type: none\">\n<ul>\n<li>\n<strong>Composition<\/strong><span>\u00a0<\/span>:<span>\u00a0<\/span><span>Canva de coton recycl\u00e9 &#8211; 50% Coton recycl\u00e9 &amp; 50% Coton organique.<\/span>\n<\/li>\n<li>\n<span><strong>Emballage :\u00a0<\/strong><\/span>Ce produit est emball\u00e9 avec soin dans un pochon en coton r\u00e9utilisable avec un lien coulissant.<\/li>\n<li>\n<strong>Doublure<\/strong><span>\u00a0<\/span>: 100% polycoton upcycl\u00e9 issus de fin de stock de tissus de l&#8217;industrie textile &#8211; Noire, Rouge ou Verte.\n<\/li>\n<li>\n<strong>Dimensions<\/strong><span>\u00a0<\/span><span>:<\/span><span> H14 x L20 x P9 cm.<\/span><span><\/span>\n<\/li>\n<li><span><strong>Capacit\u00e9<\/strong> : 1 L.<\/span><\/li>\n<li>\n<strong>Conseils d&#8217;entretien<\/strong><span>\u00a0<\/span><span>: Lavage seul en machine \u00e0 froid, programme fragile.\u00a0<\/span>\n<\/li>\n<\/ul>\n<\/li>\n<\/ul>\n","protected":false},"excerpt":{"rendered":"<p>Collection Rive Droite Paris Tournelles la trousse XL s\u2019habille cette saison d&#8217;un serg\u00e9 de coton recycl\u00e9 et organique et se pare de rayures color\u00e9es. Elle est l\u2019accessoire pratique et polyvalent par excellence pour y ranger vos objets du quotidien (chargeurs, maquillage, lingerie\u2026) ou pour voyager et y glisser un maillot de bain. Sa doublure int\u00e9rieure [&hellip;]<\/p>\n","protected":false},"featured_media":3730493,"comment_status":"open","ping_status":"closed","template":"","meta":[],"product_brand":[],"product_cat":[],"product_tag":[],"acf":[],"_links":{"self":[{"href":"https:\/\/streetmarkets.fr\/app\/wp-json\/wp\/v2\/product\/3730492"}],"collection":[{"href":"https:\/\/streetmarkets.fr\/app\/wp-json\/wp\/v2\/product"}],"about":[{"href":"https:\/\/streetmarkets.fr\/app\/wp-json\/wp\/v2\/types\/product"}],"replies":[{"embeddable":true,"href":"https:\/\/streetmarkets.fr\/app\/wp-json\/wp\/v2\/comments?post=3730492"}],"wp:featuredmedia":[{"embeddable":true,"href":"https:\/\/streetmarkets.fr\/app\/wp-json\/wp\/v2\/media\/3730493"}],"wp:attachment":[{"href":"https:\/\/streetmarkets.fr\/app\/wp-json\/wp\/v2\/media?parent=3730492"}],"wp:term":[{"taxonomy":"product_brand","embeddable":true,"href":"https:\/\/streetmarkets.fr\/app\/wp-json\/wp\/v2\/product_brand?post=3730492"},{"taxonomy":"product_cat","embeddable":true,"href":"https:\/\/streetmarkets.fr\/app\/wp-json\/wp\/v2\/product_cat?post=3730492"},{"taxonomy":"product_tag","embeddable":true,"href":"https:\/\/streetmarkets.fr\/app\/wp-json\/wp\/v2\/product_tag?post=3730492"}],"curies":[{"name":"wp","href":"https:\/\/api.w.org\/{rel}","templated":true}]}}