{"id":3730357,"date":"2026-03-07T00:19:56","date_gmt":"2026-03-06T23:19:56","guid":{"rendered":"https:\/\/streetmarkets.fr\/app\/produit\/carre-bandana-cachemire-flux-anis-lilac\/"},"modified":"2026-05-09T01:18:02","modified_gmt":"2026-05-08T23:18:02","slug":"carre-bandana-cachemire-flux-anis-lilac","status":"publish","type":"product","link":"https:\/\/streetmarkets.fr\/app\/produit\/carre-bandana-cachemire-flux-anis-lilac\/","title":{"rendered":"Carr\u00e9 Bandana Cachemire FLUX &#8211; Anis\/Lilac"},"content":{"rendered":"<p><strong><a href=\"https:\/\/frenchtouche.com\/collections\/de-novembre\" title=\"Collection De Novembre\">Collection De Novembre<\/a><\/strong><\/p>\n<div>FLUX, bandana en cachemire tiss\u00e9-teint. Larges rayures r\u00e9alis\u00e9es en ikat, \u00e0 Srinagar, dans la r\u00e9gion du Kashmir.\u00a0<\/div>\n<div>Finition effrang\u00e9e sur les 4 c\u00f4t\u00e9s. Poids plume.<\/div>\n<div><\/div>\n<p>Coloris Anis &amp; Lilac.<\/p>\n<p>100% Cachemire.<\/p>\n<p>Dimension : 55 x 55 cm<\/p>\n<p><span>Confectionn\u00e9 artisanalement en Inde, dans le respect des valeurs \u00e9thiques, sociales et environnementales de la marque.\u00a0Judith Bourdin, la cr\u00e9atrice, collabore depuis plus de 10 ans avec des artisans et coop\u00e9ratives de la r\u00e9gion du Gujarat et du Cachemire riches de nombreux savoir-faire ancestraux.<\/span><\/p>\n<p>Conseils d&#8217;entretien : lavage \u00e0 la main, ne pas essorer.<\/p>\n","protected":false},"excerpt":{"rendered":"<p>Collection De Novembre FLUX, bandana en cachemire tiss\u00e9-teint. Larges rayures r\u00e9alis\u00e9es en ikat, \u00e0 Srinagar, dans la r\u00e9gion du Kashmir.\u00a0 Finition effrang\u00e9e sur les 4 c\u00f4t\u00e9s. Poids plume. Coloris Anis &amp; Lilac. 100% Cachemire. Dimension : 55 x 55 cm Confectionn\u00e9 artisanalement en Inde, dans le respect des valeurs \u00e9thiques, sociales et environnementales de la [&hellip;]<\/p>\n","protected":false},"featured_media":3730358,"comment_status":"open","ping_status":"closed","template":"","meta":[],"product_brand":[],"product_cat":[],"product_tag":[],"acf":[],"_links":{"self":[{"href":"https:\/\/streetmarkets.fr\/app\/wp-json\/wp\/v2\/product\/3730357"}],"collection":[{"href":"https:\/\/streetmarkets.fr\/app\/wp-json\/wp\/v2\/product"}],"about":[{"href":"https:\/\/streetmarkets.fr\/app\/wp-json\/wp\/v2\/types\/product"}],"replies":[{"embeddable":true,"href":"https:\/\/streetmarkets.fr\/app\/wp-json\/wp\/v2\/comments?post=3730357"}],"wp:featuredmedia":[{"embeddable":true,"href":"https:\/\/streetmarkets.fr\/app\/wp-json\/wp\/v2\/media\/3730358"}],"wp:attachment":[{"href":"https:\/\/streetmarkets.fr\/app\/wp-json\/wp\/v2\/media?parent=3730357"}],"wp:term":[{"taxonomy":"product_brand","embeddable":true,"href":"https:\/\/streetmarkets.fr\/app\/wp-json\/wp\/v2\/product_brand?post=3730357"},{"taxonomy":"product_cat","embeddable":true,"href":"https:\/\/streetmarkets.fr\/app\/wp-json\/wp\/v2\/product_cat?post=3730357"},{"taxonomy":"product_tag","embeddable":true,"href":"https:\/\/streetmarkets.fr\/app\/wp-json\/wp\/v2\/product_tag?post=3730357"}],"curies":[{"name":"wp","href":"https:\/\/api.w.org\/{rel}","templated":true}]}}