{"id":3724429,"date":"2026-03-05T02:34:20","date_gmt":"2026-03-05T01:34:20","guid":{"rendered":"https:\/\/streetmarkets.fr\/app\/produit\/boz-laser-blue\/"},"modified":"2026-04-30T03:34:06","modified_gmt":"2026-04-30T01:34:06","slug":"boz-laser-blue","status":"publish","type":"product","link":"https:\/\/streetmarkets.fr\/app\/produit\/boz-laser-blue\/","title":{"rendered":"BOZ &#8211; Laser blue"},"content":{"rendered":"<p>Plongez dans l&#8217;univers r\u00e9tro-futuriste avec ces lunettes de soleil vintage BOZ , une cr\u00e9ation audacieuse qui capture l&#8217;essence des designs avant-gardistes. <br \/>Cette monture unique combine le m\u00e9tal et l&#8217;ac\u00e9tate, offrant une structure robuste et un confort optimal. Son aspect futuriste intemporel en fait une pi\u00e8ce de collection pris\u00e9e des amateurs de vintage.<br \/>Fabriqu\u00e9es \u00e0 la main dans le Jura, ces lunettes t\u00e9moignent du savoir-faire fran\u00e7ais traditionnel et de l&#8217;attention port\u00e9e \u00e0 chaque d\u00e9tail.<\/p>\n<div id=\"accordion\">\n<div class=\"card\" style=\"border-top: 1px solid #d3d3d3;border-left: none;border-right: none;border-bottom: 1px solid #d3d3d3\">\n<button style=\"color: black;background-color: initial;box-shadow: none;font-size: 20px;text-transform: uppercase;border: none\" class=\"card-header collapsed card-link\" data-toggle=\"collapse\" data-target=\"#collapseOne\"> <b class=\"header-title float-left\" style=\"font-family: Oswald;font-size: 15px;font-style: normal;font-variant: normal;font-weight: 400;line-height: 18.2px;text-align: justify;color: #766456;letter-spacing: 1px\"> Description d\u00e9taill\u00e9e <\/b> <i class=\"fas fa-angle-right float-right\" style=\"position: absolute;right: 10px;color: #766456\"><\/i> <\/button><\/p>\n<div id=\"collapseOne\" class=\"collapse\">\n<div class=\"card-body\">\n<p style=\"margin-bottom: -3px\">\u00a0<\/p>\n<p style=\"margin-bottom: -3px\"><b>Marque : <\/b>BOZ<\/p>\n<p style=\"margin-bottom: -3px\"><b>Ann\u00e9e : <\/b>90<\/p>\n<p style=\"margin-bottom: -3px\"><b>Forme : <\/b>Papillon<\/p>\n<p style=\"margin-bottom: -3px\"><b>Couleur :<\/b> Bleu<\/p>\n<p style=\"margin-bottom: -3px\"><b>Mat\u00e9riaux :<\/b> Ac\u00e9tate<\/p>\n<p style=\"margin-bottom: -3px\"><b>Verres :<\/b> verres cat. 3<\/p>\n<p style=\"margin-bottom: -15px\"><b>Fabrication : <\/b>\u00a0France<\/p>\n<p><\/p>\n<p style=\"margin-bottom: -5px\"><b>Etat : <\/b> Neuf, jamais port\u00e9<\/p>\n<p><\/p>\n<p style=\"margin-bottom: -5px;font-style: italic\">Toutes nos lunettes passent entre les mains de nos opticiens, qui r\u00e9habilitent et ajustent les montures pour un confort optimal.<\/p>\n<\/div>\n<\/div>\n<\/div>\n<div class=\"card\" style=\"border: none;border-bottom: 1px solid #d3d3d3\">\n<button style=\"color: black;background-color: initial;box-shadow: none;font-size: 20px;text-transform: uppercase;border: none\" class=\"card-header collapsed card-link\" data-toggle=\"collapse\" data-target=\"#collapseTwo\"> <b class=\"header-title float-left\" style=\"font-family: Oswald;font-size: 15px;font-style: normal;font-variant: normal;font-weight: 400;line-height: 18.2px;text-align: justify;color: #766456;letter-spacing: 1px\"> Guide des tailles<\/b> <i class=\"fas fa-angle-right float-right\" style=\"position: absolute;right: 10px;color: #766456\"><\/i> <\/button><\/p>\n<div id=\"collapseTwo\" class=\"collapse\">\n<div class=\"card-body\">\n<img decoding=\"async\" src=\"https:\/\/cdn.shopify.com\/s\/files\/1\/0602\/6009\/0089\/files\/mesurerectanglePNG.png?v=1636987570\" border=\"0\"> <\/p>\n<p class=\"guide_des_tailles\"><b>A <\/b>\u00a0&#8211; Face : 160 mm <br \/><b>B <\/b>\u00a0&#8211; Pont\/Nez : 20 mm <br \/><b>C <\/b>\u00a0&#8211; Calibre : 35 mm<\/p>\n<p class=\"guide_des_tailles\">\u00a0<\/p>\n<\/div>\n<\/div>\n<\/div>\n<div class=\"card\" style=\"border: none;border-bottom: 1px solid #d3d3d3\">\n<button style=\"color: black;background-color: initial;box-shadow: none;font-size: 20px;text-transform: uppercase;border: none\" class=\"card-header collapsed card-link\" data-toggle=\"collapse\" data-target=\"#collapseThree\"> <b class=\"header-title float-left\" style=\"font-family: Oswald;font-size: 15px;font-style: normal;font-variant: normal;font-weight: 400;line-height: 18.2px;text-align: justify;color: #766456;letter-spacing: 1px\"> Entretien <\/b> <i class=\"fas fa-angle-right float-right\" style=\"position: absolute;right: 10px;color: #766456\"><\/i> <\/button><\/p>\n<div id=\"collapseThree\" class=\"collapse\">\n<div class=\"card-body\">\n<p class=\"entretiens\">&#8211; Nettoyez vos lunettes avec de l&#8217;eau froide (jamais chaude) et du savon liquide et essuyez les avec une microfibre.<br \/>&#8211; Rangez vos lunettes dans leur \u00e9tui et ne jamais les poser sur les verres.<\/p>\n<p class=\"derniers_entretiens\">&#8211; Ne laissez jamais vos lunettes pr\u00e8s d&#8217;une source de chaleur<\/p>\n<\/div>\n<\/div>\n<\/div>\n<\/div>\n<p style=\"font-style: italic;margin-top: 10px\">Chaque paire est livr\u00e9e dans son \u00e9tui \u00e0 lunettes Seconde Vue<br \/>Seconde Vue est une entreprise certifi\u00e9e B Corp.\u00a0<\/p>\n","protected":false},"excerpt":{"rendered":"<p>Plongez dans l&#8217;univers r\u00e9tro-futuriste avec ces lunettes de soleil vintage BOZ , une cr\u00e9ation audacieuse qui capture l&#8217;essence des designs avant-gardistes. Cette monture unique combine le m\u00e9tal et l&#8217;ac\u00e9tate, offrant une structure robuste et un confort optimal. Son aspect futuriste intemporel en fait une pi\u00e8ce de collection pris\u00e9e des amateurs de vintage.Fabriqu\u00e9es \u00e0 la main [&hellip;]<\/p>\n","protected":false},"featured_media":3724430,"comment_status":"open","ping_status":"closed","template":"","meta":[],"product_brand":[],"product_cat":[],"product_tag":[],"acf":[],"_links":{"self":[{"href":"https:\/\/streetmarkets.fr\/app\/wp-json\/wp\/v2\/product\/3724429"}],"collection":[{"href":"https:\/\/streetmarkets.fr\/app\/wp-json\/wp\/v2\/product"}],"about":[{"href":"https:\/\/streetmarkets.fr\/app\/wp-json\/wp\/v2\/types\/product"}],"replies":[{"embeddable":true,"href":"https:\/\/streetmarkets.fr\/app\/wp-json\/wp\/v2\/comments?post=3724429"}],"wp:featuredmedia":[{"embeddable":true,"href":"https:\/\/streetmarkets.fr\/app\/wp-json\/wp\/v2\/media\/3724430"}],"wp:attachment":[{"href":"https:\/\/streetmarkets.fr\/app\/wp-json\/wp\/v2\/media?parent=3724429"}],"wp:term":[{"taxonomy":"product_brand","embeddable":true,"href":"https:\/\/streetmarkets.fr\/app\/wp-json\/wp\/v2\/product_brand?post=3724429"},{"taxonomy":"product_cat","embeddable":true,"href":"https:\/\/streetmarkets.fr\/app\/wp-json\/wp\/v2\/product_cat?post=3724429"},{"taxonomy":"product_tag","embeddable":true,"href":"https:\/\/streetmarkets.fr\/app\/wp-json\/wp\/v2\/product_tag?post=3724429"}],"curies":[{"name":"wp","href":"https:\/\/api.w.org\/{rel}","templated":true}]}}