{"id":3711762,"date":"2026-03-03T06:37:34","date_gmt":"2026-03-03T05:37:34","guid":{"rendered":"https:\/\/streetmarkets.fr\/app\/produit\/carre-hermes-soie-proues\/"},"modified":"2026-05-08T07:34:03","modified_gmt":"2026-05-08T05:34:03","slug":"carre-hermes-soie-proues","status":"publish","type":"product","link":"https:\/\/streetmarkets.fr\/app\/produit\/carre-hermes-soie-proues\/","title":{"rendered":"Carr\u00e9 Herm\u00e8s soie &#8220;Proues&#8221;"},"content":{"rendered":"<p>Ce carr\u00e9 Herm\u00e8s intitul\u00e9 <em data-start=\"45\" data-end=\"53\">Proues<\/em> est une pi\u00e8ce en soie de format classique (90 x 90 cm), illustr\u00e9e par l\u2019artiste Philippe Ledoux. Confectionn\u00e9 dans une soie twill de haute qualit\u00e9, il se distingue par son motif marin sym\u00e9trique repr\u00e9sentant des proues de navires anciens dans des tons vifs de bleu, rouge, or et blanc. L\u2019inscription <em data-start=\"354\" data-end=\"368\">Herm\u00e8s Paris<\/em> et le nom du mod\u00e8le figurent au centre de la composition. Sa texture fluide, son \u00e9clat subtil et ses bords roulott\u00e9s \u00e0 la main t\u00e9moignent du savoir-faire soyeux embl\u00e9matique de la maison Herm\u00e8s. En tr\u00e8s bon \u00e9tat.<\/p>\n<div class=\"flex max-w-full flex-col grow\">\n<div class=\"min-h-8 text-message relative flex w-full flex-col items-end gap-2 text-start break-words whitespace-normal [.text-message+&amp;]:mt-1\" dir=\"auto\" data-message-author-role=\"assistant\" data-message-id=\"e86f3f21-6213-47ed-a483-a9ee356e4a15\" data-message-model-slug=\"gpt-4o\">\n<div class=\"flex w-full flex-col gap-1 empty:hidden first:pt-[1px]\">\n<div class=\"markdown prose dark:prose-invert w-full break-words light markdown-new-styling\">\n<p data-start=\"565\" data-end=\"1100\"><strong data-start=\"565\" data-end=\"591\">Historique du Mod\u00e8le :<\/strong><br data-start=\"591\" data-end=\"594\" \/>Cr\u00e9\u00e9 par Philippe Ledoux, illustrateur embl\u00e9matique d\u2019Herm\u00e8s \u00e0 partir des ann\u00e9es 1950, le carr\u00e9 <em data-start=\"690\" data-end=\"698\">Proues<\/em> rend hommage \u00e0 l\u2019architecture navale, plus pr\u00e9cis\u00e9ment aux ornements sculpt\u00e9s \u00e0 la proue des galions et vaisseaux royaux des XVIIe et XVIIIe si\u00e8cles. Le th\u00e8me marin est une r\u00e9currence dans l\u2019univers Herm\u00e8s, en lien avec l\u2019h\u00e9ritage du voyage et du monde \u00e9questre. Ce dessin, paru initialement en 1968, a connu plusieurs r\u00e9\u00e9ditions tant il incarne l\u2019esth\u00e9tique classique et sym\u00e9trique ch\u00e8re \u00e0 la maison.<\/p>\n<p data-start=\"1102\" data-end=\"1652\"><strong data-start=\"1102\" data-end=\"1126\">D\u00e9tails :<\/strong><br data-start=\"1126\" data-end=\"1129\" \/>L\u2019ensemble du carr\u00e9 est encadr\u00e9 par une corde dor\u00e9e formant un cercle central et un contour d\u00e9coratif. Chaque coin est orn\u00e9 d\u2019ancres entrecrois\u00e9es, soulignant le th\u00e8me nautique. Les proues stylis\u00e9es, minutieusement dessin\u00e9es, alternent entre tons chauds (rouges et ors) et tons froids (bleus et blancs), cr\u00e9ant un \u00e9quilibre visuel saisissant. Le centre met en valeur un ornement royal dor\u00e9 sur fond marine, domin\u00e9 par une figure de proue dor\u00e9e et une couronne. Les bords sont roulott\u00e9s \u00e0 la main, selon la tradition Herm\u00e8s. Le verso du carr\u00e9 r\u00e9v\u00e8le un envers plus mat avec un l\u00e9ger effet miroir du motif principal. La soie twill tiss\u00e9e pr\u00e9sente une trame fine et r\u00e9guli\u00e8re, garantissant une grande r\u00e9sistance tout en conservant sa l\u00e9g\u00e8ret\u00e9 et son tomb\u00e9 souple. Aucune doublure n\u2019est n\u00e9cessaire, la densit\u00e9 du tissu assurant une parfaite opacit\u00e9 au port\u00e9.<\/p>\n<p data-start=\"2013\" data-end=\"2345\"><strong data-start=\"2013\" data-end=\"2034\">\u00c9tat du Produit :<\/strong><br data-start=\"2034\" data-end=\"2037\" \/>Le carr\u00e9 est en excellent \u00e9tat, sans accroc ni tache visible. Les couleurs sont vives, sans d\u00e9coloration, et le roulott\u00e9 reste bien ferme et uniforme. Aucune trace de pli marqu\u00e9e ni d\u2019usure au niveau des coins n\u2019est \u00e0 signaler, ce qui en fait une pi\u00e8ce particuli\u00e8rement bien conserv\u00e9e pour un mod\u00e8le vintage.<\/p>\n<p data-start=\"2347\" data-end=\"2700\"><strong data-start=\"2347\" data-end=\"2373\">Conseils d\u2019Entretien :<\/strong><br data-start=\"2373\" data-end=\"2376\" \/>Il est recommand\u00e9 de ranger le carr\u00e9 \u00e0 plat ou roul\u00e9 pour \u00e9viter les plis durables. Le nettoyage doit \u00eatre confi\u00e9 \u00e0 un professionnel sp\u00e9cialis\u00e9 dans la soie. En cas de besoin ponctuel, un l\u00e9ger d\u00e9froissage \u00e0 la vapeur peut \u00eatre effectu\u00e9 \u00e0 distance. \u00c9viter l\u2019exposition prolong\u00e9e au soleil, qui pourrait alt\u00e9rer les couleurs.<\/p>\n<p data-start=\"2702\" data-end=\"3135\" data-is-last-node=\"\" data-is-only-node=\"\"><strong data-start=\"2702\" data-end=\"2735\">Pourquoi Choisir ce Produit :<\/strong><br data-start=\"2735\" data-end=\"2738\" \/>Ce carr\u00e9 Herm\u00e8s <em data-start=\"2754\" data-end=\"2762\">Proues<\/em> est une \u0153uvre graphique et patrimoniale, id\u00e9ale pour les amateurs de th\u00e8mes marins, d\u2019histoire navale ou de dessins classiques sign\u00e9s Philippe Ledoux. Polyvalent et intemporel, il peut \u00eatre port\u00e9 ou encadr\u00e9 comme objet de d\u00e9coration. Sa raret\u00e9 et la qualit\u00e9 de sa confection en font une acquisition durable, \u00e0 la fois objet de collection et accessoire d\u2019\u00e9l\u00e9gance discr\u00e8te.<\/p>\n<\/div>\n<\/div>\n<\/div>\n<\/div>\n<div class=\"z-0 flex min-h-[46px] justify-start\"><\/div>\n<div class=\"border-token-border-light my-2 flex gap-10 border-t pt-4\">\n<div class=\"flex items-center justify-center overflow-hidden h-12 w-12 rounded-lg\"><\/div>\n<\/div>\n","protected":false},"excerpt":{"rendered":"<p>Ce carr\u00e9 Herm\u00e8s intitul\u00e9 Proues est une pi\u00e8ce en soie de format classique (90 x 90 cm), illustr\u00e9e par l\u2019artiste Philippe Ledoux. Confectionn\u00e9 dans une soie twill de haute qualit\u00e9, il se distingue par son motif marin sym\u00e9trique repr\u00e9sentant des proues de navires anciens dans des tons vifs de bleu, rouge, or et blanc. L\u2019inscription [&hellip;]<\/p>\n","protected":false},"featured_media":3711763,"comment_status":"open","ping_status":"closed","template":"","meta":[],"product_brand":[],"product_cat":[],"product_tag":[],"acf":[],"_links":{"self":[{"href":"https:\/\/streetmarkets.fr\/app\/wp-json\/wp\/v2\/product\/3711762"}],"collection":[{"href":"https:\/\/streetmarkets.fr\/app\/wp-json\/wp\/v2\/product"}],"about":[{"href":"https:\/\/streetmarkets.fr\/app\/wp-json\/wp\/v2\/types\/product"}],"replies":[{"embeddable":true,"href":"https:\/\/streetmarkets.fr\/app\/wp-json\/wp\/v2\/comments?post=3711762"}],"wp:featuredmedia":[{"embeddable":true,"href":"https:\/\/streetmarkets.fr\/app\/wp-json\/wp\/v2\/media\/3711763"}],"wp:attachment":[{"href":"https:\/\/streetmarkets.fr\/app\/wp-json\/wp\/v2\/media?parent=3711762"}],"wp:term":[{"taxonomy":"product_brand","embeddable":true,"href":"https:\/\/streetmarkets.fr\/app\/wp-json\/wp\/v2\/product_brand?post=3711762"},{"taxonomy":"product_cat","embeddable":true,"href":"https:\/\/streetmarkets.fr\/app\/wp-json\/wp\/v2\/product_cat?post=3711762"},{"taxonomy":"product_tag","embeddable":true,"href":"https:\/\/streetmarkets.fr\/app\/wp-json\/wp\/v2\/product_tag?post=3711762"}],"curies":[{"name":"wp","href":"https:\/\/api.w.org\/{rel}","templated":true}]}}